{"id":101495,"date":"2025-10-10T15:01:48","date_gmt":"2025-10-10T13:01:48","guid":{"rendered":"https:\/\/www.sunset-sunside.com\/?post_type=tribe_events&#038;p=101495"},"modified":"2025-11-28T13:25:14","modified_gmt":"2025-11-28T12:25:14","slug":"tamir-hendelman-trio-hommage-a-oscar-peterson","status":"publish","type":"tribe_events","link":"https:\/\/www.sunset-sunside.com\/concert\/tamir-hendelman-trio-hommage-a-oscar-peterson\/","title":{"rendered":"Tamir Hendelman Trio &#8211; Hommage \u00e0 Oscar Peterson"},"content":{"rendered":"<p>De Barbra Streisand \u00e0 Diana Krall, en passant par Michael Bubl\u00e9 ou Nathalie Cole, le pianiste Tamir Hendelman a accompagn\u00e9 les voix du Jazz les plus en vue, et joue r\u00e9guli\u00e8rement avec, entre autres, le Clayton-Hamilton Jazz Orchestra. Tamir Hendelman revient au Sunside pour un concert exceptionnel o\u00f9 il pr\u00e9sentera un r\u00e9pertoire autour du pianiste Oscar Peterson dont c\u2019est le centi\u00e8me anniversaire cette ann\u00e9e. Il profitera aussi de ce concert pour nous faire d\u00e9couvrir quelques-uns de ses splendides arrangements et compositions issues de ses albums \u00ab\u00a0Playground\u00a0\u00bb et \u00ab\u00a0Destinations\u00a0\u00bb.\u00a0<\/p>\n","protected":false},"excerpt":{"rendered":"<p>De Barbra Streisand \u00e0 Diana Krall, en passant par Michael Bubl\u00e9 ou Nathalie Cole, le pianiste Tamir Hendelman a accompagn\u00e9 les voix du Jazz les plus en vue, et joue [&hellip;]<\/p>\n","protected":false},"author":2,"featured_media":101499,"template":"","meta":{"_acf_changed":false,"_price":"","_stock":"","_tribe_ticket_header":"","_tribe_default_ticket_provider":"Tribe__Tickets_Plus__Commerce__WooCommerce__Main","_tribe_ticket_capacity":"96","_ticket_start_date":"","_ticket_end_date":"","_tribe_ticket_show_description":"","_tribe_ticket_show_not_going":false,"_tribe_ticket_use_global_stock":"1","_tribe_ticket_global_stock_level":"77","_global_stock_mode":"","_global_stock_cap":"","_tribe_rsvp_for_event":"","_tribe_ticket_going_count":"","_tribe_ticket_not_going_count":"","_tribe_tickets_list":"[{\"id\":101496,\"type\":\"default\",\"title\":\"Tarif plein*\",\"description\":\"\",\"capacityType\":\"global\",\"price\":28,\"capacity\":96,\"available\":77,\"sharedCapacity\":96,\"sold\":16,\"shareSold\":16,\"isShared\":true,\"currencyDecimalPoint\":\",\",\"currencyNumberOfDecimals\":2,\"currencyPosition\":\"prefix\",\"currencySymbol\":\"$\",\"currencyThousandsSep\":\"\"},{\"id\":101497,\"type\":\"default\",\"title\":\"Tarif adh\\u00e9rent\",\"description\":\"\",\"capacityType\":\"global\",\"price\":23,\"capacity\":96,\"available\":77,\"sharedCapacity\":96,\"sold\":0,\"shareSold\":0,\"isShared\":true,\"currencyDecimalPoint\":\",\",\"currencyNumberOfDecimals\":2,\"currencyPosition\":\"prefix\",\"currencySymbol\":\"$\",\"currencyThousandsSep\":\"\"},{\"id\":101498,\"type\":\"default\",\"title\":\"Tarif r\\u00e9duit\",\"description\":\"Tarif r\\u00e9serv\\u00e9 aux \\u00e9tudiants de moins de 25 ans, ch\\u00f4meurs et intermittents du spectacle. Pr\\u00e9sentation obligatoire d\\u2019un justificatif \\u00e0 l\\u2019entr\\u00e9e. \\r\\nUn suppl\\u00e9ment vous sera demand\\u00e9 pour non pr\\u00e9sentation de justificatif. \",\"capacityType\":\"global\",\"price\":18,\"capacity\":96,\"available\":77,\"sharedCapacity\":96,\"sold\":3,\"shareSold\":3,\"isShared\":true,\"currencyDecimalPoint\":\",\",\"currencyNumberOfDecimals\":2,\"currencyPosition\":\"prefix\",\"currencySymbol\":\"$\",\"currencyThousandsSep\":\"\"}]","_tribe_ticket_has_attendee_info_fields":false,"_tribe_events_status":"","_tribe_events_status_reason":"","footnotes":"","_tec_slr_enabled":"","_tec_slr_layout":""},"tags":[],"genre":[68],"tribe_events_cat":[213,269,214,215,216],"class_list":["post-101495","tribe_events","type-tribe_events","status-publish","has-post-thumbnail","hentry","genre-jazz-legend","tribe_events_cat-albums-du-mois","tribe_events_cat-coming-soon","tribe_events_cat-coup-de-coeur","tribe_events_cat-decouvertes","tribe_events_cat-evenements","cat_albums-du-mois","cat_coming-soon","cat_coup-de-coeur","cat_decouvertes","cat_evenements"],"acf":[],"yoast_head":"<!-- This site is optimized with the Yoast SEO plugin v25.7 - https:\/\/yoast.com\/wordpress\/plugins\/seo\/ -->\n<title>Tamir Hendelman Trio - Hommage \u00e0 Oscar Peterson - Sunset Sunside<\/title>\n<meta name=\"robots\" content=\"index, follow, max-snippet:-1, max-image-preview:large, max-video-preview:-1\" \/>\n<link rel=\"canonical\" href=\"https:\/\/www.sunset-sunside.com\/concert\/tamir-hendelman-trio-hommage-a-oscar-peterson\/\" \/>\n<meta property=\"og:locale\" content=\"en_GB\" \/>\n<meta property=\"og:type\" content=\"article\" \/>\n<meta property=\"og:title\" content=\"Tamir Hendelman Trio - Hommage \u00e0 Oscar Peterson - Sunset Sunside\" \/>\n<meta property=\"og:description\" content=\"De Barbra Streisand \u00e0 Diana Krall, en passant par Michael Bubl\u00e9 ou Nathalie Cole, le pianiste Tamir Hendelman a accompagn\u00e9 les voix du Jazz les plus en vue, et joue [&hellip;]\" \/>\n<meta property=\"og:url\" content=\"https:\/\/www.sunset-sunside.com\/concert\/tamir-hendelman-trio-hommage-a-oscar-peterson\/\" \/>\n<meta property=\"og:site_name\" content=\"Sunset Sunside\" \/>\n<meta property=\"article:publisher\" content=\"https:\/\/www.facebook.com\/SunsetSunsideJazzClub\/\" \/>\n<meta property=\"article:modified_time\" content=\"2025-11-28T12:25:14+00:00\" \/>\n<meta property=\"og:image\" content=\"https:\/\/www.sunset-sunside.com\/app\/uploads\/2025\/10\/TH-photo-2020.jpeg\" \/>\n\t<meta property=\"og:image:width\" content=\"427\" \/>\n\t<meta property=\"og:image:height\" content=\"640\" \/>\n\t<meta property=\"og:image:type\" content=\"image\/jpeg\" \/>\n<meta name=\"twitter:card\" content=\"summary_large_image\" \/>\n<meta name=\"twitter:site\" content=\"@SunsetSunside\" \/>\n<meta name=\"twitter:label1\" content=\"Est. reading time\" \/>\n\t<meta name=\"twitter:data1\" content=\"1 minute\" \/>\n<script type=\"application\/ld+json\" class=\"yoast-schema-graph\">{\"@context\":\"https:\/\/schema.org\",\"@graph\":[{\"@type\":\"WebPage\",\"@id\":\"https:\/\/www.sunset-sunside.com\/concert\/tamir-hendelman-trio-hommage-a-oscar-peterson\/\",\"url\":\"https:\/\/www.sunset-sunside.com\/concert\/tamir-hendelman-trio-hommage-a-oscar-peterson\/\",\"name\":\"Tamir Hendelman Trio - Hommage \u00e0 Oscar Peterson - Sunset Sunside\",\"isPartOf\":{\"@id\":\"https:\/\/www.sunset-sunside.com\/#website\"},\"primaryImageOfPage\":{\"@id\":\"https:\/\/www.sunset-sunside.com\/concert\/tamir-hendelman-trio-hommage-a-oscar-peterson\/#primaryimage\"},\"image\":{\"@id\":\"https:\/\/www.sunset-sunside.com\/concert\/tamir-hendelman-trio-hommage-a-oscar-peterson\/#primaryimage\"},\"thumbnailUrl\":\"https:\/\/www.sunset-sunside.com\/app\/uploads\/2025\/10\/TH-photo-2020.jpeg\",\"datePublished\":\"2025-10-10T13:01:48+00:00\",\"dateModified\":\"2025-11-28T12:25:14+00:00\",\"breadcrumb\":{\"@id\":\"https:\/\/www.sunset-sunside.com\/concert\/tamir-hendelman-trio-hommage-a-oscar-peterson\/#breadcrumb\"},\"inLanguage\":\"en-GB\",\"potentialAction\":[{\"@type\":\"ReadAction\",\"target\":[\"https:\/\/www.sunset-sunside.com\/concert\/tamir-hendelman-trio-hommage-a-oscar-peterson\/\"]}]},{\"@type\":\"ImageObject\",\"inLanguage\":\"en-GB\",\"@id\":\"https:\/\/www.sunset-sunside.com\/concert\/tamir-hendelman-trio-hommage-a-oscar-peterson\/#primaryimage\",\"url\":\"https:\/\/www.sunset-sunside.com\/app\/uploads\/2025\/10\/TH-photo-2020.jpeg\",\"contentUrl\":\"https:\/\/www.sunset-sunside.com\/app\/uploads\/2025\/10\/TH-photo-2020.jpeg\",\"width\":427,\"height\":640,\"caption\":\"\u00a9 DR\"},{\"@type\":\"BreadcrumbList\",\"@id\":\"https:\/\/www.sunset-sunside.com\/concert\/tamir-hendelman-trio-hommage-a-oscar-peterson\/#breadcrumb\",\"itemListElement\":[{\"@type\":\"ListItem\",\"position\":1,\"name\":\"Accueil\",\"item\":\"https:\/\/www.sunset-sunside.com\/\"},{\"@type\":\"ListItem\",\"position\":2,\"name\":\"\u00c9v\u00e8nements\",\"item\":\"https:\/\/www.sunset-sunside.com\/concerts\/\"},{\"@type\":\"ListItem\",\"position\":3,\"name\":\"Tamir Hendelman Trio &#8211; Hommage \u00e0 Oscar Peterson\"}]},{\"@type\":\"WebSite\",\"@id\":\"https:\/\/www.sunset-sunside.com\/#website\",\"url\":\"https:\/\/www.sunset-sunside.com\/\",\"name\":\"Sunset Sunside\",\"description\":\"\",\"potentialAction\":[{\"@type\":\"SearchAction\",\"target\":{\"@type\":\"EntryPoint\",\"urlTemplate\":\"https:\/\/www.sunset-sunside.com\/?s={search_term_string}\"},\"query-input\":{\"@type\":\"PropertyValueSpecification\",\"valueRequired\":true,\"valueName\":\"search_term_string\"}}],\"inLanguage\":\"en-GB\"}]}<\/script>\n<!-- \/ Yoast SEO plugin. -->","yoast_head_json":{"title":"Tamir Hendelman Trio - Hommage \u00e0 Oscar Peterson - Sunset Sunside","robots":{"index":"index","follow":"follow","max-snippet":"max-snippet:-1","max-image-preview":"max-image-preview:large","max-video-preview":"max-video-preview:-1"},"canonical":"https:\/\/www.sunset-sunside.com\/concert\/tamir-hendelman-trio-hommage-a-oscar-peterson\/","og_locale":"en_GB","og_type":"article","og_title":"Tamir Hendelman Trio - Hommage \u00e0 Oscar Peterson - Sunset Sunside","og_description":"De Barbra Streisand \u00e0 Diana Krall, en passant par Michael Bubl\u00e9 ou Nathalie Cole, le pianiste Tamir Hendelman a accompagn\u00e9 les voix du Jazz les plus en vue, et joue [&hellip;]","og_url":"https:\/\/www.sunset-sunside.com\/concert\/tamir-hendelman-trio-hommage-a-oscar-peterson\/","og_site_name":"Sunset Sunside","article_publisher":"https:\/\/www.facebook.com\/SunsetSunsideJazzClub\/","article_modified_time":"2025-11-28T12:25:14+00:00","og_image":[{"width":427,"height":640,"url":"https:\/\/www.sunset-sunside.com\/app\/uploads\/2025\/10\/TH-photo-2020.jpeg","type":"image\/jpeg"}],"twitter_card":"summary_large_image","twitter_site":"@SunsetSunside","twitter_misc":{"Est. reading time":"1 minute"},"schema":{"@context":"https:\/\/schema.org","@graph":[{"@type":"WebPage","@id":"https:\/\/www.sunset-sunside.com\/concert\/tamir-hendelman-trio-hommage-a-oscar-peterson\/","url":"https:\/\/www.sunset-sunside.com\/concert\/tamir-hendelman-trio-hommage-a-oscar-peterson\/","name":"Tamir Hendelman Trio - Hommage \u00e0 Oscar Peterson - Sunset Sunside","isPartOf":{"@id":"https:\/\/www.sunset-sunside.com\/#website"},"primaryImageOfPage":{"@id":"https:\/\/www.sunset-sunside.com\/concert\/tamir-hendelman-trio-hommage-a-oscar-peterson\/#primaryimage"},"image":{"@id":"https:\/\/www.sunset-sunside.com\/concert\/tamir-hendelman-trio-hommage-a-oscar-peterson\/#primaryimage"},"thumbnailUrl":"https:\/\/www.sunset-sunside.com\/app\/uploads\/2025\/10\/TH-photo-2020.jpeg","datePublished":"2025-10-10T13:01:48+00:00","dateModified":"2025-11-28T12:25:14+00:00","breadcrumb":{"@id":"https:\/\/www.sunset-sunside.com\/concert\/tamir-hendelman-trio-hommage-a-oscar-peterson\/#breadcrumb"},"inLanguage":"en-GB","potentialAction":[{"@type":"ReadAction","target":["https:\/\/www.sunset-sunside.com\/concert\/tamir-hendelman-trio-hommage-a-oscar-peterson\/"]}]},{"@type":"ImageObject","inLanguage":"en-GB","@id":"https:\/\/www.sunset-sunside.com\/concert\/tamir-hendelman-trio-hommage-a-oscar-peterson\/#primaryimage","url":"https:\/\/www.sunset-sunside.com\/app\/uploads\/2025\/10\/TH-photo-2020.jpeg","contentUrl":"https:\/\/www.sunset-sunside.com\/app\/uploads\/2025\/10\/TH-photo-2020.jpeg","width":427,"height":640,"caption":"\u00a9 DR"},{"@type":"BreadcrumbList","@id":"https:\/\/www.sunset-sunside.com\/concert\/tamir-hendelman-trio-hommage-a-oscar-peterson\/#breadcrumb","itemListElement":[{"@type":"ListItem","position":1,"name":"Accueil","item":"https:\/\/www.sunset-sunside.com\/"},{"@type":"ListItem","position":2,"name":"\u00c9v\u00e8nements","item":"https:\/\/www.sunset-sunside.com\/concerts\/"},{"@type":"ListItem","position":3,"name":"Tamir Hendelman Trio &#8211; Hommage \u00e0 Oscar Peterson"}]},{"@type":"WebSite","@id":"https:\/\/www.sunset-sunside.com\/#website","url":"https:\/\/www.sunset-sunside.com\/","name":"Sunset Sunside","description":"","potentialAction":[{"@type":"SearchAction","target":{"@type":"EntryPoint","urlTemplate":"https:\/\/www.sunset-sunside.com\/?s={search_term_string}"},"query-input":{"@type":"PropertyValueSpecification","valueRequired":true,"valueName":"search_term_string"}}],"inLanguage":"en-GB"}]}},"publishpress_future_action":{"enabled":false,"date":"2026-04-12 17:25:45","action":"change-status","newStatus":"draft","terms":[],"taxonomy":"post_tag","extraData":[]},"publishpress_future_workflow_manual_trigger":{"enabledWorkflows":[]},"ticketed":["woo"],"_links":{"self":[{"href":"https:\/\/www.sunset-sunside.com\/wp-json\/wp\/v2\/tribe_events\/101495","targetHints":{"allow":["GET"]}}],"collection":[{"href":"https:\/\/www.sunset-sunside.com\/wp-json\/wp\/v2\/tribe_events"}],"about":[{"href":"https:\/\/www.sunset-sunside.com\/wp-json\/wp\/v2\/types\/tribe_events"}],"author":[{"embeddable":true,"href":"https:\/\/www.sunset-sunside.com\/wp-json\/wp\/v2\/users\/2"}],"version-history":[{"count":1,"href":"https:\/\/www.sunset-sunside.com\/wp-json\/wp\/v2\/tribe_events\/101495\/revisions"}],"predecessor-version":[{"id":101503,"href":"https:\/\/www.sunset-sunside.com\/wp-json\/wp\/v2\/tribe_events\/101495\/revisions\/101503"}],"wp:featuredmedia":[{"embeddable":true,"href":"https:\/\/www.sunset-sunside.com\/wp-json\/wp\/v2\/media\/101499"}],"wp:attachment":[{"href":"https:\/\/www.sunset-sunside.com\/wp-json\/wp\/v2\/media?parent=101495"}],"wp:term":[{"taxonomy":"post_tag","embeddable":true,"href":"https:\/\/www.sunset-sunside.com\/wp-json\/wp\/v2\/tags?post=101495"},{"taxonomy":"genre","embeddable":true,"href":"https:\/\/www.sunset-sunside.com\/wp-json\/wp\/v2\/genre?post=101495"},{"taxonomy":"tribe_events_cat","embeddable":true,"href":"https:\/\/www.sunset-sunside.com\/wp-json\/wp\/v2\/tribe_events_cat?post=101495"}],"curies":[{"name":"wp","href":"https:\/\/api.w.org\/{rel}","templated":true}]}}

Tamir Hendelman Trio &#8211; Hommage à Oscar Peterson

<p>De Barbra Streisand à Diana Krall, en passant par Michael Bublé ou Nathalie Cole, le pianiste Tamir Hendelman a accompagné les voix du Jazz les plus en vue, et joue régulièrement avec, entre autres, le Clayton-Hamilton Jazz Orchestra. Tamir Hendelman revient au Sunside pour un concert exceptionnel où il présentera un répertoire autour du pianiste Oscar Peterson dont c’est le centième anniversaire cette année. Il profitera aussi de ce concert pour nous faire découvrir quelques-uns de ses splendides arrangements et compositions issues de ses albums « Playground » et « Destinations ». </p>

<p>De Barbra Streisand à Diana Krall, en passant par Michael Bublé ou Nathalie Cole, le pianiste Tamir Hendelman a accompagné les voix du Jazz les plus en vue, et joue [&hellip;]</p>

<!-- This site is optimized with the Yoast SEO plugin v25.7 - https://yoast.com/wordpress/plugins/seo/ -->
<title>Tamir Hendelman Trio - Hommage à Oscar Peterson - Sunset Sunside</title>
<meta name="robots" content="index, follow, max-snippet:-1, max-image-preview:large, max-video-preview:-1" />
<link rel="canonical" href="https://www.sunset-sunside.com/concert/tamir-hendelman-trio-hommage-a-oscar-peterson/" />
<meta property="og:locale" content="en_GB" />
<meta property="og:type" content="article" />
<meta property="og:title" content="Tamir Hendelman Trio - Hommage à Oscar Peterson - Sunset Sunside" />
<meta property="og:description" content="De Barbra Streisand à Diana Krall, en passant par Michael Bublé ou Nathalie Cole, le pianiste Tamir Hendelman a accompagné les voix du Jazz les plus en vue, et joue [&hellip;]" />
<meta property="og:url" content="https://www.sunset-sunside.com/concert/tamir-hendelman-trio-hommage-a-oscar-peterson/" />
<meta property="og:site_name" content="Sunset Sunside" />
<meta property="article:publisher" content="https://www.facebook.com/SunsetSunsideJazzClub/" />
<meta property="article:modified_time" content="2025-11-28T12:25:14+00:00" />
<meta property="og:image" content="https://www.sunset-sunside.com/app/uploads/2025/10/TH-photo-2020.jpeg" />
	<meta property="og:image:width" content="427" />
	<meta property="og:image:height" content="640" />
	<meta property="og:image:type" content="image/jpeg" />
<meta name="twitter:card" content="summary_large_image" />
<meta name="twitter:site" content="@SunsetSunside" />
<meta name="twitter:label1" content="Est. reading time" />
	<meta name="twitter:data1" content="1 minute" />
<script type="application/ld+json" class="yoast-schema-graph">{"@context":"https://schema.org","@graph":[{"@type":"WebPage","@id":"https://www.sunset-sunside.com/concert/tamir-hendelman-trio-hommage-a-oscar-peterson/","url":"https://www.sunset-sunside.com/concert/tamir-hendelman-trio-hommage-a-oscar-peterson/","name":"Tamir Hendelman Trio - Hommage à Oscar Peterson - Sunset Sunside","isPartOf":{"@id":"https://www.sunset-sunside.com/#website"},"primaryImageOfPage":{"@id":"https://www.sunset-sunside.com/concert/tamir-hendelman-trio-hommage-a-oscar-peterson/#primaryimage"},"image":{"@id":"https://www.sunset-sunside.com/concert/tamir-hendelman-trio-hommage-a-oscar-peterson/#primaryimage"},"thumbnailUrl":"https://www.sunset-sunside.com/app/uploads/2025/10/TH-photo-2020.jpeg","datePublished":"2025-10-10T13:01:48+00:00","dateModified":"2025-11-28T12:25:14+00:00","breadcrumb":{"@id":"https://www.sunset-sunside.com/concert/tamir-hendelman-trio-hommage-a-oscar-peterson/#breadcrumb"},"inLanguage":"en-GB","potentialAction":[{"@type":"ReadAction","target":["https://www.sunset-sunside.com/concert/tamir-hendelman-trio-hommage-a-oscar-peterson/"]}]},{"@type":"ImageObject","inLanguage":"en-GB","@id":"https://www.sunset-sunside.com/concert/tamir-hendelman-trio-hommage-a-oscar-peterson/#primaryimage","url":"https://www.sunset-sunside.com/app/uploads/2025/10/TH-photo-2020.jpeg","contentUrl":"https://www.sunset-sunside.com/app/uploads/2025/10/TH-photo-2020.jpeg","width":427,"height":640,"caption":"© DR"},{"@type":"BreadcrumbList","@id":"https://www.sunset-sunside.com/concert/tamir-hendelman-trio-hommage-a-oscar-peterson/#breadcrumb","itemListElement":[{"@type":"ListItem","position":1,"name":"Accueil","item":"https://www.sunset-sunside.com/"},{"@type":"ListItem","position":2,"name":"Évènements","item":"https://www.sunset-sunside.com/concerts/"},{"@type":"ListItem","position":3,"name":"Tamir Hendelman Trio &#8211; Hommage à Oscar Peterson"}]},{"@type":"WebSite","@id":"https://www.sunset-sunside.com/#website","url":"https://www.sunset-sunside.com/","name":"Sunset Sunside","description":"","potentialAction":[{"@type":"SearchAction","target":{"@type":"EntryPoint","urlTemplate":"https://www.sunset-sunside.com/?s={search_term_string}"},"query-input":{"@type":"PropertyValueSpecification","valueRequired":true,"valueName":"search_term_string"}}],"inLanguage":"en-GB"}]}</script>
<!-- / Yoast SEO plugin. -->

Tamir Hendelman Trio - Hommage à Oscar Peterson - Sunset Sunside

De Barbra Streisand à Diana Krall, en passant par Michael Bublé ou Nathalie Cole, le pianiste Tamir Hendelman a accompagné les voix du Jazz les plus en vue, et joue [&hellip;]

Évènements
