{"id":102534,"date":"2025-10-15T13:33:42","date_gmt":"2025-10-15T11:33:42","guid":{"rendered":"https:\/\/www.sunset-sunside.com\/?post_type=tribe_events&#038;p=102534"},"modified":"2025-12-04T18:37:37","modified_gmt":"2025-12-04T17:37:37","slug":"yumiko-yamashita-medium-ensemble","status":"publish","type":"tribe_events","link":"https:\/\/www.sunset-sunside.com\/concert\/yumiko-yamashita-medium-ensemble\/","title":{"rendered":"Yumiko Yamashita Medium Ensemble"},"content":{"rendered":"<p>\u00c0 l\u2019occasion de la sortie de son premier album Le Quotidien, la clarinettiste et compositrice japonaise pr\u00e9sente son projet.\u00a0<\/p>\n<p>&nbsp;<\/p>\n<p>\nEntre \u00e9criture ma\u00eetris\u00e9e et improvisations, l\u2019ensemble propose une musique exigeante, subtile et intens\u00e9ment vivante.<\/p>\n","protected":false},"excerpt":{"rendered":"<p>\u00c0 l\u2019occasion de la sortie de son premier album Le Quotidien, la clarinettiste et compositrice japonaise pr\u00e9sente son projet.\u00a0 &nbsp; Entre \u00e9criture ma\u00eetris\u00e9e et improvisations, l\u2019ensemble propose une musique exigeante, [&hellip;]<\/p>\n","protected":false},"author":2,"featured_media":102539,"template":"","meta":{"_acf_changed":false,"_price":"","_stock":"","_tribe_ticket_header":"","_tribe_default_ticket_provider":"Tribe__Tickets_Plus__Commerce__WooCommerce__Main","_tribe_ticket_capacity":"83","_ticket_start_date":"","_ticket_end_date":"","_tribe_ticket_show_description":"","_tribe_ticket_show_not_going":false,"_tribe_ticket_use_global_stock":"1","_tribe_ticket_global_stock_level":"22","_global_stock_mode":"","_global_stock_cap":"","_tribe_rsvp_for_event":"","_tribe_ticket_going_count":"","_tribe_ticket_not_going_count":"","_tribe_tickets_list":"[{\"id\":102535,\"type\":\"default\",\"title\":\"Tarif adh\\u00e9rent\",\"description\":\"\",\"capacityType\":\"global\",\"price\":20,\"capacity\":83,\"available\":22,\"sharedCapacity\":83,\"sold\":1,\"shareSold\":1,\"isShared\":true,\"currencyDecimalPoint\":\",\",\"currencyNumberOfDecimals\":2,\"currencyPosition\":\"prefix\",\"currencySymbol\":\"$\",\"currencyThousandsSep\":\"\"},{\"id\":102536,\"type\":\"default\",\"title\":\"Tarif plein*\",\"description\":\"\",\"capacityType\":\"global\",\"price\":25,\"capacity\":83,\"available\":22,\"sharedCapacity\":83,\"sold\":44,\"shareSold\":44,\"isShared\":true,\"currencyDecimalPoint\":\",\",\"currencyNumberOfDecimals\":2,\"currencyPosition\":\"prefix\",\"currencySymbol\":\"$\",\"currencyThousandsSep\":\"\"},{\"id\":102537,\"type\":\"default\",\"title\":\"Tarif r\\u00e9duit\",\"description\":\"Tarif r\\u00e9serv\\u00e9 aux \\u00e9tudiants de moins de 25 ans, ch\\u00f4meurs et intermittents du spectacle. Pr\\u00e9sentation obligatoire d\\u2019un justificatif \\u00e0 l\\u2019entr\\u00e9e. \\r\\nUn suppl\\u00e9ment vous sera demand\\u00e9 pour non pr\\u00e9sentation de justificatif. \",\"capacityType\":\"global\",\"price\":15,\"capacity\":83,\"available\":22,\"sharedCapacity\":83,\"sold\":6,\"shareSold\":6,\"isShared\":true,\"currencyDecimalPoint\":\",\",\"currencyNumberOfDecimals\":2,\"currencyPosition\":\"prefix\",\"currencySymbol\":\"$\",\"currencyThousandsSep\":\"\"}]","_tribe_ticket_has_attendee_info_fields":false,"_tribe_events_status":"","_tribe_events_status_reason":"","footnotes":"","_tec_slr_enabled":"","_tec_slr_layout":""},"tags":[],"genre":[258],"tribe_events_cat":[213,214,215,216],"class_list":["post-102534","tribe_events","type-tribe_events","status-publish","has-post-thumbnail","hentry","genre-jazz-actuel","tribe_events_cat-albums-du-mois","tribe_events_cat-coup-de-coeur","tribe_events_cat-decouvertes","tribe_events_cat-evenements","cat_albums-du-mois","cat_coup-de-coeur","cat_decouvertes","cat_evenements"],"acf":[],"yoast_head":"<!-- This site is optimized with the Yoast SEO plugin v25.7 - https:\/\/yoast.com\/wordpress\/plugins\/seo\/ -->\n<title>Yumiko Yamashita Medium Ensemble - Sunset Sunside<\/title>\n<meta name=\"robots\" content=\"index, follow, max-snippet:-1, max-image-preview:large, max-video-preview:-1\" \/>\n<link rel=\"canonical\" href=\"https:\/\/www.sunset-sunside.com\/concert\/yumiko-yamashita-medium-ensemble\/\" \/>\n<meta property=\"og:locale\" content=\"fr_FR\" \/>\n<meta property=\"og:type\" content=\"article\" \/>\n<meta property=\"og:title\" content=\"Yumiko Yamashita Medium Ensemble - Sunset Sunside\" \/>\n<meta property=\"og:description\" content=\"\u00c0 l\u2019occasion de la sortie de son premier album Le Quotidien, la clarinettiste et compositrice japonaise pr\u00e9sente son projet.\u00a0 &nbsp; Entre \u00e9criture ma\u00eetris\u00e9e et improvisations, l\u2019ensemble propose une musique exigeante, [&hellip;]\" \/>\n<meta property=\"og:url\" content=\"https:\/\/www.sunset-sunside.com\/concert\/yumiko-yamashita-medium-ensemble\/\" \/>\n<meta property=\"og:site_name\" content=\"Sunset Sunside\" \/>\n<meta property=\"article:publisher\" content=\"https:\/\/www.facebook.com\/SunsetSunsideJazzClub\/\" \/>\n<meta property=\"article:modified_time\" content=\"2025-12-04T17:37:37+00:00\" \/>\n<meta property=\"og:image\" content=\"https:\/\/www.sunset-sunside.com\/app\/uploads\/2025\/10\/Capture-decran-2025-10-15-a-13.28.32-e1760527847701.jpg\" \/>\n\t<meta property=\"og:image:width\" content=\"922\" \/>\n\t<meta property=\"og:image:height\" content=\"845\" \/>\n\t<meta property=\"og:image:type\" content=\"image\/jpeg\" \/>\n<meta name=\"twitter:card\" content=\"summary_large_image\" \/>\n<meta name=\"twitter:site\" content=\"@SunsetSunside\" \/>\n<meta name=\"twitter:label1\" content=\"Dur\u00e9e de lecture estim\u00e9e\" \/>\n\t<meta name=\"twitter:data1\" content=\"1 minute\" \/>\n<script type=\"application\/ld+json\" class=\"yoast-schema-graph\">{\"@context\":\"https:\/\/schema.org\",\"@graph\":[{\"@type\":\"WebPage\",\"@id\":\"https:\/\/www.sunset-sunside.com\/concert\/yumiko-yamashita-medium-ensemble\/\",\"url\":\"https:\/\/www.sunset-sunside.com\/concert\/yumiko-yamashita-medium-ensemble\/\",\"name\":\"Yumiko Yamashita Medium Ensemble - Sunset Sunside\",\"isPartOf\":{\"@id\":\"https:\/\/www.sunset-sunside.com\/#website\"},\"primaryImageOfPage\":{\"@id\":\"https:\/\/www.sunset-sunside.com\/concert\/yumiko-yamashita-medium-ensemble\/#primaryimage\"},\"image\":{\"@id\":\"https:\/\/www.sunset-sunside.com\/concert\/yumiko-yamashita-medium-ensemble\/#primaryimage\"},\"thumbnailUrl\":\"https:\/\/www.sunset-sunside.com\/app\/uploads\/2025\/10\/Capture-decran-2025-10-15-a-13.28.32-e1760527847701.jpg\",\"datePublished\":\"2025-10-15T11:33:42+00:00\",\"dateModified\":\"2025-12-04T17:37:37+00:00\",\"breadcrumb\":{\"@id\":\"https:\/\/www.sunset-sunside.com\/concert\/yumiko-yamashita-medium-ensemble\/#breadcrumb\"},\"inLanguage\":\"fr-FR\",\"potentialAction\":[{\"@type\":\"ReadAction\",\"target\":[\"https:\/\/www.sunset-sunside.com\/concert\/yumiko-yamashita-medium-ensemble\/\"]}]},{\"@type\":\"ImageObject\",\"inLanguage\":\"fr-FR\",\"@id\":\"https:\/\/www.sunset-sunside.com\/concert\/yumiko-yamashita-medium-ensemble\/#primaryimage\",\"url\":\"https:\/\/www.sunset-sunside.com\/app\/uploads\/2025\/10\/Capture-decran-2025-10-15-a-13.28.32-e1760527847701.jpg\",\"contentUrl\":\"https:\/\/www.sunset-sunside.com\/app\/uploads\/2025\/10\/Capture-decran-2025-10-15-a-13.28.32-e1760527847701.jpg\",\"width\":922,\"height\":845,\"caption\":\"\u00a9 DR\"},{\"@type\":\"BreadcrumbList\",\"@id\":\"https:\/\/www.sunset-sunside.com\/concert\/yumiko-yamashita-medium-ensemble\/#breadcrumb\",\"itemListElement\":[{\"@type\":\"ListItem\",\"position\":1,\"name\":\"Accueil\",\"item\":\"https:\/\/www.sunset-sunside.com\/\"},{\"@type\":\"ListItem\",\"position\":2,\"name\":\"\u00c9v\u00e8nements\",\"item\":\"https:\/\/www.sunset-sunside.com\/concerts\/\"},{\"@type\":\"ListItem\",\"position\":3,\"name\":\"Yumiko Yamashita Medium Ensemble\"}]},{\"@type\":\"WebSite\",\"@id\":\"https:\/\/www.sunset-sunside.com\/#website\",\"url\":\"https:\/\/www.sunset-sunside.com\/\",\"name\":\"Sunset Sunside\",\"description\":\"\",\"potentialAction\":[{\"@type\":\"SearchAction\",\"target\":{\"@type\":\"EntryPoint\",\"urlTemplate\":\"https:\/\/www.sunset-sunside.com\/?s={search_term_string}\"},\"query-input\":{\"@type\":\"PropertyValueSpecification\",\"valueRequired\":true,\"valueName\":\"search_term_string\"}}],\"inLanguage\":\"fr-FR\"}]}<\/script>\n<!-- \/ Yoast SEO plugin. -->","yoast_head_json":{"title":"Yumiko Yamashita Medium Ensemble - Sunset Sunside","robots":{"index":"index","follow":"follow","max-snippet":"max-snippet:-1","max-image-preview":"max-image-preview:large","max-video-preview":"max-video-preview:-1"},"canonical":"https:\/\/www.sunset-sunside.com\/concert\/yumiko-yamashita-medium-ensemble\/","og_locale":"fr_FR","og_type":"article","og_title":"Yumiko Yamashita Medium Ensemble - Sunset Sunside","og_description":"\u00c0 l\u2019occasion de la sortie de son premier album Le Quotidien, la clarinettiste et compositrice japonaise pr\u00e9sente son projet.\u00a0 &nbsp; Entre \u00e9criture ma\u00eetris\u00e9e et improvisations, l\u2019ensemble propose une musique exigeante, [&hellip;]","og_url":"https:\/\/www.sunset-sunside.com\/concert\/yumiko-yamashita-medium-ensemble\/","og_site_name":"Sunset Sunside","article_publisher":"https:\/\/www.facebook.com\/SunsetSunsideJazzClub\/","article_modified_time":"2025-12-04T17:37:37+00:00","og_image":[{"width":922,"height":845,"url":"https:\/\/www.sunset-sunside.com\/app\/uploads\/2025\/10\/Capture-decran-2025-10-15-a-13.28.32-e1760527847701.jpg","type":"image\/jpeg"}],"twitter_card":"summary_large_image","twitter_site":"@SunsetSunside","twitter_misc":{"Dur\u00e9e de lecture estim\u00e9e":"1 minute"},"schema":{"@context":"https:\/\/schema.org","@graph":[{"@type":"WebPage","@id":"https:\/\/www.sunset-sunside.com\/concert\/yumiko-yamashita-medium-ensemble\/","url":"https:\/\/www.sunset-sunside.com\/concert\/yumiko-yamashita-medium-ensemble\/","name":"Yumiko Yamashita Medium Ensemble - Sunset Sunside","isPartOf":{"@id":"https:\/\/www.sunset-sunside.com\/#website"},"primaryImageOfPage":{"@id":"https:\/\/www.sunset-sunside.com\/concert\/yumiko-yamashita-medium-ensemble\/#primaryimage"},"image":{"@id":"https:\/\/www.sunset-sunside.com\/concert\/yumiko-yamashita-medium-ensemble\/#primaryimage"},"thumbnailUrl":"https:\/\/www.sunset-sunside.com\/app\/uploads\/2025\/10\/Capture-decran-2025-10-15-a-13.28.32-e1760527847701.jpg","datePublished":"2025-10-15T11:33:42+00:00","dateModified":"2025-12-04T17:37:37+00:00","breadcrumb":{"@id":"https:\/\/www.sunset-sunside.com\/concert\/yumiko-yamashita-medium-ensemble\/#breadcrumb"},"inLanguage":"fr-FR","potentialAction":[{"@type":"ReadAction","target":["https:\/\/www.sunset-sunside.com\/concert\/yumiko-yamashita-medium-ensemble\/"]}]},{"@type":"ImageObject","inLanguage":"fr-FR","@id":"https:\/\/www.sunset-sunside.com\/concert\/yumiko-yamashita-medium-ensemble\/#primaryimage","url":"https:\/\/www.sunset-sunside.com\/app\/uploads\/2025\/10\/Capture-decran-2025-10-15-a-13.28.32-e1760527847701.jpg","contentUrl":"https:\/\/www.sunset-sunside.com\/app\/uploads\/2025\/10\/Capture-decran-2025-10-15-a-13.28.32-e1760527847701.jpg","width":922,"height":845,"caption":"\u00a9 DR"},{"@type":"BreadcrumbList","@id":"https:\/\/www.sunset-sunside.com\/concert\/yumiko-yamashita-medium-ensemble\/#breadcrumb","itemListElement":[{"@type":"ListItem","position":1,"name":"Accueil","item":"https:\/\/www.sunset-sunside.com\/"},{"@type":"ListItem","position":2,"name":"\u00c9v\u00e8nements","item":"https:\/\/www.sunset-sunside.com\/concerts\/"},{"@type":"ListItem","position":3,"name":"Yumiko Yamashita Medium Ensemble"}]},{"@type":"WebSite","@id":"https:\/\/www.sunset-sunside.com\/#website","url":"https:\/\/www.sunset-sunside.com\/","name":"Sunset Sunside","description":"","potentialAction":[{"@type":"SearchAction","target":{"@type":"EntryPoint","urlTemplate":"https:\/\/www.sunset-sunside.com\/?s={search_term_string}"},"query-input":{"@type":"PropertyValueSpecification","valueRequired":true,"valueName":"search_term_string"}}],"inLanguage":"fr-FR"}]}},"publishpress_future_action":{"enabled":false,"date":"2026-04-12 17:24:17","action":"change-status","newStatus":"draft","terms":[],"taxonomy":"post_tag","extraData":[]},"publishpress_future_workflow_manual_trigger":{"enabledWorkflows":[]},"ticketed":["woo"],"_links":{"self":[{"href":"https:\/\/www.sunset-sunside.com\/wp-json\/wp\/v2\/tribe_events\/102534","targetHints":{"allow":["GET"]}}],"collection":[{"href":"https:\/\/www.sunset-sunside.com\/wp-json\/wp\/v2\/tribe_events"}],"about":[{"href":"https:\/\/www.sunset-sunside.com\/wp-json\/wp\/v2\/types\/tribe_events"}],"author":[{"embeddable":true,"href":"https:\/\/www.sunset-sunside.com\/wp-json\/wp\/v2\/users\/2"}],"version-history":[{"count":3,"href":"https:\/\/www.sunset-sunside.com\/wp-json\/wp\/v2\/tribe_events\/102534\/revisions"}],"predecessor-version":[{"id":112193,"href":"https:\/\/www.sunset-sunside.com\/wp-json\/wp\/v2\/tribe_events\/102534\/revisions\/112193"}],"wp:featuredmedia":[{"embeddable":true,"href":"https:\/\/www.sunset-sunside.com\/wp-json\/wp\/v2\/media\/102539"}],"wp:attachment":[{"href":"https:\/\/www.sunset-sunside.com\/wp-json\/wp\/v2\/media?parent=102534"}],"wp:term":[{"taxonomy":"post_tag","embeddable":true,"href":"https:\/\/www.sunset-sunside.com\/wp-json\/wp\/v2\/tags?post=102534"},{"taxonomy":"genre","embeddable":true,"href":"https:\/\/www.sunset-sunside.com\/wp-json\/wp\/v2\/genre?post=102534"},{"taxonomy":"tribe_events_cat","embeddable":true,"href":"https:\/\/www.sunset-sunside.com\/wp-json\/wp\/v2\/tribe_events_cat?post=102534"}],"curies":[{"name":"wp","href":"https:\/\/api.w.org\/{rel}","templated":true}]}}

<p>À l’occasion de la sortie de son premier album Le Quotidien, la clarinettiste et compositrice japonaise présente son projet. </p>
<p>&nbsp;</p>
<p>
Entre écriture maîtrisée et improvisations, l’ensemble propose une musique exigeante, subtile et intensément vivante.</p>

<p>À l’occasion de la sortie de son premier album Le Quotidien, la clarinettiste et compositrice japonaise présente son projet.  &nbsp; Entre écriture maîtrisée et improvisations, l’ensemble propose une musique exigeante, [&hellip;]</p>

<!-- This site is optimized with the Yoast SEO plugin v25.7 - https://yoast.com/wordpress/plugins/seo/ -->
<title>Yumiko Yamashita Medium Ensemble - Sunset Sunside</title>
<meta name="robots" content="index, follow, max-snippet:-1, max-image-preview:large, max-video-preview:-1" />
<link rel="canonical" href="https://www.sunset-sunside.com/concert/yumiko-yamashita-medium-ensemble/" />
<meta property="og:locale" content="fr_FR" />
<meta property="og:type" content="article" />
<meta property="og:title" content="Yumiko Yamashita Medium Ensemble - Sunset Sunside" />
<meta property="og:description" content="À l’occasion de la sortie de son premier album Le Quotidien, la clarinettiste et compositrice japonaise présente son projet.  &nbsp; Entre écriture maîtrisée et improvisations, l’ensemble propose une musique exigeante, [&hellip;]" />
<meta property="og:url" content="https://www.sunset-sunside.com/concert/yumiko-yamashita-medium-ensemble/" />
<meta property="og:site_name" content="Sunset Sunside" />
<meta property="article:publisher" content="https://www.facebook.com/SunsetSunsideJazzClub/" />
<meta property="article:modified_time" content="2025-12-04T17:37:37+00:00" />
<meta property="og:image" content="https://www.sunset-sunside.com/app/uploads/2025/10/Capture-decran-2025-10-15-a-13.28.32-e1760527847701.jpg" />
	<meta property="og:image:width" content="922" />
	<meta property="og:image:height" content="845" />
	<meta property="og:image:type" content="image/jpeg" />
<meta name="twitter:card" content="summary_large_image" />
<meta name="twitter:site" content="@SunsetSunside" />
<meta name="twitter:label1" content="Durée de lecture estimée" />
	<meta name="twitter:data1" content="1 minute" />
<script type="application/ld+json" class="yoast-schema-graph">{"@context":"https://schema.org","@graph":[{"@type":"WebPage","@id":"https://www.sunset-sunside.com/concert/yumiko-yamashita-medium-ensemble/","url":"https://www.sunset-sunside.com/concert/yumiko-yamashita-medium-ensemble/","name":"Yumiko Yamashita Medium Ensemble - Sunset Sunside","isPartOf":{"@id":"https://www.sunset-sunside.com/#website"},"primaryImageOfPage":{"@id":"https://www.sunset-sunside.com/concert/yumiko-yamashita-medium-ensemble/#primaryimage"},"image":{"@id":"https://www.sunset-sunside.com/concert/yumiko-yamashita-medium-ensemble/#primaryimage"},"thumbnailUrl":"https://www.sunset-sunside.com/app/uploads/2025/10/Capture-decran-2025-10-15-a-13.28.32-e1760527847701.jpg","datePublished":"2025-10-15T11:33:42+00:00","dateModified":"2025-12-04T17:37:37+00:00","breadcrumb":{"@id":"https://www.sunset-sunside.com/concert/yumiko-yamashita-medium-ensemble/#breadcrumb"},"inLanguage":"fr-FR","potentialAction":[{"@type":"ReadAction","target":["https://www.sunset-sunside.com/concert/yumiko-yamashita-medium-ensemble/"]}]},{"@type":"ImageObject","inLanguage":"fr-FR","@id":"https://www.sunset-sunside.com/concert/yumiko-yamashita-medium-ensemble/#primaryimage","url":"https://www.sunset-sunside.com/app/uploads/2025/10/Capture-decran-2025-10-15-a-13.28.32-e1760527847701.jpg","contentUrl":"https://www.sunset-sunside.com/app/uploads/2025/10/Capture-decran-2025-10-15-a-13.28.32-e1760527847701.jpg","width":922,"height":845,"caption":"© DR"},{"@type":"BreadcrumbList","@id":"https://www.sunset-sunside.com/concert/yumiko-yamashita-medium-ensemble/#breadcrumb","itemListElement":[{"@type":"ListItem","position":1,"name":"Accueil","item":"https://www.sunset-sunside.com/"},{"@type":"ListItem","position":2,"name":"Évènements","item":"https://www.sunset-sunside.com/concerts/"},{"@type":"ListItem","position":3,"name":"Yumiko Yamashita Medium Ensemble"}]},{"@type":"WebSite","@id":"https://www.sunset-sunside.com/#website","url":"https://www.sunset-sunside.com/","name":"Sunset Sunside","description":"","potentialAction":[{"@type":"SearchAction","target":{"@type":"EntryPoint","urlTemplate":"https://www.sunset-sunside.com/?s={search_term_string}"},"query-input":{"@type":"PropertyValueSpecification","valueRequired":true,"valueName":"search_term_string"}}],"inLanguage":"fr-FR"}]}</script>
<!-- / Yoast SEO plugin. -->

À l’occasion de la sortie de son premier album Le Quotidien, la clarinettiste et compositrice japonaise présente son projet.  &nbsp; Entre écriture maîtrisée et improvisations, l’ensemble propose une musique exigeante, [&hellip;]

Évènements
