{"id":106047,"date":"2025-10-28T15:12:00","date_gmt":"2025-10-28T14:12:00","guid":{"rendered":"https:\/\/www.sunset-sunside.com\/?post_type=tribe_events&#038;p=106047"},"modified":"2026-01-05T13:38:46","modified_gmt":"2026-01-05T12:38:46","slug":"pablo-murgier-pazdera-trio","status":"publish","type":"tribe_events","link":"https:\/\/www.sunset-sunside.com\/concert\/pablo-murgier-pazdera-trio\/","title":{"rendered":"Pablo Murgier Pazdera Trio"},"content":{"rendered":"<p>Pablo Murgier Pazdera est pianiste et compositeur argentin install\u00e9 en France. Avec son quartet, son trio ou en solo, il a donn\u00e9 de nombreux concerts \u00e0 travers le monde, dans des salles prestigieuses telles que le CCK \u00e0 Buenos Aires, la Philharmonie de Paris, la Philharmonie de Munich et Gdansk, le Nikkei Hall \u00e0 Tokyo, la Salle Gaveau, la Halle aux Grains de Toulouse et Radio France, ainsi que dans des salles de jazz renomm\u00e9es comme le Fasching \u00e0 Stockholm, le Cosmopolite \u00e0 Oslo, le Caf\u00e9 de la Danse ou le Bebop Club \u00e0 Buenos Aires.<\/p>\n<p>&nbsp;<\/p>\n<p>En 2023, il joue avec l\u2019Orchestre National du Capitole de Toulouse et interpr\u00e8te le Concerto n\u00b0 23 de Mozart avec l\u2019Orchestre symphonique d\u2019Avallon. En 2024, il cr\u00e9e sa premi\u00e8re symphonie, Solastalgie. Il accompagne \u00e9galement l\u2019\u00e9crivaine et metteuse en sc\u00e8ne Alice Zeniter dans des lectures musicales.\u00a0Ses derniers travaux discographiques, Gare du Sud (2022) et Les Brouillards (2023), illustrent cette d\u00e9marche.<\/p>\n<p>&nbsp;<\/p>\n<p>Son album solo, Sirocco, sortira en janvier 2026.<\/p>\n","protected":false},"excerpt":{"rendered":"<p>Pablo Murgier Pazdera est pianiste et compositeur argentin install\u00e9 en France. Avec son quartet, son trio ou en solo, il a donn\u00e9 de nombreux concerts \u00e0 travers le monde, dans [&hellip;]<\/p>\n","protected":false},"author":2,"featured_media":106050,"template":"","meta":{"_acf_changed":false,"_price":"","_stock":"","_tribe_ticket_header":"","_tribe_default_ticket_provider":"Tribe__Tickets_Plus__Commerce__WooCommerce__Main","_tribe_ticket_capacity":"93","_ticket_start_date":"","_ticket_end_date":"","_tribe_ticket_show_description":"","_tribe_ticket_show_not_going":false,"_tribe_ticket_use_global_stock":"1","_tribe_ticket_global_stock_level":"71","_global_stock_mode":"","_global_stock_cap":"","_tribe_rsvp_for_event":"","_tribe_ticket_going_count":"","_tribe_ticket_not_going_count":"","_tribe_tickets_list":"[{\"id\":106048,\"type\":\"default\",\"title\":\"Tarif adh\\u00e9rent\",\"description\":\"\",\"capacityType\":\"capped\",\"price\":20,\"capacity\":93,\"available\":71,\"sharedCapacity\":93,\"sold\":0,\"shareSold\":0,\"isShared\":true,\"currencyDecimalPoint\":\",\",\"currencyNumberOfDecimals\":2,\"currencyPosition\":\"prefix\",\"currencySymbol\":\"$\",\"currencyThousandsSep\":\"\"},{\"id\":106049,\"type\":\"default\",\"title\":\"Tarif plein*\",\"description\":\"\",\"capacityType\":\"capped\",\"price\":25,\"capacity\":93,\"available\":71,\"sharedCapacity\":93,\"sold\":22,\"shareSold\":22,\"isShared\":true,\"currencyDecimalPoint\":\",\",\"currencyNumberOfDecimals\":2,\"currencyPosition\":\"prefix\",\"currencySymbol\":\"$\",\"currencyThousandsSep\":\"\"}]","_tribe_ticket_has_attendee_info_fields":false,"_tribe_events_status":"","_tribe_events_status_reason":"","footnotes":"","_tec_slr_enabled":"","_tec_slr_layout":""},"tags":[],"genre":[258],"tribe_events_cat":[213,269,214,215,216],"class_list":["post-106047","tribe_events","type-tribe_events","status-publish","has-post-thumbnail","hentry","genre-jazz-actuel","tribe_events_cat-albums-du-mois","tribe_events_cat-coming-soon","tribe_events_cat-coup-de-coeur","tribe_events_cat-decouvertes","tribe_events_cat-evenements","cat_albums-du-mois","cat_coming-soon","cat_coup-de-coeur","cat_decouvertes","cat_evenements"],"acf":[],"yoast_head":"<!-- This site is optimized with the Yoast SEO plugin v25.7 - https:\/\/yoast.com\/wordpress\/plugins\/seo\/ -->\n<title>Pablo Murgier Pazdera Trio - Sunset Sunside<\/title>\n<meta name=\"robots\" content=\"index, follow, max-snippet:-1, max-image-preview:large, max-video-preview:-1\" \/>\n<link rel=\"canonical\" href=\"https:\/\/www.sunset-sunside.com\/concert\/pablo-murgier-pazdera-trio\/\" \/>\n<meta property=\"og:locale\" content=\"en_GB\" \/>\n<meta property=\"og:type\" content=\"article\" \/>\n<meta property=\"og:title\" content=\"Pablo Murgier Pazdera Trio - Sunset Sunside\" \/>\n<meta property=\"og:description\" content=\"Pablo Murgier Pazdera est pianiste et compositeur argentin install\u00e9 en France. Avec son quartet, son trio ou en solo, il a donn\u00e9 de nombreux concerts \u00e0 travers le monde, dans [&hellip;]\" \/>\n<meta property=\"og:url\" content=\"https:\/\/www.sunset-sunside.com\/concert\/pablo-murgier-pazdera-trio\/\" \/>\n<meta property=\"og:site_name\" content=\"Sunset Sunside\" \/>\n<meta property=\"article:publisher\" content=\"https:\/\/www.facebook.com\/SunsetSunsideJazzClub\/\" \/>\n<meta property=\"article:modified_time\" content=\"2026-01-05T12:38:46+00:00\" \/>\n<meta property=\"og:image\" content=\"https:\/\/www.sunset-sunside.com\/app\/uploads\/2025\/10\/443696893_912414757563954_4482273685843522813_n.jpg\" \/>\n\t<meta property=\"og:image:width\" content=\"1367\" \/>\n\t<meta property=\"og:image:height\" content=\"2048\" \/>\n\t<meta property=\"og:image:type\" content=\"image\/jpeg\" \/>\n<meta name=\"twitter:card\" content=\"summary_large_image\" \/>\n<meta name=\"twitter:site\" content=\"@SunsetSunside\" \/>\n<meta name=\"twitter:label1\" content=\"Est. reading time\" \/>\n\t<meta name=\"twitter:data1\" content=\"2 minutes\" \/>\n<script type=\"application\/ld+json\" class=\"yoast-schema-graph\">{\"@context\":\"https:\/\/schema.org\",\"@graph\":[{\"@type\":\"WebPage\",\"@id\":\"https:\/\/www.sunset-sunside.com\/concert\/pablo-murgier-pazdera-trio\/\",\"url\":\"https:\/\/www.sunset-sunside.com\/concert\/pablo-murgier-pazdera-trio\/\",\"name\":\"Pablo Murgier Pazdera Trio - Sunset Sunside\",\"isPartOf\":{\"@id\":\"https:\/\/www.sunset-sunside.com\/#website\"},\"primaryImageOfPage\":{\"@id\":\"https:\/\/www.sunset-sunside.com\/concert\/pablo-murgier-pazdera-trio\/#primaryimage\"},\"image\":{\"@id\":\"https:\/\/www.sunset-sunside.com\/concert\/pablo-murgier-pazdera-trio\/#primaryimage\"},\"thumbnailUrl\":\"https:\/\/www.sunset-sunside.com\/app\/uploads\/2025\/10\/443696893_912414757563954_4482273685843522813_n.jpg\",\"datePublished\":\"2025-10-28T14:12:00+00:00\",\"dateModified\":\"2026-01-05T12:38:46+00:00\",\"breadcrumb\":{\"@id\":\"https:\/\/www.sunset-sunside.com\/concert\/pablo-murgier-pazdera-trio\/#breadcrumb\"},\"inLanguage\":\"en-GB\",\"potentialAction\":[{\"@type\":\"ReadAction\",\"target\":[\"https:\/\/www.sunset-sunside.com\/concert\/pablo-murgier-pazdera-trio\/\"]}]},{\"@type\":\"ImageObject\",\"inLanguage\":\"en-GB\",\"@id\":\"https:\/\/www.sunset-sunside.com\/concert\/pablo-murgier-pazdera-trio\/#primaryimage\",\"url\":\"https:\/\/www.sunset-sunside.com\/app\/uploads\/2025\/10\/443696893_912414757563954_4482273685843522813_n.jpg\",\"contentUrl\":\"https:\/\/www.sunset-sunside.com\/app\/uploads\/2025\/10\/443696893_912414757563954_4482273685843522813_n.jpg\",\"width\":1367,\"height\":2048,\"caption\":\"\u00a9 DR\"},{\"@type\":\"BreadcrumbList\",\"@id\":\"https:\/\/www.sunset-sunside.com\/concert\/pablo-murgier-pazdera-trio\/#breadcrumb\",\"itemListElement\":[{\"@type\":\"ListItem\",\"position\":1,\"name\":\"Accueil\",\"item\":\"https:\/\/www.sunset-sunside.com\/\"},{\"@type\":\"ListItem\",\"position\":2,\"name\":\"\u00c9v\u00e8nements\",\"item\":\"https:\/\/www.sunset-sunside.com\/concerts\/\"},{\"@type\":\"ListItem\",\"position\":3,\"name\":\"Pablo Murgier Pazdera Trio\"}]},{\"@type\":\"WebSite\",\"@id\":\"https:\/\/www.sunset-sunside.com\/#website\",\"url\":\"https:\/\/www.sunset-sunside.com\/\",\"name\":\"Sunset Sunside\",\"description\":\"\",\"potentialAction\":[{\"@type\":\"SearchAction\",\"target\":{\"@type\":\"EntryPoint\",\"urlTemplate\":\"https:\/\/www.sunset-sunside.com\/?s={search_term_string}\"},\"query-input\":{\"@type\":\"PropertyValueSpecification\",\"valueRequired\":true,\"valueName\":\"search_term_string\"}}],\"inLanguage\":\"en-GB\"}]}<\/script>\n<!-- \/ Yoast SEO plugin. -->","yoast_head_json":{"title":"Pablo Murgier Pazdera Trio - Sunset Sunside","robots":{"index":"index","follow":"follow","max-snippet":"max-snippet:-1","max-image-preview":"max-image-preview:large","max-video-preview":"max-video-preview:-1"},"canonical":"https:\/\/www.sunset-sunside.com\/concert\/pablo-murgier-pazdera-trio\/","og_locale":"en_GB","og_type":"article","og_title":"Pablo Murgier Pazdera Trio - Sunset Sunside","og_description":"Pablo Murgier Pazdera est pianiste et compositeur argentin install\u00e9 en France. Avec son quartet, son trio ou en solo, il a donn\u00e9 de nombreux concerts \u00e0 travers le monde, dans [&hellip;]","og_url":"https:\/\/www.sunset-sunside.com\/concert\/pablo-murgier-pazdera-trio\/","og_site_name":"Sunset Sunside","article_publisher":"https:\/\/www.facebook.com\/SunsetSunsideJazzClub\/","article_modified_time":"2026-01-05T12:38:46+00:00","og_image":[{"width":1367,"height":2048,"url":"https:\/\/www.sunset-sunside.com\/app\/uploads\/2025\/10\/443696893_912414757563954_4482273685843522813_n.jpg","type":"image\/jpeg"}],"twitter_card":"summary_large_image","twitter_site":"@SunsetSunside","twitter_misc":{"Est. reading time":"2 minutes"},"schema":{"@context":"https:\/\/schema.org","@graph":[{"@type":"WebPage","@id":"https:\/\/www.sunset-sunside.com\/concert\/pablo-murgier-pazdera-trio\/","url":"https:\/\/www.sunset-sunside.com\/concert\/pablo-murgier-pazdera-trio\/","name":"Pablo Murgier Pazdera Trio - Sunset Sunside","isPartOf":{"@id":"https:\/\/www.sunset-sunside.com\/#website"},"primaryImageOfPage":{"@id":"https:\/\/www.sunset-sunside.com\/concert\/pablo-murgier-pazdera-trio\/#primaryimage"},"image":{"@id":"https:\/\/www.sunset-sunside.com\/concert\/pablo-murgier-pazdera-trio\/#primaryimage"},"thumbnailUrl":"https:\/\/www.sunset-sunside.com\/app\/uploads\/2025\/10\/443696893_912414757563954_4482273685843522813_n.jpg","datePublished":"2025-10-28T14:12:00+00:00","dateModified":"2026-01-05T12:38:46+00:00","breadcrumb":{"@id":"https:\/\/www.sunset-sunside.com\/concert\/pablo-murgier-pazdera-trio\/#breadcrumb"},"inLanguage":"en-GB","potentialAction":[{"@type":"ReadAction","target":["https:\/\/www.sunset-sunside.com\/concert\/pablo-murgier-pazdera-trio\/"]}]},{"@type":"ImageObject","inLanguage":"en-GB","@id":"https:\/\/www.sunset-sunside.com\/concert\/pablo-murgier-pazdera-trio\/#primaryimage","url":"https:\/\/www.sunset-sunside.com\/app\/uploads\/2025\/10\/443696893_912414757563954_4482273685843522813_n.jpg","contentUrl":"https:\/\/www.sunset-sunside.com\/app\/uploads\/2025\/10\/443696893_912414757563954_4482273685843522813_n.jpg","width":1367,"height":2048,"caption":"\u00a9 DR"},{"@type":"BreadcrumbList","@id":"https:\/\/www.sunset-sunside.com\/concert\/pablo-murgier-pazdera-trio\/#breadcrumb","itemListElement":[{"@type":"ListItem","position":1,"name":"Accueil","item":"https:\/\/www.sunset-sunside.com\/"},{"@type":"ListItem","position":2,"name":"\u00c9v\u00e8nements","item":"https:\/\/www.sunset-sunside.com\/concerts\/"},{"@type":"ListItem","position":3,"name":"Pablo Murgier Pazdera Trio"}]},{"@type":"WebSite","@id":"https:\/\/www.sunset-sunside.com\/#website","url":"https:\/\/www.sunset-sunside.com\/","name":"Sunset Sunside","description":"","potentialAction":[{"@type":"SearchAction","target":{"@type":"EntryPoint","urlTemplate":"https:\/\/www.sunset-sunside.com\/?s={search_term_string}"},"query-input":{"@type":"PropertyValueSpecification","valueRequired":true,"valueName":"search_term_string"}}],"inLanguage":"en-GB"}]}},"publishpress_future_action":{"enabled":false,"date":"2026-04-12 15:24:57","action":"change-status","newStatus":"draft","terms":[],"taxonomy":"post_tag","extraData":[]},"publishpress_future_workflow_manual_trigger":{"enabledWorkflows":[]},"ticketed":["woo"],"_links":{"self":[{"href":"https:\/\/www.sunset-sunside.com\/wp-json\/wp\/v2\/tribe_events\/106047","targetHints":{"allow":["GET"]}}],"collection":[{"href":"https:\/\/www.sunset-sunside.com\/wp-json\/wp\/v2\/tribe_events"}],"about":[{"href":"https:\/\/www.sunset-sunside.com\/wp-json\/wp\/v2\/types\/tribe_events"}],"author":[{"embeddable":true,"href":"https:\/\/www.sunset-sunside.com\/wp-json\/wp\/v2\/users\/2"}],"version-history":[{"count":1,"href":"https:\/\/www.sunset-sunside.com\/wp-json\/wp\/v2\/tribe_events\/106047\/revisions"}],"predecessor-version":[{"id":106051,"href":"https:\/\/www.sunset-sunside.com\/wp-json\/wp\/v2\/tribe_events\/106047\/revisions\/106051"}],"wp:featuredmedia":[{"embeddable":true,"href":"https:\/\/www.sunset-sunside.com\/wp-json\/wp\/v2\/media\/106050"}],"wp:attachment":[{"href":"https:\/\/www.sunset-sunside.com\/wp-json\/wp\/v2\/media?parent=106047"}],"wp:term":[{"taxonomy":"post_tag","embeddable":true,"href":"https:\/\/www.sunset-sunside.com\/wp-json\/wp\/v2\/tags?post=106047"},{"taxonomy":"genre","embeddable":true,"href":"https:\/\/www.sunset-sunside.com\/wp-json\/wp\/v2\/genre?post=106047"},{"taxonomy":"tribe_events_cat","embeddable":true,"href":"https:\/\/www.sunset-sunside.com\/wp-json\/wp\/v2\/tribe_events_cat?post=106047"}],"curies":[{"name":"wp","href":"https:\/\/api.w.org\/{rel}","templated":true}]}}

<p>Pablo Murgier Pazdera est pianiste et compositeur argentin installé en France. Avec son quartet, son trio ou en solo, il a donné de nombreux concerts à travers le monde, dans des salles prestigieuses telles que le CCK à Buenos Aires, la Philharmonie de Paris, la Philharmonie de Munich et Gdansk, le Nikkei Hall à Tokyo, la Salle Gaveau, la Halle aux Grains de Toulouse et Radio France, ainsi que dans des salles de jazz renommées comme le Fasching à Stockholm, le Cosmopolite à Oslo, le Café de la Danse ou le Bebop Club à Buenos Aires.</p>
<p>&nbsp;</p>
<p>En 2023, il joue avec l’Orchestre National du Capitole de Toulouse et interprète le Concerto n° 23 de Mozart avec l’Orchestre symphonique d’Avallon. En 2024, il crée sa première symphonie, Solastalgie. Il accompagne également l’écrivaine et metteuse en scène Alice Zeniter dans des lectures musicales. Ses derniers travaux discographiques, Gare du Sud (2022) et Les Brouillards (2023), illustrent cette démarche.</p>
<p>&nbsp;</p>
<p>Son album solo, Sirocco, sortira en janvier 2026.</p>

<p>Pablo Murgier Pazdera est pianiste et compositeur argentin installé en France. Avec son quartet, son trio ou en solo, il a donné de nombreux concerts à travers le monde, dans [&hellip;]</p>

<!-- This site is optimized with the Yoast SEO plugin v25.7 - https://yoast.com/wordpress/plugins/seo/ -->
<title>Pablo Murgier Pazdera Trio - Sunset Sunside</title>
<meta name="robots" content="index, follow, max-snippet:-1, max-image-preview:large, max-video-preview:-1" />
<link rel="canonical" href="https://www.sunset-sunside.com/concert/pablo-murgier-pazdera-trio/" />
<meta property="og:locale" content="en_GB" />
<meta property="og:type" content="article" />
<meta property="og:title" content="Pablo Murgier Pazdera Trio - Sunset Sunside" />
<meta property="og:description" content="Pablo Murgier Pazdera est pianiste et compositeur argentin installé en France. Avec son quartet, son trio ou en solo, il a donné de nombreux concerts à travers le monde, dans [&hellip;]" />
<meta property="og:url" content="https://www.sunset-sunside.com/concert/pablo-murgier-pazdera-trio/" />
<meta property="og:site_name" content="Sunset Sunside" />
<meta property="article:publisher" content="https://www.facebook.com/SunsetSunsideJazzClub/" />
<meta property="article:modified_time" content="2026-01-05T12:38:46+00:00" />
<meta property="og:image" content="https://www.sunset-sunside.com/app/uploads/2025/10/443696893_912414757563954_4482273685843522813_n.jpg" />
	<meta property="og:image:width" content="1367" />
	<meta property="og:image:height" content="2048" />
	<meta property="og:image:type" content="image/jpeg" />
<meta name="twitter:card" content="summary_large_image" />
<meta name="twitter:site" content="@SunsetSunside" />
<meta name="twitter:label1" content="Est. reading time" />
	<meta name="twitter:data1" content="2 minutes" />
<script type="application/ld+json" class="yoast-schema-graph">{"@context":"https://schema.org","@graph":[{"@type":"WebPage","@id":"https://www.sunset-sunside.com/concert/pablo-murgier-pazdera-trio/","url":"https://www.sunset-sunside.com/concert/pablo-murgier-pazdera-trio/","name":"Pablo Murgier Pazdera Trio - Sunset Sunside","isPartOf":{"@id":"https://www.sunset-sunside.com/#website"},"primaryImageOfPage":{"@id":"https://www.sunset-sunside.com/concert/pablo-murgier-pazdera-trio/#primaryimage"},"image":{"@id":"https://www.sunset-sunside.com/concert/pablo-murgier-pazdera-trio/#primaryimage"},"thumbnailUrl":"https://www.sunset-sunside.com/app/uploads/2025/10/443696893_912414757563954_4482273685843522813_n.jpg","datePublished":"2025-10-28T14:12:00+00:00","dateModified":"2026-01-05T12:38:46+00:00","breadcrumb":{"@id":"https://www.sunset-sunside.com/concert/pablo-murgier-pazdera-trio/#breadcrumb"},"inLanguage":"en-GB","potentialAction":[{"@type":"ReadAction","target":["https://www.sunset-sunside.com/concert/pablo-murgier-pazdera-trio/"]}]},{"@type":"ImageObject","inLanguage":"en-GB","@id":"https://www.sunset-sunside.com/concert/pablo-murgier-pazdera-trio/#primaryimage","url":"https://www.sunset-sunside.com/app/uploads/2025/10/443696893_912414757563954_4482273685843522813_n.jpg","contentUrl":"https://www.sunset-sunside.com/app/uploads/2025/10/443696893_912414757563954_4482273685843522813_n.jpg","width":1367,"height":2048,"caption":"© DR"},{"@type":"BreadcrumbList","@id":"https://www.sunset-sunside.com/concert/pablo-murgier-pazdera-trio/#breadcrumb","itemListElement":[{"@type":"ListItem","position":1,"name":"Accueil","item":"https://www.sunset-sunside.com/"},{"@type":"ListItem","position":2,"name":"Évènements","item":"https://www.sunset-sunside.com/concerts/"},{"@type":"ListItem","position":3,"name":"Pablo Murgier Pazdera Trio"}]},{"@type":"WebSite","@id":"https://www.sunset-sunside.com/#website","url":"https://www.sunset-sunside.com/","name":"Sunset Sunside","description":"","potentialAction":[{"@type":"SearchAction","target":{"@type":"EntryPoint","urlTemplate":"https://www.sunset-sunside.com/?s={search_term_string}"},"query-input":{"@type":"PropertyValueSpecification","valueRequired":true,"valueName":"search_term_string"}}],"inLanguage":"en-GB"}]}</script>
<!-- / Yoast SEO plugin. -->

Pablo Murgier Pazdera est pianiste et compositeur argentin installé en France. Avec son quartet, son trio ou en solo, il a donné de nombreux concerts à travers le monde, dans [&hellip;]

Évènements
