{"id":111557,"date":"2025-11-18T17:44:28","date_gmt":"2025-11-18T16:44:28","guid":{"rendered":"https:\/\/www.sunset-sunside.com\/?post_type=tribe_events&#038;p=111557"},"modified":"2025-12-15T16:02:46","modified_gmt":"2025-12-15T15:02:46","slug":"florian-marques-quartet","status":"publish","type":"tribe_events","link":"https:\/\/www.sunset-sunside.com\/concert\/florian-marques-quartet\/","title":{"rendered":"Florian Marques Quartet"},"content":{"rendered":"<p>Apr\u00e8s un premier album \u00ab\u00a0A Deep Color\u00a0\u00bb sorti en 2022, le quartet PEAKS men\u00e9 par le saxophoniste Florian Marques vient pr\u00e9senter ce soir son deuxi\u00e8me opus \u00ab\u00a0Invitations\u00a0\u00bb !<\/p>\n<p>&nbsp;<\/p>\n<p>Fruit de rencontres artistiques et humaines, ce nouvel album est con\u00e7u tel un dialogue entre PEAKS et des musiciens invit\u00e9s aux personnalit\u00e9s artistiques singuli\u00e8res (Bojan Z, Olivier Laisney, Fidel Fourneyron et Roman Reidid).<\/p>\n<p>Faisant la part belle \u00e0 la m\u00e9lodie et l\u2019improvisation, la musique de PEAKS vous fera voyager depuis les collines de Twin Peaks jusqu\u2019\u00e0 Belleville tout en passant par les Hautes Vall\u00e9es b\u00e9arnaises des Pyr\u00e9n\u00e9es.<\/p>\n","protected":false},"excerpt":{"rendered":"<p>Apr\u00e8s un premier album \u00ab\u00a0A Deep Color\u00a0\u00bb sorti en 2022, le quartet PEAKS men\u00e9 par le saxophoniste Florian Marques vient pr\u00e9senter ce soir son deuxi\u00e8me opus \u00ab\u00a0Invitations\u00a0\u00bb ! &nbsp; Fruit [&hellip;]<\/p>\n","protected":false},"author":2,"featured_media":111561,"template":"","meta":{"_acf_changed":false,"_price":"","_stock":"","_tribe_ticket_header":"","_tribe_default_ticket_provider":"Tribe__Tickets_Plus__Commerce__WooCommerce__Main","_tribe_ticket_capacity":"96","_ticket_start_date":"","_ticket_end_date":"","_tribe_ticket_show_description":"","_tribe_ticket_show_not_going":false,"_tribe_ticket_use_global_stock":"1","_tribe_ticket_global_stock_level":"91","_global_stock_mode":"","_global_stock_cap":"","_tribe_rsvp_for_event":"","_tribe_ticket_going_count":"","_tribe_ticket_not_going_count":"","_tribe_tickets_list":"[{\"id\":111558,\"type\":\"default\",\"title\":\"Tarif plein*\",\"description\":\"\",\"capacityType\":\"global\",\"price\":25,\"capacity\":96,\"available\":91,\"sharedCapacity\":96,\"sold\":5,\"shareSold\":5,\"isShared\":true,\"currencyDecimalPoint\":\",\",\"currencyNumberOfDecimals\":2,\"currencyPosition\":\"prefix\",\"currencySymbol\":\"$\",\"currencyThousandsSep\":\"\"},{\"id\":111559,\"type\":\"default\",\"title\":\"Tarif adh\\u00e9rent\",\"description\":\"\",\"capacityType\":\"global\",\"price\":20,\"capacity\":96,\"available\":91,\"sharedCapacity\":96,\"sold\":0,\"shareSold\":0,\"isShared\":true,\"currencyDecimalPoint\":\",\",\"currencyNumberOfDecimals\":2,\"currencyPosition\":\"prefix\",\"currencySymbol\":\"$\",\"currencyThousandsSep\":\"\"},{\"id\":111560,\"type\":\"default\",\"title\":\"Tarif r\\u00e9duit\",\"description\":\"Tarif r\\u00e9serv\\u00e9 aux \\u00e9tudiants de moins de 25 ans, ch\\u00f4meurs et intermittents du spectacle. Pr\\u00e9sentation obligatoire d\\u2019un justificatif \\u00e0 l\\u2019entr\\u00e9e. \\r\\nUn suppl\\u00e9ment vous sera demand\\u00e9 pour non pr\\u00e9sentation de justificatif. \",\"capacityType\":\"global\",\"price\":15,\"capacity\":96,\"available\":91,\"sharedCapacity\":96,\"sold\":0,\"shareSold\":0,\"isShared\":true,\"currencyDecimalPoint\":\",\",\"currencyNumberOfDecimals\":2,\"currencyPosition\":\"prefix\",\"currencySymbol\":\"$\",\"currencyThousandsSep\":\"\"}]","_tribe_ticket_has_attendee_info_fields":false,"_tribe_events_status":"","_tribe_events_status_reason":"","footnotes":"","_tec_slr_enabled":"","_tec_slr_layout":""},"tags":[],"genre":[258],"tribe_events_cat":[213,269,214,215,216],"class_list":["post-111557","tribe_events","type-tribe_events","status-publish","has-post-thumbnail","hentry","genre-jazz-actuel","tribe_events_cat-albums-du-mois","tribe_events_cat-coming-soon","tribe_events_cat-coup-de-coeur","tribe_events_cat-decouvertes","tribe_events_cat-evenements","cat_albums-du-mois","cat_coming-soon","cat_coup-de-coeur","cat_decouvertes","cat_evenements"],"acf":[],"yoast_head":"<!-- This site is optimized with the Yoast SEO plugin v25.7 - https:\/\/yoast.com\/wordpress\/plugins\/seo\/ -->\n<title>Florian Marques Quartet - Sunset Sunside<\/title>\n<meta name=\"robots\" content=\"index, follow, max-snippet:-1, max-image-preview:large, max-video-preview:-1\" \/>\n<link rel=\"canonical\" href=\"https:\/\/www.sunset-sunside.com\/concert\/florian-marques-quartet\/\" \/>\n<meta property=\"og:locale\" content=\"fr_FR\" \/>\n<meta property=\"og:type\" content=\"article\" \/>\n<meta property=\"og:title\" content=\"Florian Marques Quartet - Sunset Sunside\" \/>\n<meta property=\"og:description\" content=\"Apr\u00e8s un premier album \u00ab\u00a0A Deep Color\u00a0\u00bb sorti en 2022, le quartet PEAKS men\u00e9 par le saxophoniste Florian Marques vient pr\u00e9senter ce soir son deuxi\u00e8me opus \u00ab\u00a0Invitations\u00a0\u00bb ! &nbsp; Fruit [&hellip;]\" \/>\n<meta property=\"og:url\" content=\"https:\/\/www.sunset-sunside.com\/concert\/florian-marques-quartet\/\" \/>\n<meta property=\"og:site_name\" content=\"Sunset Sunside\" \/>\n<meta property=\"article:publisher\" content=\"https:\/\/www.facebook.com\/SunsetSunsideJazzClub\/\" \/>\n<meta property=\"article:modified_time\" content=\"2025-12-15T15:02:46+00:00\" \/>\n<meta name=\"twitter:card\" content=\"summary_large_image\" \/>\n<meta name=\"twitter:site\" content=\"@SunsetSunside\" \/>\n<meta name=\"twitter:label1\" content=\"Dur\u00e9e de lecture estim\u00e9e\" \/>\n\t<meta name=\"twitter:data1\" content=\"1 minute\" \/>\n<script type=\"application\/ld+json\" class=\"yoast-schema-graph\">{\"@context\":\"https:\/\/schema.org\",\"@graph\":[{\"@type\":\"WebPage\",\"@id\":\"https:\/\/www.sunset-sunside.com\/concert\/florian-marques-quartet\/\",\"url\":\"https:\/\/www.sunset-sunside.com\/concert\/florian-marques-quartet\/\",\"name\":\"Florian Marques Quartet - Sunset Sunside\",\"isPartOf\":{\"@id\":\"https:\/\/www.sunset-sunside.com\/#website\"},\"primaryImageOfPage\":{\"@id\":\"https:\/\/www.sunset-sunside.com\/concert\/florian-marques-quartet\/#primaryimage\"},\"image\":{\"@id\":\"https:\/\/www.sunset-sunside.com\/concert\/florian-marques-quartet\/#primaryimage\"},\"thumbnailUrl\":\"https:\/\/www.sunset-sunside.com\/app\/uploads\/2025\/11\/PEAKS-\u00a9-Yan-Renot.avif\",\"datePublished\":\"2025-11-18T16:44:28+00:00\",\"dateModified\":\"2025-12-15T15:02:46+00:00\",\"breadcrumb\":{\"@id\":\"https:\/\/www.sunset-sunside.com\/concert\/florian-marques-quartet\/#breadcrumb\"},\"inLanguage\":\"fr-FR\",\"potentialAction\":[{\"@type\":\"ReadAction\",\"target\":[\"https:\/\/www.sunset-sunside.com\/concert\/florian-marques-quartet\/\"]}]},{\"@type\":\"ImageObject\",\"inLanguage\":\"fr-FR\",\"@id\":\"https:\/\/www.sunset-sunside.com\/concert\/florian-marques-quartet\/#primaryimage\",\"url\":\"https:\/\/www.sunset-sunside.com\/app\/uploads\/2025\/11\/PEAKS-\u00a9-Yan-Renot.avif\",\"contentUrl\":\"https:\/\/www.sunset-sunside.com\/app\/uploads\/2025\/11\/PEAKS-\u00a9-Yan-Renot.avif\",\"width\":2660,\"height\":1773,\"caption\":\"\u00a9 Yan Renaut\"},{\"@type\":\"BreadcrumbList\",\"@id\":\"https:\/\/www.sunset-sunside.com\/concert\/florian-marques-quartet\/#breadcrumb\",\"itemListElement\":[{\"@type\":\"ListItem\",\"position\":1,\"name\":\"Accueil\",\"item\":\"https:\/\/www.sunset-sunside.com\/\"},{\"@type\":\"ListItem\",\"position\":2,\"name\":\"\u00c9v\u00e8nements\",\"item\":\"https:\/\/www.sunset-sunside.com\/concerts\/\"},{\"@type\":\"ListItem\",\"position\":3,\"name\":\"Florian Marques Quartet\"}]},{\"@type\":\"WebSite\",\"@id\":\"https:\/\/www.sunset-sunside.com\/#website\",\"url\":\"https:\/\/www.sunset-sunside.com\/\",\"name\":\"Sunset Sunside\",\"description\":\"\",\"potentialAction\":[{\"@type\":\"SearchAction\",\"target\":{\"@type\":\"EntryPoint\",\"urlTemplate\":\"https:\/\/www.sunset-sunside.com\/?s={search_term_string}\"},\"query-input\":{\"@type\":\"PropertyValueSpecification\",\"valueRequired\":true,\"valueName\":\"search_term_string\"}}],\"inLanguage\":\"fr-FR\"}]}<\/script>\n<!-- \/ Yoast SEO plugin. -->","yoast_head_json":{"title":"Florian Marques Quartet - Sunset Sunside","robots":{"index":"index","follow":"follow","max-snippet":"max-snippet:-1","max-image-preview":"max-image-preview:large","max-video-preview":"max-video-preview:-1"},"canonical":"https:\/\/www.sunset-sunside.com\/concert\/florian-marques-quartet\/","og_locale":"fr_FR","og_type":"article","og_title":"Florian Marques Quartet - Sunset Sunside","og_description":"Apr\u00e8s un premier album \u00ab\u00a0A Deep Color\u00a0\u00bb sorti en 2022, le quartet PEAKS men\u00e9 par le saxophoniste Florian Marques vient pr\u00e9senter ce soir son deuxi\u00e8me opus \u00ab\u00a0Invitations\u00a0\u00bb ! &nbsp; Fruit [&hellip;]","og_url":"https:\/\/www.sunset-sunside.com\/concert\/florian-marques-quartet\/","og_site_name":"Sunset Sunside","article_publisher":"https:\/\/www.facebook.com\/SunsetSunsideJazzClub\/","article_modified_time":"2025-12-15T15:02:46+00:00","twitter_card":"summary_large_image","twitter_site":"@SunsetSunside","twitter_misc":{"Dur\u00e9e de lecture estim\u00e9e":"1 minute"},"schema":{"@context":"https:\/\/schema.org","@graph":[{"@type":"WebPage","@id":"https:\/\/www.sunset-sunside.com\/concert\/florian-marques-quartet\/","url":"https:\/\/www.sunset-sunside.com\/concert\/florian-marques-quartet\/","name":"Florian Marques Quartet - Sunset Sunside","isPartOf":{"@id":"https:\/\/www.sunset-sunside.com\/#website"},"primaryImageOfPage":{"@id":"https:\/\/www.sunset-sunside.com\/concert\/florian-marques-quartet\/#primaryimage"},"image":{"@id":"https:\/\/www.sunset-sunside.com\/concert\/florian-marques-quartet\/#primaryimage"},"thumbnailUrl":"https:\/\/www.sunset-sunside.com\/app\/uploads\/2025\/11\/PEAKS-\u00a9-Yan-Renot.avif","datePublished":"2025-11-18T16:44:28+00:00","dateModified":"2025-12-15T15:02:46+00:00","breadcrumb":{"@id":"https:\/\/www.sunset-sunside.com\/concert\/florian-marques-quartet\/#breadcrumb"},"inLanguage":"fr-FR","potentialAction":[{"@type":"ReadAction","target":["https:\/\/www.sunset-sunside.com\/concert\/florian-marques-quartet\/"]}]},{"@type":"ImageObject","inLanguage":"fr-FR","@id":"https:\/\/www.sunset-sunside.com\/concert\/florian-marques-quartet\/#primaryimage","url":"https:\/\/www.sunset-sunside.com\/app\/uploads\/2025\/11\/PEAKS-\u00a9-Yan-Renot.avif","contentUrl":"https:\/\/www.sunset-sunside.com\/app\/uploads\/2025\/11\/PEAKS-\u00a9-Yan-Renot.avif","width":2660,"height":1773,"caption":"\u00a9 Yan Renaut"},{"@type":"BreadcrumbList","@id":"https:\/\/www.sunset-sunside.com\/concert\/florian-marques-quartet\/#breadcrumb","itemListElement":[{"@type":"ListItem","position":1,"name":"Accueil","item":"https:\/\/www.sunset-sunside.com\/"},{"@type":"ListItem","position":2,"name":"\u00c9v\u00e8nements","item":"https:\/\/www.sunset-sunside.com\/concerts\/"},{"@type":"ListItem","position":3,"name":"Florian Marques Quartet"}]},{"@type":"WebSite","@id":"https:\/\/www.sunset-sunside.com\/#website","url":"https:\/\/www.sunset-sunside.com\/","name":"Sunset Sunside","description":"","potentialAction":[{"@type":"SearchAction","target":{"@type":"EntryPoint","urlTemplate":"https:\/\/www.sunset-sunside.com\/?s={search_term_string}"},"query-input":{"@type":"PropertyValueSpecification","valueRequired":true,"valueName":"search_term_string"}}],"inLanguage":"fr-FR"}]}},"publishpress_future_action":{"enabled":false,"date":"2026-04-12 15:27:57","action":"change-status","newStatus":"draft","terms":[],"taxonomy":"post_tag","extraData":[]},"publishpress_future_workflow_manual_trigger":{"enabledWorkflows":[]},"ticketed":["woo"],"_links":{"self":[{"href":"https:\/\/www.sunset-sunside.com\/wp-json\/wp\/v2\/tribe_events\/111557","targetHints":{"allow":["GET"]}}],"collection":[{"href":"https:\/\/www.sunset-sunside.com\/wp-json\/wp\/v2\/tribe_events"}],"about":[{"href":"https:\/\/www.sunset-sunside.com\/wp-json\/wp\/v2\/types\/tribe_events"}],"author":[{"embeddable":true,"href":"https:\/\/www.sunset-sunside.com\/wp-json\/wp\/v2\/users\/2"}],"version-history":[{"count":3,"href":"https:\/\/www.sunset-sunside.com\/wp-json\/wp\/v2\/tribe_events\/111557\/revisions"}],"predecessor-version":[{"id":118215,"href":"https:\/\/www.sunset-sunside.com\/wp-json\/wp\/v2\/tribe_events\/111557\/revisions\/118215"}],"wp:featuredmedia":[{"embeddable":true,"href":"https:\/\/www.sunset-sunside.com\/wp-json\/wp\/v2\/media\/111561"}],"wp:attachment":[{"href":"https:\/\/www.sunset-sunside.com\/wp-json\/wp\/v2\/media?parent=111557"}],"wp:term":[{"taxonomy":"post_tag","embeddable":true,"href":"https:\/\/www.sunset-sunside.com\/wp-json\/wp\/v2\/tags?post=111557"},{"taxonomy":"genre","embeddable":true,"href":"https:\/\/www.sunset-sunside.com\/wp-json\/wp\/v2\/genre?post=111557"},{"taxonomy":"tribe_events_cat","embeddable":true,"href":"https:\/\/www.sunset-sunside.com\/wp-json\/wp\/v2\/tribe_events_cat?post=111557"}],"curies":[{"name":"wp","href":"https:\/\/api.w.org\/{rel}","templated":true}]}}

<p>Après un premier album « A Deep Color » sorti en 2022, le quartet PEAKS mené par le saxophoniste Florian Marques vient présenter ce soir son deuxième opus « Invitations » !</p>
<p>&nbsp;</p>
<p>Fruit de rencontres artistiques et humaines, ce nouvel album est conçu tel un dialogue entre PEAKS et des musiciens invités aux personnalités artistiques singulières (Bojan Z, Olivier Laisney, Fidel Fourneyron et Roman Reidid).</p>
<p>Faisant la part belle à la mélodie et l’improvisation, la musique de PEAKS vous fera voyager depuis les collines de Twin Peaks jusqu’à Belleville tout en passant par les Hautes Vallées béarnaises des Pyrénées.</p>

<p>Après un premier album « A Deep Color » sorti en 2022, le quartet PEAKS mené par le saxophoniste Florian Marques vient présenter ce soir son deuxième opus « Invitations » ! &nbsp; Fruit [&hellip;]</p>

<!-- This site is optimized with the Yoast SEO plugin v25.7 - https://yoast.com/wordpress/plugins/seo/ -->
<title>Florian Marques Quartet - Sunset Sunside</title>
<meta name="robots" content="index, follow, max-snippet:-1, max-image-preview:large, max-video-preview:-1" />
<link rel="canonical" href="https://www.sunset-sunside.com/concert/florian-marques-quartet/" />
<meta property="og:locale" content="fr_FR" />
<meta property="og:type" content="article" />
<meta property="og:title" content="Florian Marques Quartet - Sunset Sunside" />
<meta property="og:description" content="Après un premier album « A Deep Color » sorti en 2022, le quartet PEAKS mené par le saxophoniste Florian Marques vient présenter ce soir son deuxième opus « Invitations » ! &nbsp; Fruit [&hellip;]" />
<meta property="og:url" content="https://www.sunset-sunside.com/concert/florian-marques-quartet/" />
<meta property="og:site_name" content="Sunset Sunside" />
<meta property="article:publisher" content="https://www.facebook.com/SunsetSunsideJazzClub/" />
<meta property="article:modified_time" content="2025-12-15T15:02:46+00:00" />
<meta name="twitter:card" content="summary_large_image" />
<meta name="twitter:site" content="@SunsetSunside" />
<meta name="twitter:label1" content="Durée de lecture estimée" />
	<meta name="twitter:data1" content="1 minute" />
<script type="application/ld+json" class="yoast-schema-graph">{"@context":"https://schema.org","@graph":[{"@type":"WebPage","@id":"https://www.sunset-sunside.com/concert/florian-marques-quartet/","url":"https://www.sunset-sunside.com/concert/florian-marques-quartet/","name":"Florian Marques Quartet - Sunset Sunside","isPartOf":{"@id":"https://www.sunset-sunside.com/#website"},"primaryImageOfPage":{"@id":"https://www.sunset-sunside.com/concert/florian-marques-quartet/#primaryimage"},"image":{"@id":"https://www.sunset-sunside.com/concert/florian-marques-quartet/#primaryimage"},"thumbnailUrl":"https://www.sunset-sunside.com/app/uploads/2025/11/PEAKS-©-Yan-Renot.avif","datePublished":"2025-11-18T16:44:28+00:00","dateModified":"2025-12-15T15:02:46+00:00","breadcrumb":{"@id":"https://www.sunset-sunside.com/concert/florian-marques-quartet/#breadcrumb"},"inLanguage":"fr-FR","potentialAction":[{"@type":"ReadAction","target":["https://www.sunset-sunside.com/concert/florian-marques-quartet/"]}]},{"@type":"ImageObject","inLanguage":"fr-FR","@id":"https://www.sunset-sunside.com/concert/florian-marques-quartet/#primaryimage","url":"https://www.sunset-sunside.com/app/uploads/2025/11/PEAKS-©-Yan-Renot.avif","contentUrl":"https://www.sunset-sunside.com/app/uploads/2025/11/PEAKS-©-Yan-Renot.avif","width":2660,"height":1773,"caption":"© Yan Renaut"},{"@type":"BreadcrumbList","@id":"https://www.sunset-sunside.com/concert/florian-marques-quartet/#breadcrumb","itemListElement":[{"@type":"ListItem","position":1,"name":"Accueil","item":"https://www.sunset-sunside.com/"},{"@type":"ListItem","position":2,"name":"Évènements","item":"https://www.sunset-sunside.com/concerts/"},{"@type":"ListItem","position":3,"name":"Florian Marques Quartet"}]},{"@type":"WebSite","@id":"https://www.sunset-sunside.com/#website","url":"https://www.sunset-sunside.com/","name":"Sunset Sunside","description":"","potentialAction":[{"@type":"SearchAction","target":{"@type":"EntryPoint","urlTemplate":"https://www.sunset-sunside.com/?s={search_term_string}"},"query-input":{"@type":"PropertyValueSpecification","valueRequired":true,"valueName":"search_term_string"}}],"inLanguage":"fr-FR"}]}</script>
<!-- / Yoast SEO plugin. -->

Après un premier album « A Deep Color » sorti en 2022, le quartet PEAKS mené par le saxophoniste Florian Marques vient présenter ce soir son deuxième opus « Invitations » ! &nbsp; Fruit [&hellip;]

Évènements
