{"id":112994,"date":"2025-11-25T14:53:34","date_gmt":"2025-11-25T13:53:34","guid":{"rendered":"https:\/\/www.sunset-sunside.com\/?post_type=tribe_events&#038;p=112994"},"modified":"2025-11-25T15:29:00","modified_gmt":"2025-11-25T14:29:00","slug":"nicola-sergio-trio","status":"publish","type":"tribe_events","link":"https:\/\/www.sunset-sunside.com\/concert\/nicola-sergio-trio\/","title":{"rendered":"Nicola Sergio Trio"},"content":{"rendered":"<p>Dou\u00e9 d\u2019un sens m\u00e9lodique rare, Nicola Sergio revient au Sunside avec son trio apr\u00e8s des concerts en Cor\u00e9e du Sud, en France et en Italie. Il partagera la sc\u00e8ne avec ses compagnons Mauro Gargano (contrebasse), Christophe Marguet (batterie) autour d\u2019un r\u00e9pertoire vari\u00e9 o\u00f9 il alternera ses plus belles compositions, des arrangements de c\u00e9l\u00e8bres standards (Monk, Bill Evans, Kenny Wheeler), et quelques avants premi\u00e8res de ses nouvelles cr\u00e9ations. Un artiste confirm\u00e9 que le Sunside a soutenu et continue \u00e0 soutenir 15 ans apr\u00e8s la sortie de son premier album. Un trio d\u2019exception, un concert \u00e0 \u00e9couter et partager de toute urgence !<\/p>\n","protected":false},"excerpt":{"rendered":"<p>Dou\u00e9 d\u2019un sens m\u00e9lodique rare, Nicola Sergio revient au Sunside avec son trio apr\u00e8s des concerts en Cor\u00e9e du Sud, en France et en Italie. Il partagera la sc\u00e8ne avec [&hellip;]<\/p>\n","protected":false},"author":2,"featured_media":113020,"template":"","meta":{"_acf_changed":false,"_price":"","_stock":"","_tribe_ticket_header":"","_tribe_default_ticket_provider":"Tribe__Tickets_Plus__Commerce__WooCommerce__Main","_tribe_ticket_capacity":"96","_ticket_start_date":"","_ticket_end_date":"","_tribe_ticket_show_description":"","_tribe_ticket_show_not_going":false,"_tribe_ticket_use_global_stock":"1","_tribe_ticket_global_stock_level":"93","_global_stock_mode":"","_global_stock_cap":"","_tribe_rsvp_for_event":"","_tribe_ticket_going_count":"","_tribe_ticket_not_going_count":"","_tribe_tickets_list":"[{\"id\":112995,\"type\":\"default\",\"title\":\"Tarif plein*\",\"description\":\"\",\"capacityType\":\"global\",\"price\":28,\"capacity\":96,\"available\":93,\"sharedCapacity\":96,\"sold\":2,\"shareSold\":2,\"isShared\":true,\"currencyDecimalPoint\":\",\",\"currencyNumberOfDecimals\":2,\"currencyPosition\":\"prefix\",\"currencySymbol\":\"$\",\"currencyThousandsSep\":\"\"},{\"id\":112996,\"type\":\"default\",\"title\":\"Tarif adh\\u00e9rent\",\"description\":\"\",\"capacityType\":\"global\",\"price\":23,\"capacity\":96,\"available\":93,\"sharedCapacity\":96,\"sold\":1,\"shareSold\":1,\"isShared\":true,\"currencyDecimalPoint\":\",\",\"currencyNumberOfDecimals\":2,\"currencyPosition\":\"prefix\",\"currencySymbol\":\"$\",\"currencyThousandsSep\":\"\"},{\"id\":112997,\"type\":\"default\",\"title\":\"Tarif r\\u00e9duit\",\"description\":\"Tarif r\\u00e9serv\\u00e9 aux \\u00e9tudiants de moins de 25 ans, ch\\u00f4meurs et intermittents du spectacle. Pr\\u00e9sentation obligatoire d\\u2019un justificatif \\u00e0 l\\u2019entr\\u00e9e. \\r\\nUn suppl\\u00e9ment vous sera demand\\u00e9 pour non pr\\u00e9sentation de justificatif. \",\"capacityType\":\"global\",\"price\":18,\"capacity\":96,\"available\":93,\"sharedCapacity\":96,\"sold\":0,\"shareSold\":0,\"isShared\":true,\"currencyDecimalPoint\":\",\",\"currencyNumberOfDecimals\":2,\"currencyPosition\":\"prefix\",\"currencySymbol\":\"$\",\"currencyThousandsSep\":\"\"}]","_tribe_ticket_has_attendee_info_fields":false,"_tribe_events_status":"","_tribe_events_status_reason":"","footnotes":"","_tec_slr_enabled":"","_tec_slr_layout":""},"tags":[],"genre":[258],"tribe_events_cat":[213,269,214,215,216],"class_list":["post-112994","tribe_events","type-tribe_events","status-publish","has-post-thumbnail","hentry","genre-jazz-actuel","tribe_events_cat-albums-du-mois","tribe_events_cat-coming-soon","tribe_events_cat-coup-de-coeur","tribe_events_cat-decouvertes","tribe_events_cat-evenements","cat_albums-du-mois","cat_coming-soon","cat_coup-de-coeur","cat_decouvertes","cat_evenements"],"acf":[],"yoast_head":"<!-- This site is optimized with the Yoast SEO plugin v25.7 - https:\/\/yoast.com\/wordpress\/plugins\/seo\/ -->\n<title>Nicola Sergio Trio - Sunset Sunside<\/title>\n<meta name=\"robots\" content=\"index, follow, max-snippet:-1, max-image-preview:large, max-video-preview:-1\" \/>\n<link rel=\"canonical\" href=\"https:\/\/www.sunset-sunside.com\/concert\/nicola-sergio-trio\/\" \/>\n<meta property=\"og:locale\" content=\"en_GB\" \/>\n<meta property=\"og:type\" content=\"article\" \/>\n<meta property=\"og:title\" content=\"Nicola Sergio Trio - Sunset Sunside\" \/>\n<meta property=\"og:description\" content=\"Dou\u00e9 d\u2019un sens m\u00e9lodique rare, Nicola Sergio revient au Sunside avec son trio apr\u00e8s des concerts en Cor\u00e9e du Sud, en France et en Italie. Il partagera la sc\u00e8ne avec [&hellip;]\" \/>\n<meta property=\"og:url\" content=\"https:\/\/www.sunset-sunside.com\/concert\/nicola-sergio-trio\/\" \/>\n<meta property=\"og:site_name\" content=\"Sunset Sunside\" \/>\n<meta property=\"article:publisher\" content=\"https:\/\/www.facebook.com\/SunsetSunsideJazzClub\/\" \/>\n<meta property=\"article:modified_time\" content=\"2025-11-25T14:29:00+00:00\" \/>\n<meta property=\"og:image\" content=\"https:\/\/www.sunset-sunside.com\/app\/uploads\/2025\/11\/Capture-decran-2025-11-25-a-15.28.23.jpg\" \/>\n\t<meta property=\"og:image:width\" content=\"2976\" \/>\n\t<meta property=\"og:image:height\" content=\"1978\" \/>\n\t<meta property=\"og:image:type\" content=\"image\/jpeg\" \/>\n<meta name=\"twitter:card\" content=\"summary_large_image\" \/>\n<meta name=\"twitter:site\" content=\"@SunsetSunside\" \/>\n<meta name=\"twitter:label1\" content=\"Est. reading time\" \/>\n\t<meta name=\"twitter:data1\" content=\"1 minute\" \/>\n<script type=\"application\/ld+json\" class=\"yoast-schema-graph\">{\"@context\":\"https:\/\/schema.org\",\"@graph\":[{\"@type\":\"WebPage\",\"@id\":\"https:\/\/www.sunset-sunside.com\/concert\/nicola-sergio-trio\/\",\"url\":\"https:\/\/www.sunset-sunside.com\/concert\/nicola-sergio-trio\/\",\"name\":\"Nicola Sergio Trio - Sunset Sunside\",\"isPartOf\":{\"@id\":\"https:\/\/www.sunset-sunside.com\/#website\"},\"primaryImageOfPage\":{\"@id\":\"https:\/\/www.sunset-sunside.com\/concert\/nicola-sergio-trio\/#primaryimage\"},\"image\":{\"@id\":\"https:\/\/www.sunset-sunside.com\/concert\/nicola-sergio-trio\/#primaryimage\"},\"thumbnailUrl\":\"https:\/\/www.sunset-sunside.com\/app\/uploads\/2025\/11\/Capture-decran-2025-11-25-a-15.28.23.jpg\",\"datePublished\":\"2025-11-25T13:53:34+00:00\",\"dateModified\":\"2025-11-25T14:29:00+00:00\",\"breadcrumb\":{\"@id\":\"https:\/\/www.sunset-sunside.com\/concert\/nicola-sergio-trio\/#breadcrumb\"},\"inLanguage\":\"en-GB\",\"potentialAction\":[{\"@type\":\"ReadAction\",\"target\":[\"https:\/\/www.sunset-sunside.com\/concert\/nicola-sergio-trio\/\"]}]},{\"@type\":\"ImageObject\",\"inLanguage\":\"en-GB\",\"@id\":\"https:\/\/www.sunset-sunside.com\/concert\/nicola-sergio-trio\/#primaryimage\",\"url\":\"https:\/\/www.sunset-sunside.com\/app\/uploads\/2025\/11\/Capture-decran-2025-11-25-a-15.28.23.jpg\",\"contentUrl\":\"https:\/\/www.sunset-sunside.com\/app\/uploads\/2025\/11\/Capture-decran-2025-11-25-a-15.28.23.jpg\",\"width\":2976,\"height\":1978,\"caption\":\"\u00a9 Guillaume Be\u0301guin\"},{\"@type\":\"BreadcrumbList\",\"@id\":\"https:\/\/www.sunset-sunside.com\/concert\/nicola-sergio-trio\/#breadcrumb\",\"itemListElement\":[{\"@type\":\"ListItem\",\"position\":1,\"name\":\"Accueil\",\"item\":\"https:\/\/www.sunset-sunside.com\/\"},{\"@type\":\"ListItem\",\"position\":2,\"name\":\"\u00c9v\u00e8nements\",\"item\":\"https:\/\/www.sunset-sunside.com\/concerts\/\"},{\"@type\":\"ListItem\",\"position\":3,\"name\":\"Nicola Sergio Trio\"}]},{\"@type\":\"WebSite\",\"@id\":\"https:\/\/www.sunset-sunside.com\/#website\",\"url\":\"https:\/\/www.sunset-sunside.com\/\",\"name\":\"Sunset Sunside\",\"description\":\"\",\"potentialAction\":[{\"@type\":\"SearchAction\",\"target\":{\"@type\":\"EntryPoint\",\"urlTemplate\":\"https:\/\/www.sunset-sunside.com\/?s={search_term_string}\"},\"query-input\":{\"@type\":\"PropertyValueSpecification\",\"valueRequired\":true,\"valueName\":\"search_term_string\"}}],\"inLanguage\":\"en-GB\"}]}<\/script>\n<!-- \/ Yoast SEO plugin. -->","yoast_head_json":{"title":"Nicola Sergio Trio - Sunset Sunside","robots":{"index":"index","follow":"follow","max-snippet":"max-snippet:-1","max-image-preview":"max-image-preview:large","max-video-preview":"max-video-preview:-1"},"canonical":"https:\/\/www.sunset-sunside.com\/concert\/nicola-sergio-trio\/","og_locale":"en_GB","og_type":"article","og_title":"Nicola Sergio Trio - Sunset Sunside","og_description":"Dou\u00e9 d\u2019un sens m\u00e9lodique rare, Nicola Sergio revient au Sunside avec son trio apr\u00e8s des concerts en Cor\u00e9e du Sud, en France et en Italie. Il partagera la sc\u00e8ne avec [&hellip;]","og_url":"https:\/\/www.sunset-sunside.com\/concert\/nicola-sergio-trio\/","og_site_name":"Sunset Sunside","article_publisher":"https:\/\/www.facebook.com\/SunsetSunsideJazzClub\/","article_modified_time":"2025-11-25T14:29:00+00:00","og_image":[{"width":2976,"height":1978,"url":"https:\/\/www.sunset-sunside.com\/app\/uploads\/2025\/11\/Capture-decran-2025-11-25-a-15.28.23.jpg","type":"image\/jpeg"}],"twitter_card":"summary_large_image","twitter_site":"@SunsetSunside","twitter_misc":{"Est. reading time":"1 minute"},"schema":{"@context":"https:\/\/schema.org","@graph":[{"@type":"WebPage","@id":"https:\/\/www.sunset-sunside.com\/concert\/nicola-sergio-trio\/","url":"https:\/\/www.sunset-sunside.com\/concert\/nicola-sergio-trio\/","name":"Nicola Sergio Trio - Sunset Sunside","isPartOf":{"@id":"https:\/\/www.sunset-sunside.com\/#website"},"primaryImageOfPage":{"@id":"https:\/\/www.sunset-sunside.com\/concert\/nicola-sergio-trio\/#primaryimage"},"image":{"@id":"https:\/\/www.sunset-sunside.com\/concert\/nicola-sergio-trio\/#primaryimage"},"thumbnailUrl":"https:\/\/www.sunset-sunside.com\/app\/uploads\/2025\/11\/Capture-decran-2025-11-25-a-15.28.23.jpg","datePublished":"2025-11-25T13:53:34+00:00","dateModified":"2025-11-25T14:29:00+00:00","breadcrumb":{"@id":"https:\/\/www.sunset-sunside.com\/concert\/nicola-sergio-trio\/#breadcrumb"},"inLanguage":"en-GB","potentialAction":[{"@type":"ReadAction","target":["https:\/\/www.sunset-sunside.com\/concert\/nicola-sergio-trio\/"]}]},{"@type":"ImageObject","inLanguage":"en-GB","@id":"https:\/\/www.sunset-sunside.com\/concert\/nicola-sergio-trio\/#primaryimage","url":"https:\/\/www.sunset-sunside.com\/app\/uploads\/2025\/11\/Capture-decran-2025-11-25-a-15.28.23.jpg","contentUrl":"https:\/\/www.sunset-sunside.com\/app\/uploads\/2025\/11\/Capture-decran-2025-11-25-a-15.28.23.jpg","width":2976,"height":1978,"caption":"\u00a9 Guillaume Be\u0301guin"},{"@type":"BreadcrumbList","@id":"https:\/\/www.sunset-sunside.com\/concert\/nicola-sergio-trio\/#breadcrumb","itemListElement":[{"@type":"ListItem","position":1,"name":"Accueil","item":"https:\/\/www.sunset-sunside.com\/"},{"@type":"ListItem","position":2,"name":"\u00c9v\u00e8nements","item":"https:\/\/www.sunset-sunside.com\/concerts\/"},{"@type":"ListItem","position":3,"name":"Nicola Sergio Trio"}]},{"@type":"WebSite","@id":"https:\/\/www.sunset-sunside.com\/#website","url":"https:\/\/www.sunset-sunside.com\/","name":"Sunset Sunside","description":"","potentialAction":[{"@type":"SearchAction","target":{"@type":"EntryPoint","urlTemplate":"https:\/\/www.sunset-sunside.com\/?s={search_term_string}"},"query-input":{"@type":"PropertyValueSpecification","valueRequired":true,"valueName":"search_term_string"}}],"inLanguage":"en-GB"}]}},"publishpress_future_action":{"enabled":false,"date":"2026-04-12 16:16:05","action":"change-status","newStatus":"draft","terms":[],"taxonomy":"post_tag","extraData":[]},"publishpress_future_workflow_manual_trigger":{"enabledWorkflows":[]},"ticketed":["woo"],"_links":{"self":[{"href":"https:\/\/www.sunset-sunside.com\/wp-json\/wp\/v2\/tribe_events\/112994","targetHints":{"allow":["GET"]}}],"collection":[{"href":"https:\/\/www.sunset-sunside.com\/wp-json\/wp\/v2\/tribe_events"}],"about":[{"href":"https:\/\/www.sunset-sunside.com\/wp-json\/wp\/v2\/types\/tribe_events"}],"author":[{"embeddable":true,"href":"https:\/\/www.sunset-sunside.com\/wp-json\/wp\/v2\/users\/2"}],"version-history":[{"count":1,"href":"https:\/\/www.sunset-sunside.com\/wp-json\/wp\/v2\/tribe_events\/112994\/revisions"}],"predecessor-version":[{"id":113002,"href":"https:\/\/www.sunset-sunside.com\/wp-json\/wp\/v2\/tribe_events\/112994\/revisions\/113002"}],"wp:featuredmedia":[{"embeddable":true,"href":"https:\/\/www.sunset-sunside.com\/wp-json\/wp\/v2\/media\/113020"}],"wp:attachment":[{"href":"https:\/\/www.sunset-sunside.com\/wp-json\/wp\/v2\/media?parent=112994"}],"wp:term":[{"taxonomy":"post_tag","embeddable":true,"href":"https:\/\/www.sunset-sunside.com\/wp-json\/wp\/v2\/tags?post=112994"},{"taxonomy":"genre","embeddable":true,"href":"https:\/\/www.sunset-sunside.com\/wp-json\/wp\/v2\/genre?post=112994"},{"taxonomy":"tribe_events_cat","embeddable":true,"href":"https:\/\/www.sunset-sunside.com\/wp-json\/wp\/v2\/tribe_events_cat?post=112994"}],"curies":[{"name":"wp","href":"https:\/\/api.w.org\/{rel}","templated":true}]}}

<p>Doué d’un sens mélodique rare, Nicola Sergio revient au Sunside avec son trio après des concerts en Corée du Sud, en France et en Italie. Il partagera la scène avec ses compagnons Mauro Gargano (contrebasse), Christophe Marguet (batterie) autour d’un répertoire varié où il alternera ses plus belles compositions, des arrangements de célèbres standards (Monk, Bill Evans, Kenny Wheeler), et quelques avants premières de ses nouvelles créations. Un artiste confirmé que le Sunside a soutenu et continue à soutenir 15 ans après la sortie de son premier album. Un trio d’exception, un concert à écouter et partager de toute urgence !</p>

<p>Doué d’un sens mélodique rare, Nicola Sergio revient au Sunside avec son trio après des concerts en Corée du Sud, en France et en Italie. Il partagera la scène avec [&hellip;]</p>

<!-- This site is optimized with the Yoast SEO plugin v25.7 - https://yoast.com/wordpress/plugins/seo/ -->
<title>Nicola Sergio Trio - Sunset Sunside</title>
<meta name="robots" content="index, follow, max-snippet:-1, max-image-preview:large, max-video-preview:-1" />
<link rel="canonical" href="https://www.sunset-sunside.com/concert/nicola-sergio-trio/" />
<meta property="og:locale" content="en_GB" />
<meta property="og:type" content="article" />
<meta property="og:title" content="Nicola Sergio Trio - Sunset Sunside" />
<meta property="og:description" content="Doué d’un sens mélodique rare, Nicola Sergio revient au Sunside avec son trio après des concerts en Corée du Sud, en France et en Italie. Il partagera la scène avec [&hellip;]" />
<meta property="og:url" content="https://www.sunset-sunside.com/concert/nicola-sergio-trio/" />
<meta property="og:site_name" content="Sunset Sunside" />
<meta property="article:publisher" content="https://www.facebook.com/SunsetSunsideJazzClub/" />
<meta property="article:modified_time" content="2025-11-25T14:29:00+00:00" />
<meta property="og:image" content="https://www.sunset-sunside.com/app/uploads/2025/11/Capture-decran-2025-11-25-a-15.28.23.jpg" />
	<meta property="og:image:width" content="2976" />
	<meta property="og:image:height" content="1978" />
	<meta property="og:image:type" content="image/jpeg" />
<meta name="twitter:card" content="summary_large_image" />
<meta name="twitter:site" content="@SunsetSunside" />
<meta name="twitter:label1" content="Est. reading time" />
	<meta name="twitter:data1" content="1 minute" />
<script type="application/ld+json" class="yoast-schema-graph">{"@context":"https://schema.org","@graph":[{"@type":"WebPage","@id":"https://www.sunset-sunside.com/concert/nicola-sergio-trio/","url":"https://www.sunset-sunside.com/concert/nicola-sergio-trio/","name":"Nicola Sergio Trio - Sunset Sunside","isPartOf":{"@id":"https://www.sunset-sunside.com/#website"},"primaryImageOfPage":{"@id":"https://www.sunset-sunside.com/concert/nicola-sergio-trio/#primaryimage"},"image":{"@id":"https://www.sunset-sunside.com/concert/nicola-sergio-trio/#primaryimage"},"thumbnailUrl":"https://www.sunset-sunside.com/app/uploads/2025/11/Capture-decran-2025-11-25-a-15.28.23.jpg","datePublished":"2025-11-25T13:53:34+00:00","dateModified":"2025-11-25T14:29:00+00:00","breadcrumb":{"@id":"https://www.sunset-sunside.com/concert/nicola-sergio-trio/#breadcrumb"},"inLanguage":"en-GB","potentialAction":[{"@type":"ReadAction","target":["https://www.sunset-sunside.com/concert/nicola-sergio-trio/"]}]},{"@type":"ImageObject","inLanguage":"en-GB","@id":"https://www.sunset-sunside.com/concert/nicola-sergio-trio/#primaryimage","url":"https://www.sunset-sunside.com/app/uploads/2025/11/Capture-decran-2025-11-25-a-15.28.23.jpg","contentUrl":"https://www.sunset-sunside.com/app/uploads/2025/11/Capture-decran-2025-11-25-a-15.28.23.jpg","width":2976,"height":1978,"caption":"© Guillaume Béguin"},{"@type":"BreadcrumbList","@id":"https://www.sunset-sunside.com/concert/nicola-sergio-trio/#breadcrumb","itemListElement":[{"@type":"ListItem","position":1,"name":"Accueil","item":"https://www.sunset-sunside.com/"},{"@type":"ListItem","position":2,"name":"Évènements","item":"https://www.sunset-sunside.com/concerts/"},{"@type":"ListItem","position":3,"name":"Nicola Sergio Trio"}]},{"@type":"WebSite","@id":"https://www.sunset-sunside.com/#website","url":"https://www.sunset-sunside.com/","name":"Sunset Sunside","description":"","potentialAction":[{"@type":"SearchAction","target":{"@type":"EntryPoint","urlTemplate":"https://www.sunset-sunside.com/?s={search_term_string}"},"query-input":{"@type":"PropertyValueSpecification","valueRequired":true,"valueName":"search_term_string"}}],"inLanguage":"en-GB"}]}</script>
<!-- / Yoast SEO plugin. -->

Doué d’un sens mélodique rare, Nicola Sergio revient au Sunside avec son trio après des concerts en Corée du Sud, en France et en Italie. Il partagera la scène avec [&hellip;]

Évènements
