{"id":116745,"date":"2025-12-09T15:04:38","date_gmt":"2025-12-09T14:04:38","guid":{"rendered":"https:\/\/www.sunset-sunside.com\/?post_type=tribe_events&#038;p=116745"},"modified":"2025-12-09T16:28:29","modified_gmt":"2025-12-09T15:28:29","slug":"strasax","status":"publish","type":"tribe_events","link":"https:\/\/www.sunset-sunside.com\/concert\/strasax\/","title":{"rendered":"StraSax"},"content":{"rendered":"<p>Fond\u00e9 en 1998, straSax a c\u00e9l\u00e8br\u00e9 en 2023 son 25\u00e8me anniversaire et s\u2019offre un retour aux sources avec un tout nouveau r\u00e9pertoire compos\u00e9 par les plumes du groupe pour leur formation originelle en quintet 4 saxophones multi sax et batterie nomm\u00e9 \u00ab\u00a0 XXV\u00a0\u00bb. straSax impose un style de jeu de groupe tr\u00e8s sp\u00e9cifique, d\u2019une brillante intensit\u00e9, d\u2019une extraordinaire \u00e9nergie collective, puissamment organique, trou\u00e9e d\u2019\u00e9chapp\u00e9es belles, individuelles, usant de tous les vocabulaires du jazz contemporain : de l\u2019improvisation libre d\u2019inspiration europ\u00e9enne aux diverses formes d\u2019orthodoxie jazz.<\/p>\n","protected":false},"excerpt":{"rendered":"<p>Fond\u00e9 en 1998, straSax a c\u00e9l\u00e8br\u00e9 en 2023 son 25\u00e8me anniversaire et s\u2019offre un retour aux sources avec un tout nouveau r\u00e9pertoire compos\u00e9 par les plumes du groupe pour leur [&hellip;]<\/p>\n","protected":false},"author":30761,"featured_media":116768,"template":"","meta":{"_acf_changed":false,"_price":"","_stock":"","_tribe_ticket_header":"","_tribe_default_ticket_provider":"Tribe__Tickets_Plus__Commerce__WooCommerce__Main","_tribe_ticket_capacity":"100","_ticket_start_date":"","_ticket_end_date":"","_tribe_ticket_show_description":"","_tribe_ticket_show_not_going":false,"_tribe_ticket_use_global_stock":"1","_tribe_ticket_global_stock_level":"92","_global_stock_mode":"","_global_stock_cap":"","_tribe_rsvp_for_event":"","_tribe_ticket_going_count":"","_tribe_ticket_not_going_count":"","_tribe_tickets_list":"[{\"id\":116746,\"type\":\"default\",\"title\":\"Tarif adh\\u00e9rent\",\"description\":\"\",\"capacityType\":\"global\",\"price\":20,\"capacity\":100,\"available\":92,\"sharedCapacity\":100,\"sold\":0,\"shareSold\":0,\"isShared\":true,\"currencyDecimalPoint\":\",\",\"currencyNumberOfDecimals\":2,\"currencyPosition\":\"prefix\",\"currencySymbol\":\"$\",\"currencyThousandsSep\":\"\"},{\"id\":116747,\"type\":\"default\",\"title\":\"Tarif plein*\",\"description\":\"\",\"capacityType\":\"global\",\"price\":25,\"capacity\":100,\"available\":92,\"sharedCapacity\":100,\"sold\":8,\"shareSold\":8,\"isShared\":true,\"currencyDecimalPoint\":\",\",\"currencyNumberOfDecimals\":2,\"currencyPosition\":\"prefix\",\"currencySymbol\":\"$\",\"currencyThousandsSep\":\"\"},{\"id\":116748,\"type\":\"default\",\"title\":\"Tarif r\\u00e9duit\",\"description\":\"Tarif r\\u00e9serv\\u00e9 aux \\u00e9tudiants de moins de 25 ans, ch\\u00f4meurs et intermittents du spectacle. Pr\\u00e9sentation obligatoire d\\u2019un justificatif \\u00e0 l\\u2019entr\\u00e9e. \\r\\nUn suppl\\u00e9ment vous sera demand\\u00e9 pour non pr\\u00e9sentation de justificatif. \",\"capacityType\":\"global\",\"price\":15,\"capacity\":100,\"available\":92,\"sharedCapacity\":100,\"sold\":0,\"shareSold\":0,\"isShared\":true,\"currencyDecimalPoint\":\",\",\"currencyNumberOfDecimals\":2,\"currencyPosition\":\"prefix\",\"currencySymbol\":\"$\",\"currencyThousandsSep\":\"\"}]","_tribe_ticket_has_attendee_info_fields":false,"_tribe_events_status":"","_tribe_events_status_reason":"","footnotes":"","_tec_slr_enabled":"","_tec_slr_layout":""},"tags":[],"genre":[258],"tribe_events_cat":[213,269,214,215,216],"class_list":["post-116745","tribe_events","type-tribe_events","status-publish","has-post-thumbnail","hentry","genre-jazz-actuel","tribe_events_cat-albums-du-mois","tribe_events_cat-coming-soon","tribe_events_cat-coup-de-coeur","tribe_events_cat-decouvertes","tribe_events_cat-evenements","cat_albums-du-mois","cat_coming-soon","cat_coup-de-coeur","cat_decouvertes","cat_evenements"],"acf":[],"yoast_head":"<!-- This site is optimized with the Yoast SEO plugin v25.7 - https:\/\/yoast.com\/wordpress\/plugins\/seo\/ -->\n<title>StraSax - Sunset Sunside<\/title>\n<meta name=\"robots\" content=\"index, follow, max-snippet:-1, max-image-preview:large, max-video-preview:-1\" \/>\n<link rel=\"canonical\" href=\"https:\/\/www.sunset-sunside.com\/concert\/strasax\/\" \/>\n<meta property=\"og:locale\" content=\"fr_FR\" \/>\n<meta property=\"og:type\" content=\"article\" \/>\n<meta property=\"og:title\" content=\"StraSax - Sunset Sunside\" \/>\n<meta property=\"og:description\" content=\"Fond\u00e9 en 1998, straSax a c\u00e9l\u00e8br\u00e9 en 2023 son 25\u00e8me anniversaire et s\u2019offre un retour aux sources avec un tout nouveau r\u00e9pertoire compos\u00e9 par les plumes du groupe pour leur [&hellip;]\" \/>\n<meta property=\"og:url\" content=\"https:\/\/www.sunset-sunside.com\/concert\/strasax\/\" \/>\n<meta property=\"og:site_name\" content=\"Sunset Sunside\" \/>\n<meta property=\"article:publisher\" content=\"https:\/\/www.facebook.com\/SunsetSunsideJazzClub\/\" \/>\n<meta property=\"article:modified_time\" content=\"2025-12-09T15:28:29+00:00\" \/>\n<meta property=\"og:image\" content=\"https:\/\/www.sunset-sunside.com\/app\/uploads\/2025\/12\/straSax_2023_\u00a9Adrien_Berthet_Portrait_1-775x1024.jpg\" \/>\n\t<meta property=\"og:image:width\" content=\"775\" \/>\n\t<meta property=\"og:image:height\" content=\"1024\" \/>\n\t<meta property=\"og:image:type\" content=\"image\/jpeg\" \/>\n<meta name=\"twitter:card\" content=\"summary_large_image\" \/>\n<meta name=\"twitter:site\" content=\"@SunsetSunside\" \/>\n<meta name=\"twitter:label1\" content=\"Dur\u00e9e de lecture estim\u00e9e\" \/>\n\t<meta name=\"twitter:data1\" content=\"1 minute\" \/>\n<script type=\"application\/ld+json\" class=\"yoast-schema-graph\">{\"@context\":\"https:\/\/schema.org\",\"@graph\":[{\"@type\":\"WebPage\",\"@id\":\"https:\/\/www.sunset-sunside.com\/concert\/strasax\/\",\"url\":\"https:\/\/www.sunset-sunside.com\/concert\/strasax\/\",\"name\":\"StraSax - Sunset Sunside\",\"isPartOf\":{\"@id\":\"https:\/\/www.sunset-sunside.com\/#website\"},\"primaryImageOfPage\":{\"@id\":\"https:\/\/www.sunset-sunside.com\/concert\/strasax\/#primaryimage\"},\"image\":{\"@id\":\"https:\/\/www.sunset-sunside.com\/concert\/strasax\/#primaryimage\"},\"thumbnailUrl\":\"https:\/\/www.sunset-sunside.com\/app\/uploads\/2025\/12\/straSax_2023_\u00a9Adrien_Berthet_Portrait_1.jpg\",\"datePublished\":\"2025-12-09T14:04:38+00:00\",\"dateModified\":\"2025-12-09T15:28:29+00:00\",\"breadcrumb\":{\"@id\":\"https:\/\/www.sunset-sunside.com\/concert\/strasax\/#breadcrumb\"},\"inLanguage\":\"fr-FR\",\"potentialAction\":[{\"@type\":\"ReadAction\",\"target\":[\"https:\/\/www.sunset-sunside.com\/concert\/strasax\/\"]}]},{\"@type\":\"ImageObject\",\"inLanguage\":\"fr-FR\",\"@id\":\"https:\/\/www.sunset-sunside.com\/concert\/strasax\/#primaryimage\",\"url\":\"https:\/\/www.sunset-sunside.com\/app\/uploads\/2025\/12\/straSax_2023_\u00a9Adrien_Berthet_Portrait_1.jpg\",\"contentUrl\":\"https:\/\/www.sunset-sunside.com\/app\/uploads\/2025\/12\/straSax_2023_\u00a9Adrien_Berthet_Portrait_1.jpg\",\"width\":4092,\"height\":5406,\"caption\":\"\u00a9 Adrien Berthet\"},{\"@type\":\"BreadcrumbList\",\"@id\":\"https:\/\/www.sunset-sunside.com\/concert\/strasax\/#breadcrumb\",\"itemListElement\":[{\"@type\":\"ListItem\",\"position\":1,\"name\":\"Accueil\",\"item\":\"https:\/\/www.sunset-sunside.com\/\"},{\"@type\":\"ListItem\",\"position\":2,\"name\":\"\u00c9v\u00e8nements\",\"item\":\"https:\/\/www.sunset-sunside.com\/concerts\/\"},{\"@type\":\"ListItem\",\"position\":3,\"name\":\"StraSax\"}]},{\"@type\":\"WebSite\",\"@id\":\"https:\/\/www.sunset-sunside.com\/#website\",\"url\":\"https:\/\/www.sunset-sunside.com\/\",\"name\":\"Sunset Sunside\",\"description\":\"\",\"potentialAction\":[{\"@type\":\"SearchAction\",\"target\":{\"@type\":\"EntryPoint\",\"urlTemplate\":\"https:\/\/www.sunset-sunside.com\/?s={search_term_string}\"},\"query-input\":{\"@type\":\"PropertyValueSpecification\",\"valueRequired\":true,\"valueName\":\"search_term_string\"}}],\"inLanguage\":\"fr-FR\"}]}<\/script>\n<!-- \/ Yoast SEO plugin. -->","yoast_head_json":{"title":"StraSax - Sunset Sunside","robots":{"index":"index","follow":"follow","max-snippet":"max-snippet:-1","max-image-preview":"max-image-preview:large","max-video-preview":"max-video-preview:-1"},"canonical":"https:\/\/www.sunset-sunside.com\/concert\/strasax\/","og_locale":"fr_FR","og_type":"article","og_title":"StraSax - Sunset Sunside","og_description":"Fond\u00e9 en 1998, straSax a c\u00e9l\u00e8br\u00e9 en 2023 son 25\u00e8me anniversaire et s\u2019offre un retour aux sources avec un tout nouveau r\u00e9pertoire compos\u00e9 par les plumes du groupe pour leur [&hellip;]","og_url":"https:\/\/www.sunset-sunside.com\/concert\/strasax\/","og_site_name":"Sunset Sunside","article_publisher":"https:\/\/www.facebook.com\/SunsetSunsideJazzClub\/","article_modified_time":"2025-12-09T15:28:29+00:00","og_image":[{"width":775,"height":1024,"url":"https:\/\/www.sunset-sunside.com\/app\/uploads\/2025\/12\/straSax_2023_\u00a9Adrien_Berthet_Portrait_1-775x1024.jpg","type":"image\/jpeg"}],"twitter_card":"summary_large_image","twitter_site":"@SunsetSunside","twitter_misc":{"Dur\u00e9e de lecture estim\u00e9e":"1 minute"},"schema":{"@context":"https:\/\/schema.org","@graph":[{"@type":"WebPage","@id":"https:\/\/www.sunset-sunside.com\/concert\/strasax\/","url":"https:\/\/www.sunset-sunside.com\/concert\/strasax\/","name":"StraSax - Sunset Sunside","isPartOf":{"@id":"https:\/\/www.sunset-sunside.com\/#website"},"primaryImageOfPage":{"@id":"https:\/\/www.sunset-sunside.com\/concert\/strasax\/#primaryimage"},"image":{"@id":"https:\/\/www.sunset-sunside.com\/concert\/strasax\/#primaryimage"},"thumbnailUrl":"https:\/\/www.sunset-sunside.com\/app\/uploads\/2025\/12\/straSax_2023_\u00a9Adrien_Berthet_Portrait_1.jpg","datePublished":"2025-12-09T14:04:38+00:00","dateModified":"2025-12-09T15:28:29+00:00","breadcrumb":{"@id":"https:\/\/www.sunset-sunside.com\/concert\/strasax\/#breadcrumb"},"inLanguage":"fr-FR","potentialAction":[{"@type":"ReadAction","target":["https:\/\/www.sunset-sunside.com\/concert\/strasax\/"]}]},{"@type":"ImageObject","inLanguage":"fr-FR","@id":"https:\/\/www.sunset-sunside.com\/concert\/strasax\/#primaryimage","url":"https:\/\/www.sunset-sunside.com\/app\/uploads\/2025\/12\/straSax_2023_\u00a9Adrien_Berthet_Portrait_1.jpg","contentUrl":"https:\/\/www.sunset-sunside.com\/app\/uploads\/2025\/12\/straSax_2023_\u00a9Adrien_Berthet_Portrait_1.jpg","width":4092,"height":5406,"caption":"\u00a9 Adrien Berthet"},{"@type":"BreadcrumbList","@id":"https:\/\/www.sunset-sunside.com\/concert\/strasax\/#breadcrumb","itemListElement":[{"@type":"ListItem","position":1,"name":"Accueil","item":"https:\/\/www.sunset-sunside.com\/"},{"@type":"ListItem","position":2,"name":"\u00c9v\u00e8nements","item":"https:\/\/www.sunset-sunside.com\/concerts\/"},{"@type":"ListItem","position":3,"name":"StraSax"}]},{"@type":"WebSite","@id":"https:\/\/www.sunset-sunside.com\/#website","url":"https:\/\/www.sunset-sunside.com\/","name":"Sunset Sunside","description":"","potentialAction":[{"@type":"SearchAction","target":{"@type":"EntryPoint","urlTemplate":"https:\/\/www.sunset-sunside.com\/?s={search_term_string}"},"query-input":{"@type":"PropertyValueSpecification","valueRequired":true,"valueName":"search_term_string"}}],"inLanguage":"fr-FR"}]}},"publishpress_future_action":{"enabled":false,"date":"2026-04-12 15:49:33","action":"change-status","newStatus":"draft","terms":[],"taxonomy":"post_tag","extraData":[]},"publishpress_future_workflow_manual_trigger":{"enabledWorkflows":[]},"ticketed":["woo"],"_links":{"self":[{"href":"https:\/\/www.sunset-sunside.com\/wp-json\/wp\/v2\/tribe_events\/116745","targetHints":{"allow":["GET"]}}],"collection":[{"href":"https:\/\/www.sunset-sunside.com\/wp-json\/wp\/v2\/tribe_events"}],"about":[{"href":"https:\/\/www.sunset-sunside.com\/wp-json\/wp\/v2\/types\/tribe_events"}],"author":[{"embeddable":true,"href":"https:\/\/www.sunset-sunside.com\/wp-json\/wp\/v2\/users\/30761"}],"version-history":[{"count":1,"href":"https:\/\/www.sunset-sunside.com\/wp-json\/wp\/v2\/tribe_events\/116745\/revisions"}],"predecessor-version":[{"id":116754,"href":"https:\/\/www.sunset-sunside.com\/wp-json\/wp\/v2\/tribe_events\/116745\/revisions\/116754"}],"wp:featuredmedia":[{"embeddable":true,"href":"https:\/\/www.sunset-sunside.com\/wp-json\/wp\/v2\/media\/116768"}],"wp:attachment":[{"href":"https:\/\/www.sunset-sunside.com\/wp-json\/wp\/v2\/media?parent=116745"}],"wp:term":[{"taxonomy":"post_tag","embeddable":true,"href":"https:\/\/www.sunset-sunside.com\/wp-json\/wp\/v2\/tags?post=116745"},{"taxonomy":"genre","embeddable":true,"href":"https:\/\/www.sunset-sunside.com\/wp-json\/wp\/v2\/genre?post=116745"},{"taxonomy":"tribe_events_cat","embeddable":true,"href":"https:\/\/www.sunset-sunside.com\/wp-json\/wp\/v2\/tribe_events_cat?post=116745"}],"curies":[{"name":"wp","href":"https:\/\/api.w.org\/{rel}","templated":true}]}}

<p>Fondé en 1998, straSax a célèbré en 2023 son 25ème anniversaire et s’offre un retour aux sources avec un tout nouveau répertoire composé par les plumes du groupe pour leur formation originelle en quintet 4 saxophones multi sax et batterie nommé «  XXV ». straSax impose un style de jeu de groupe très spécifique, d’une brillante intensité, d’une extraordinaire énergie collective, puissamment organique, trouée d’échappées belles, individuelles, usant de tous les vocabulaires du jazz contemporain : de l’improvisation libre d’inspiration européenne aux diverses formes d’orthodoxie jazz.</p>

<p>Fondé en 1998, straSax a célèbré en 2023 son 25ème anniversaire et s’offre un retour aux sources avec un tout nouveau répertoire composé par les plumes du groupe pour leur [&hellip;]</p>

<!-- This site is optimized with the Yoast SEO plugin v25.7 - https://yoast.com/wordpress/plugins/seo/ -->
<title>StraSax - Sunset Sunside</title>
<meta name="robots" content="index, follow, max-snippet:-1, max-image-preview:large, max-video-preview:-1" />
<link rel="canonical" href="https://www.sunset-sunside.com/concert/strasax/" />
<meta property="og:locale" content="fr_FR" />
<meta property="og:type" content="article" />
<meta property="og:title" content="StraSax - Sunset Sunside" />
<meta property="og:description" content="Fondé en 1998, straSax a célèbré en 2023 son 25ème anniversaire et s’offre un retour aux sources avec un tout nouveau répertoire composé par les plumes du groupe pour leur [&hellip;]" />
<meta property="og:url" content="https://www.sunset-sunside.com/concert/strasax/" />
<meta property="og:site_name" content="Sunset Sunside" />
<meta property="article:publisher" content="https://www.facebook.com/SunsetSunsideJazzClub/" />
<meta property="article:modified_time" content="2025-12-09T15:28:29+00:00" />
<meta property="og:image" content="https://www.sunset-sunside.com/app/uploads/2025/12/straSax_2023_©Adrien_Berthet_Portrait_1-775x1024.jpg" />
	<meta property="og:image:width" content="775" />
	<meta property="og:image:height" content="1024" />
	<meta property="og:image:type" content="image/jpeg" />
<meta name="twitter:card" content="summary_large_image" />
<meta name="twitter:site" content="@SunsetSunside" />
<meta name="twitter:label1" content="Durée de lecture estimée" />
	<meta name="twitter:data1" content="1 minute" />
<script type="application/ld+json" class="yoast-schema-graph">{"@context":"https://schema.org","@graph":[{"@type":"WebPage","@id":"https://www.sunset-sunside.com/concert/strasax/","url":"https://www.sunset-sunside.com/concert/strasax/","name":"StraSax - Sunset Sunside","isPartOf":{"@id":"https://www.sunset-sunside.com/#website"},"primaryImageOfPage":{"@id":"https://www.sunset-sunside.com/concert/strasax/#primaryimage"},"image":{"@id":"https://www.sunset-sunside.com/concert/strasax/#primaryimage"},"thumbnailUrl":"https://www.sunset-sunside.com/app/uploads/2025/12/straSax_2023_©Adrien_Berthet_Portrait_1.jpg","datePublished":"2025-12-09T14:04:38+00:00","dateModified":"2025-12-09T15:28:29+00:00","breadcrumb":{"@id":"https://www.sunset-sunside.com/concert/strasax/#breadcrumb"},"inLanguage":"fr-FR","potentialAction":[{"@type":"ReadAction","target":["https://www.sunset-sunside.com/concert/strasax/"]}]},{"@type":"ImageObject","inLanguage":"fr-FR","@id":"https://www.sunset-sunside.com/concert/strasax/#primaryimage","url":"https://www.sunset-sunside.com/app/uploads/2025/12/straSax_2023_©Adrien_Berthet_Portrait_1.jpg","contentUrl":"https://www.sunset-sunside.com/app/uploads/2025/12/straSax_2023_©Adrien_Berthet_Portrait_1.jpg","width":4092,"height":5406,"caption":"© Adrien Berthet"},{"@type":"BreadcrumbList","@id":"https://www.sunset-sunside.com/concert/strasax/#breadcrumb","itemListElement":[{"@type":"ListItem","position":1,"name":"Accueil","item":"https://www.sunset-sunside.com/"},{"@type":"ListItem","position":2,"name":"Évènements","item":"https://www.sunset-sunside.com/concerts/"},{"@type":"ListItem","position":3,"name":"StraSax"}]},{"@type":"WebSite","@id":"https://www.sunset-sunside.com/#website","url":"https://www.sunset-sunside.com/","name":"Sunset Sunside","description":"","potentialAction":[{"@type":"SearchAction","target":{"@type":"EntryPoint","urlTemplate":"https://www.sunset-sunside.com/?s={search_term_string}"},"query-input":{"@type":"PropertyValueSpecification","valueRequired":true,"valueName":"search_term_string"}}],"inLanguage":"fr-FR"}]}</script>
<!-- / Yoast SEO plugin. -->

Fondé en 1998, straSax a célèbré en 2023 son 25ème anniversaire et s’offre un retour aux sources avec un tout nouveau répertoire composé par les plumes du groupe pour leur [&hellip;]

Évènements
