{"id":117536,"date":"2025-12-12T14:55:36","date_gmt":"2025-12-12T13:55:36","guid":{"rendered":"https:\/\/www.sunset-sunside.com\/?post_type=tribe_events&#038;p=117536"},"modified":"2025-12-12T14:58:42","modified_gmt":"2025-12-12T13:58:42","slug":"thomas-curbillon-trio-2","status":"publish","type":"tribe_events","link":"https:\/\/www.sunset-sunside.com\/concert\/thomas-curbillon-trio-2\/","title":{"rendered":"Thomas Curbillon Trio"},"content":{"rendered":"<p>Dire que Thomas Curbillon a biberonn\u00e9 au son du trio guitare-orgue-batterie est un euph\u00e9misme tant les disques de Ren\u00e9 Thomas avec Eddy Louiss, Kenny Burrell avec Jimmy Smith ou plus r\u00e9cemment Peter Bernstein avec Larry Goldings, tournaient en boucle sur la platine de son p\u00e8re.\u00a0<\/p>\n<p>&nbsp;<\/p>\n<p>\nComme \u00e0 la maison donc et une formation id\u00e9ale pour le guitariste et chanteur qui revisite avec ce nouveau trio, des compositions de son premier disque \u00ab\u00a0Place Ste Opportune\u00a0\u00bb mais aussi des compositions instrumentales et de\u00a0 toutes nouvelles chansons d\u2019un disque \u00e0 venir.\u00a0<\/p>\n<p>&nbsp;<\/p>\n<p>\nAvec lui deux musiciens lumineux et indispensables de la sc\u00e8ne jazz parisienne :\u00a0 l\u2019organiste Guillaume Naud et le batteur Vincent Frade qui font des merveilles de groove, de joyeux swing, et de po\u00e9sie. \u00a0<\/p>\n","protected":false},"excerpt":{"rendered":"<p>Dire que Thomas Curbillon a biberonn\u00e9 au son du trio guitare-orgue-batterie est un euph\u00e9misme tant les disques de Ren\u00e9 Thomas avec Eddy Louiss, Kenny Burrell avec Jimmy Smith ou plus [&hellip;]<\/p>\n","protected":false},"author":30761,"featured_media":117544,"template":"","meta":{"_acf_changed":false,"_price":"","_stock":"","_tribe_ticket_header":"","_tribe_default_ticket_provider":"Tribe__Tickets_Plus__Commerce__WooCommerce__Main","_tribe_ticket_capacity":"100","_ticket_start_date":"","_ticket_end_date":"","_tribe_ticket_show_description":"","_tribe_ticket_show_not_going":false,"_tribe_ticket_use_global_stock":"1","_tribe_ticket_global_stock_level":"100","_global_stock_mode":"","_global_stock_cap":"","_tribe_rsvp_for_event":"","_tribe_ticket_going_count":"","_tribe_ticket_not_going_count":"","_tribe_tickets_list":"[{\"id\":117539,\"type\":\"default\",\"title\":\"Tarif r\\u00e9duit\",\"description\":\"Tarif r\\u00e9serv\\u00e9 aux \\u00e9tudiants de moins de 25 ans, ch\\u00f4meurs et intermittents du spectacle. Pr\\u00e9sentation obligatoire d\\u2019un justificatif \\u00e0 l\\u2019entr\\u00e9e. Un suppl\\u00e9ment vous sera demand\\u00e9 pour non pr\\u00e9sentation de justificatif.\",\"capacityType\":\"global\",\"price\":18,\"capacity\":100,\"available\":100,\"sharedCapacity\":100,\"sold\":0,\"shareSold\":0,\"isShared\":true,\"currencyDecimalPoint\":\",\",\"currencyNumberOfDecimals\":2,\"currencyPosition\":\"prefix\",\"currencySymbol\":\"$\",\"currencyThousandsSep\":\"\"},{\"id\":117537,\"type\":\"default\",\"title\":\"Tarif plein\",\"description\":\"\",\"capacityType\":\"global\",\"price\":28,\"capacity\":100,\"available\":100,\"sharedCapacity\":100,\"sold\":0,\"shareSold\":0,\"isShared\":true,\"currencyDecimalPoint\":\",\",\"currencyNumberOfDecimals\":2,\"currencyPosition\":\"prefix\",\"currencySymbol\":\"$\",\"currencyThousandsSep\":\"\"},{\"id\":117538,\"type\":\"default\",\"title\":\"Tarif adh\\u00e9rent\",\"description\":\"\",\"capacityType\":\"global\",\"price\":23,\"capacity\":100,\"available\":100,\"sharedCapacity\":100,\"sold\":0,\"shareSold\":0,\"isShared\":true,\"currencyDecimalPoint\":\",\",\"currencyNumberOfDecimals\":2,\"currencyPosition\":\"prefix\",\"currencySymbol\":\"$\",\"currencyThousandsSep\":\"\"}]","_tribe_ticket_has_attendee_info_fields":false,"_tribe_events_status":"","_tribe_events_status_reason":"","footnotes":"","_tec_slr_enabled":"","_tec_slr_layout":""},"tags":[],"genre":[69],"tribe_events_cat":[213,269,214,215,216],"class_list":["post-117536","tribe_events","type-tribe_events","status-publish","has-post-thumbnail","hentry","genre-jazz-contemporain","tribe_events_cat-albums-du-mois","tribe_events_cat-coming-soon","tribe_events_cat-coup-de-coeur","tribe_events_cat-decouvertes","tribe_events_cat-evenements","cat_albums-du-mois","cat_coming-soon","cat_coup-de-coeur","cat_decouvertes","cat_evenements"],"acf":[],"yoast_head":"<!-- This site is optimized with the Yoast SEO plugin v25.7 - https:\/\/yoast.com\/wordpress\/plugins\/seo\/ -->\n<title>Thomas Curbillon Trio - Sunset Sunside<\/title>\n<meta name=\"robots\" content=\"index, follow, max-snippet:-1, max-image-preview:large, max-video-preview:-1\" \/>\n<link rel=\"canonical\" href=\"https:\/\/www.sunset-sunside.com\/concert\/thomas-curbillon-trio-2\/\" \/>\n<meta property=\"og:locale\" content=\"fr_FR\" \/>\n<meta property=\"og:type\" content=\"article\" \/>\n<meta property=\"og:title\" content=\"Thomas Curbillon Trio - Sunset Sunside\" \/>\n<meta property=\"og:description\" content=\"Dire que Thomas Curbillon a biberonn\u00e9 au son du trio guitare-orgue-batterie est un euph\u00e9misme tant les disques de Ren\u00e9 Thomas avec Eddy Louiss, Kenny Burrell avec Jimmy Smith ou plus [&hellip;]\" \/>\n<meta property=\"og:url\" content=\"https:\/\/www.sunset-sunside.com\/concert\/thomas-curbillon-trio-2\/\" \/>\n<meta property=\"og:site_name\" content=\"Sunset Sunside\" \/>\n<meta property=\"article:publisher\" content=\"https:\/\/www.facebook.com\/SunsetSunsideJazzClub\/\" \/>\n<meta property=\"article:modified_time\" content=\"2025-12-12T13:58:42+00:00\" \/>\n<meta property=\"og:image\" content=\"https:\/\/www.sunset-sunside.com\/app\/uploads\/2025\/12\/Format-carre-16.jpg\" \/>\n\t<meta property=\"og:image:width\" content=\"1200\" \/>\n\t<meta property=\"og:image:height\" content=\"1200\" \/>\n\t<meta property=\"og:image:type\" content=\"image\/jpeg\" \/>\n<meta name=\"twitter:card\" content=\"summary_large_image\" \/>\n<meta name=\"twitter:site\" content=\"@SunsetSunside\" \/>\n<meta name=\"twitter:label1\" content=\"Dur\u00e9e de lecture estim\u00e9e\" \/>\n\t<meta name=\"twitter:data1\" content=\"1 minute\" \/>\n<script type=\"application\/ld+json\" class=\"yoast-schema-graph\">{\"@context\":\"https:\/\/schema.org\",\"@graph\":[{\"@type\":\"WebPage\",\"@id\":\"https:\/\/www.sunset-sunside.com\/concert\/thomas-curbillon-trio-2\/\",\"url\":\"https:\/\/www.sunset-sunside.com\/concert\/thomas-curbillon-trio-2\/\",\"name\":\"Thomas Curbillon Trio - Sunset Sunside\",\"isPartOf\":{\"@id\":\"https:\/\/www.sunset-sunside.com\/#website\"},\"primaryImageOfPage\":{\"@id\":\"https:\/\/www.sunset-sunside.com\/concert\/thomas-curbillon-trio-2\/#primaryimage\"},\"image\":{\"@id\":\"https:\/\/www.sunset-sunside.com\/concert\/thomas-curbillon-trio-2\/#primaryimage\"},\"thumbnailUrl\":\"https:\/\/www.sunset-sunside.com\/app\/uploads\/2025\/12\/Format-carre-16.jpg\",\"datePublished\":\"2025-12-12T13:55:36+00:00\",\"dateModified\":\"2025-12-12T13:58:42+00:00\",\"breadcrumb\":{\"@id\":\"https:\/\/www.sunset-sunside.com\/concert\/thomas-curbillon-trio-2\/#breadcrumb\"},\"inLanguage\":\"fr-FR\",\"potentialAction\":[{\"@type\":\"ReadAction\",\"target\":[\"https:\/\/www.sunset-sunside.com\/concert\/thomas-curbillon-trio-2\/\"]}]},{\"@type\":\"ImageObject\",\"inLanguage\":\"fr-FR\",\"@id\":\"https:\/\/www.sunset-sunside.com\/concert\/thomas-curbillon-trio-2\/#primaryimage\",\"url\":\"https:\/\/www.sunset-sunside.com\/app\/uploads\/2025\/12\/Format-carre-16.jpg\",\"contentUrl\":\"https:\/\/www.sunset-sunside.com\/app\/uploads\/2025\/12\/Format-carre-16.jpg\",\"width\":1200,\"height\":1200,\"caption\":\"\u00a9 DR\"},{\"@type\":\"BreadcrumbList\",\"@id\":\"https:\/\/www.sunset-sunside.com\/concert\/thomas-curbillon-trio-2\/#breadcrumb\",\"itemListElement\":[{\"@type\":\"ListItem\",\"position\":1,\"name\":\"Accueil\",\"item\":\"https:\/\/www.sunset-sunside.com\/\"},{\"@type\":\"ListItem\",\"position\":2,\"name\":\"\u00c9v\u00e8nements\",\"item\":\"https:\/\/www.sunset-sunside.com\/concerts\/\"},{\"@type\":\"ListItem\",\"position\":3,\"name\":\"Thomas Curbillon Trio\"}]},{\"@type\":\"WebSite\",\"@id\":\"https:\/\/www.sunset-sunside.com\/#website\",\"url\":\"https:\/\/www.sunset-sunside.com\/\",\"name\":\"Sunset Sunside\",\"description\":\"\",\"potentialAction\":[{\"@type\":\"SearchAction\",\"target\":{\"@type\":\"EntryPoint\",\"urlTemplate\":\"https:\/\/www.sunset-sunside.com\/?s={search_term_string}\"},\"query-input\":{\"@type\":\"PropertyValueSpecification\",\"valueRequired\":true,\"valueName\":\"search_term_string\"}}],\"inLanguage\":\"fr-FR\"}]}<\/script>\n<!-- \/ Yoast SEO plugin. -->","yoast_head_json":{"title":"Thomas Curbillon Trio - Sunset Sunside","robots":{"index":"index","follow":"follow","max-snippet":"max-snippet:-1","max-image-preview":"max-image-preview:large","max-video-preview":"max-video-preview:-1"},"canonical":"https:\/\/www.sunset-sunside.com\/concert\/thomas-curbillon-trio-2\/","og_locale":"fr_FR","og_type":"article","og_title":"Thomas Curbillon Trio - Sunset Sunside","og_description":"Dire que Thomas Curbillon a biberonn\u00e9 au son du trio guitare-orgue-batterie est un euph\u00e9misme tant les disques de Ren\u00e9 Thomas avec Eddy Louiss, Kenny Burrell avec Jimmy Smith ou plus [&hellip;]","og_url":"https:\/\/www.sunset-sunside.com\/concert\/thomas-curbillon-trio-2\/","og_site_name":"Sunset Sunside","article_publisher":"https:\/\/www.facebook.com\/SunsetSunsideJazzClub\/","article_modified_time":"2025-12-12T13:58:42+00:00","og_image":[{"width":1200,"height":1200,"url":"https:\/\/www.sunset-sunside.com\/app\/uploads\/2025\/12\/Format-carre-16.jpg","type":"image\/jpeg"}],"twitter_card":"summary_large_image","twitter_site":"@SunsetSunside","twitter_misc":{"Dur\u00e9e de lecture estim\u00e9e":"1 minute"},"schema":{"@context":"https:\/\/schema.org","@graph":[{"@type":"WebPage","@id":"https:\/\/www.sunset-sunside.com\/concert\/thomas-curbillon-trio-2\/","url":"https:\/\/www.sunset-sunside.com\/concert\/thomas-curbillon-trio-2\/","name":"Thomas Curbillon Trio - Sunset Sunside","isPartOf":{"@id":"https:\/\/www.sunset-sunside.com\/#website"},"primaryImageOfPage":{"@id":"https:\/\/www.sunset-sunside.com\/concert\/thomas-curbillon-trio-2\/#primaryimage"},"image":{"@id":"https:\/\/www.sunset-sunside.com\/concert\/thomas-curbillon-trio-2\/#primaryimage"},"thumbnailUrl":"https:\/\/www.sunset-sunside.com\/app\/uploads\/2025\/12\/Format-carre-16.jpg","datePublished":"2025-12-12T13:55:36+00:00","dateModified":"2025-12-12T13:58:42+00:00","breadcrumb":{"@id":"https:\/\/www.sunset-sunside.com\/concert\/thomas-curbillon-trio-2\/#breadcrumb"},"inLanguage":"fr-FR","potentialAction":[{"@type":"ReadAction","target":["https:\/\/www.sunset-sunside.com\/concert\/thomas-curbillon-trio-2\/"]}]},{"@type":"ImageObject","inLanguage":"fr-FR","@id":"https:\/\/www.sunset-sunside.com\/concert\/thomas-curbillon-trio-2\/#primaryimage","url":"https:\/\/www.sunset-sunside.com\/app\/uploads\/2025\/12\/Format-carre-16.jpg","contentUrl":"https:\/\/www.sunset-sunside.com\/app\/uploads\/2025\/12\/Format-carre-16.jpg","width":1200,"height":1200,"caption":"\u00a9 DR"},{"@type":"BreadcrumbList","@id":"https:\/\/www.sunset-sunside.com\/concert\/thomas-curbillon-trio-2\/#breadcrumb","itemListElement":[{"@type":"ListItem","position":1,"name":"Accueil","item":"https:\/\/www.sunset-sunside.com\/"},{"@type":"ListItem","position":2,"name":"\u00c9v\u00e8nements","item":"https:\/\/www.sunset-sunside.com\/concerts\/"},{"@type":"ListItem","position":3,"name":"Thomas Curbillon Trio"}]},{"@type":"WebSite","@id":"https:\/\/www.sunset-sunside.com\/#website","url":"https:\/\/www.sunset-sunside.com\/","name":"Sunset Sunside","description":"","potentialAction":[{"@type":"SearchAction","target":{"@type":"EntryPoint","urlTemplate":"https:\/\/www.sunset-sunside.com\/?s={search_term_string}"},"query-input":{"@type":"PropertyValueSpecification","valueRequired":true,"valueName":"search_term_string"}}],"inLanguage":"fr-FR"}]}},"publishpress_future_action":{"enabled":false,"date":"2026-04-12 16:06:56","action":"change-status","newStatus":"draft","terms":[],"taxonomy":"post_tag","extraData":[]},"publishpress_future_workflow_manual_trigger":{"enabledWorkflows":[]},"ticketed":["woo"],"_links":{"self":[{"href":"https:\/\/www.sunset-sunside.com\/wp-json\/wp\/v2\/tribe_events\/117536","targetHints":{"allow":["GET"]}}],"collection":[{"href":"https:\/\/www.sunset-sunside.com\/wp-json\/wp\/v2\/tribe_events"}],"about":[{"href":"https:\/\/www.sunset-sunside.com\/wp-json\/wp\/v2\/types\/tribe_events"}],"author":[{"embeddable":true,"href":"https:\/\/www.sunset-sunside.com\/wp-json\/wp\/v2\/users\/30761"}],"version-history":[{"count":1,"href":"https:\/\/www.sunset-sunside.com\/wp-json\/wp\/v2\/tribe_events\/117536\/revisions"}],"predecessor-version":[{"id":117541,"href":"https:\/\/www.sunset-sunside.com\/wp-json\/wp\/v2\/tribe_events\/117536\/revisions\/117541"}],"wp:featuredmedia":[{"embeddable":true,"href":"https:\/\/www.sunset-sunside.com\/wp-json\/wp\/v2\/media\/117544"}],"wp:attachment":[{"href":"https:\/\/www.sunset-sunside.com\/wp-json\/wp\/v2\/media?parent=117536"}],"wp:term":[{"taxonomy":"post_tag","embeddable":true,"href":"https:\/\/www.sunset-sunside.com\/wp-json\/wp\/v2\/tags?post=117536"},{"taxonomy":"genre","embeddable":true,"href":"https:\/\/www.sunset-sunside.com\/wp-json\/wp\/v2\/genre?post=117536"},{"taxonomy":"tribe_events_cat","embeddable":true,"href":"https:\/\/www.sunset-sunside.com\/wp-json\/wp\/v2\/tribe_events_cat?post=117536"}],"curies":[{"name":"wp","href":"https:\/\/api.w.org\/{rel}","templated":true}]}}

<p>Dire que Thomas Curbillon a biberonné au son du trio guitare-orgue-batterie est un euphémisme tant les disques de René Thomas avec Eddy Louiss, Kenny Burrell avec Jimmy Smith ou plus récemment Peter Bernstein avec Larry Goldings, tournaient en boucle sur la platine de son père. </p>
<p>&nbsp;</p>
<p>
Comme à la maison donc et une formation idéale pour le guitariste et chanteur qui revisite avec ce nouveau trio, des compositions de son premier disque « Place Ste Opportune » mais aussi des compositions instrumentales et de  toutes nouvelles chansons d’un disque à venir. </p>
<p>&nbsp;</p>
<p>
Avec lui deux musiciens lumineux et indispensables de la scène jazz parisienne :  l’organiste Guillaume Naud et le batteur Vincent Frade qui font des merveilles de groove, de joyeux swing, et de poésie.  </p>

<p>Dire que Thomas Curbillon a biberonné au son du trio guitare-orgue-batterie est un euphémisme tant les disques de René Thomas avec Eddy Louiss, Kenny Burrell avec Jimmy Smith ou plus [&hellip;]</p>

<!-- This site is optimized with the Yoast SEO plugin v25.7 - https://yoast.com/wordpress/plugins/seo/ -->
<title>Thomas Curbillon Trio - Sunset Sunside</title>
<meta name="robots" content="index, follow, max-snippet:-1, max-image-preview:large, max-video-preview:-1" />
<link rel="canonical" href="https://www.sunset-sunside.com/concert/thomas-curbillon-trio-2/" />
<meta property="og:locale" content="fr_FR" />
<meta property="og:type" content="article" />
<meta property="og:title" content="Thomas Curbillon Trio - Sunset Sunside" />
<meta property="og:description" content="Dire que Thomas Curbillon a biberonné au son du trio guitare-orgue-batterie est un euphémisme tant les disques de René Thomas avec Eddy Louiss, Kenny Burrell avec Jimmy Smith ou plus [&hellip;]" />
<meta property="og:url" content="https://www.sunset-sunside.com/concert/thomas-curbillon-trio-2/" />
<meta property="og:site_name" content="Sunset Sunside" />
<meta property="article:publisher" content="https://www.facebook.com/SunsetSunsideJazzClub/" />
<meta property="article:modified_time" content="2025-12-12T13:58:42+00:00" />
<meta property="og:image" content="https://www.sunset-sunside.com/app/uploads/2025/12/Format-carre-16.jpg" />
	<meta property="og:image:width" content="1200" />
	<meta property="og:image:height" content="1200" />
	<meta property="og:image:type" content="image/jpeg" />
<meta name="twitter:card" content="summary_large_image" />
<meta name="twitter:site" content="@SunsetSunside" />
<meta name="twitter:label1" content="Durée de lecture estimée" />
	<meta name="twitter:data1" content="1 minute" />
<script type="application/ld+json" class="yoast-schema-graph">{"@context":"https://schema.org","@graph":[{"@type":"WebPage","@id":"https://www.sunset-sunside.com/concert/thomas-curbillon-trio-2/","url":"https://www.sunset-sunside.com/concert/thomas-curbillon-trio-2/","name":"Thomas Curbillon Trio - Sunset Sunside","isPartOf":{"@id":"https://www.sunset-sunside.com/#website"},"primaryImageOfPage":{"@id":"https://www.sunset-sunside.com/concert/thomas-curbillon-trio-2/#primaryimage"},"image":{"@id":"https://www.sunset-sunside.com/concert/thomas-curbillon-trio-2/#primaryimage"},"thumbnailUrl":"https://www.sunset-sunside.com/app/uploads/2025/12/Format-carre-16.jpg","datePublished":"2025-12-12T13:55:36+00:00","dateModified":"2025-12-12T13:58:42+00:00","breadcrumb":{"@id":"https://www.sunset-sunside.com/concert/thomas-curbillon-trio-2/#breadcrumb"},"inLanguage":"fr-FR","potentialAction":[{"@type":"ReadAction","target":["https://www.sunset-sunside.com/concert/thomas-curbillon-trio-2/"]}]},{"@type":"ImageObject","inLanguage":"fr-FR","@id":"https://www.sunset-sunside.com/concert/thomas-curbillon-trio-2/#primaryimage","url":"https://www.sunset-sunside.com/app/uploads/2025/12/Format-carre-16.jpg","contentUrl":"https://www.sunset-sunside.com/app/uploads/2025/12/Format-carre-16.jpg","width":1200,"height":1200,"caption":"© DR"},{"@type":"BreadcrumbList","@id":"https://www.sunset-sunside.com/concert/thomas-curbillon-trio-2/#breadcrumb","itemListElement":[{"@type":"ListItem","position":1,"name":"Accueil","item":"https://www.sunset-sunside.com/"},{"@type":"ListItem","position":2,"name":"Évènements","item":"https://www.sunset-sunside.com/concerts/"},{"@type":"ListItem","position":3,"name":"Thomas Curbillon Trio"}]},{"@type":"WebSite","@id":"https://www.sunset-sunside.com/#website","url":"https://www.sunset-sunside.com/","name":"Sunset Sunside","description":"","potentialAction":[{"@type":"SearchAction","target":{"@type":"EntryPoint","urlTemplate":"https://www.sunset-sunside.com/?s={search_term_string}"},"query-input":{"@type":"PropertyValueSpecification","valueRequired":true,"valueName":"search_term_string"}}],"inLanguage":"fr-FR"}]}</script>
<!-- / Yoast SEO plugin. -->

Dire que Thomas Curbillon a biberonné au son du trio guitare-orgue-batterie est un euphémisme tant les disques de René Thomas avec Eddy Louiss, Kenny Burrell avec Jimmy Smith ou plus [&hellip;]

Évènements
