{"id":118896,"date":"2025-12-18T13:44:15","date_gmt":"2025-12-18T12:44:15","guid":{"rendered":"https:\/\/www.sunset-sunside.com\/?post_type=tribe_events&#038;p=118896"},"modified":"2025-12-18T13:44:15","modified_gmt":"2025-12-18T12:44:15","slug":"etienne-deconfin-trio","status":"publish","type":"tribe_events","link":"https:\/\/www.sunset-sunside.com\/concert\/etienne-deconfin-trio\/","title":{"rendered":"Etienne D\u00e9confin Trio"},"content":{"rendered":"<p>&#8220;\u00c9tienne D\u00e9confin revient avec un nouvel album en trio,\u00a0The\u00a0Magician in You ; ce dernier opus est compos\u00e9 int\u00e9gralement de musique originale : avec un swing\u00a0profond, des touches de pop et des \u00e9vocations \u00ab raveliennes \u00bb et impressionnistes,\u00a0le trio plonge l\u2019auditeur dans un univers musical unique.\u00a0\u00c0 la mani\u00e8re des grands trios de Bill Evans ou Paul Bley, l\u2019interplay, la m\u00e9lodie et la\u00a0libert\u00e9 sont au centre du propos musical.<br \/>\nAvec The Magician in You, Etienne D\u00e9confin prouve une nouvelle fois qu\u2019il est un \u00ab magicien \u00bb de la m\u00e9lodie.&#8221;<\/p>\n","protected":false},"excerpt":{"rendered":"<p>&#8220;\u00c9tienne D\u00e9confin revient avec un nouvel album en trio,\u00a0The\u00a0Magician in You ; ce dernier opus est compos\u00e9 int\u00e9gralement de musique originale : avec un swing\u00a0profond, des touches de pop et [&hellip;]<\/p>\n","protected":false},"author":30761,"featured_media":118900,"template":"","meta":{"_acf_changed":false,"_price":"","_stock":"","_tribe_ticket_header":"","_tribe_default_ticket_provider":"Tribe__Tickets_Plus__Commerce__WooCommerce__Main","_tribe_ticket_capacity":"96","_ticket_start_date":"","_ticket_end_date":"","_tribe_ticket_show_description":"","_tribe_ticket_show_not_going":false,"_tribe_ticket_use_global_stock":"1","_tribe_ticket_global_stock_level":"93","_global_stock_mode":"","_global_stock_cap":"","_tribe_rsvp_for_event":"","_tribe_ticket_going_count":"","_tribe_ticket_not_going_count":"","_tribe_tickets_list":"[{\"id\":118897,\"type\":\"default\",\"title\":\"Tarif plein*\",\"description\":\"\",\"capacityType\":\"global\",\"price\":28,\"capacity\":96,\"available\":93,\"sharedCapacity\":96,\"sold\":3,\"shareSold\":3,\"isShared\":true,\"currencyDecimalPoint\":\",\",\"currencyNumberOfDecimals\":2,\"currencyPosition\":\"prefix\",\"currencySymbol\":\"$\",\"currencyThousandsSep\":\"\"},{\"id\":118898,\"type\":\"default\",\"title\":\"Tarif adh\\u00e9rent\",\"description\":\"\",\"capacityType\":\"global\",\"price\":23,\"capacity\":96,\"available\":93,\"sharedCapacity\":96,\"sold\":0,\"shareSold\":0,\"isShared\":true,\"currencyDecimalPoint\":\",\",\"currencyNumberOfDecimals\":2,\"currencyPosition\":\"prefix\",\"currencySymbol\":\"$\",\"currencyThousandsSep\":\"\"},{\"id\":118899,\"type\":\"default\",\"title\":\"Tarif r\\u00e9duit\",\"description\":\"Tarif r\\u00e9serv\\u00e9 aux \\u00e9tudiants de moins de 25 ans, ch\\u00f4meurs et intermittents du spectacle. Pr\\u00e9sentation obligatoire d\\u2019un justificatif \\u00e0 l\\u2019entr\\u00e9e. \\r\\nUn suppl\\u00e9ment vous sera demand\\u00e9 pour non pr\\u00e9sentation de justificatif. \",\"capacityType\":\"global\",\"price\":18,\"capacity\":96,\"available\":93,\"sharedCapacity\":96,\"sold\":0,\"shareSold\":0,\"isShared\":true,\"currencyDecimalPoint\":\",\",\"currencyNumberOfDecimals\":2,\"currencyPosition\":\"prefix\",\"currencySymbol\":\"$\",\"currencyThousandsSep\":\"\"}]","_tribe_ticket_has_attendee_info_fields":false,"_tribe_events_status":"","_tribe_events_status_reason":"","footnotes":"","_tec_slr_enabled":"","_tec_slr_layout":""},"tags":[],"genre":[258],"tribe_events_cat":[213,269,214,215,216],"class_list":["post-118896","tribe_events","type-tribe_events","status-publish","has-post-thumbnail","hentry","genre-jazz-actuel","tribe_events_cat-albums-du-mois","tribe_events_cat-coming-soon","tribe_events_cat-coup-de-coeur","tribe_events_cat-decouvertes","tribe_events_cat-evenements","cat_albums-du-mois","cat_coming-soon","cat_coup-de-coeur","cat_decouvertes","cat_evenements"],"acf":[],"yoast_head":"<!-- This site is optimized with the Yoast SEO plugin v25.7 - https:\/\/yoast.com\/wordpress\/plugins\/seo\/ -->\n<title>Etienne D\u00e9confin Trio - Sunset Sunside<\/title>\n<meta name=\"robots\" content=\"index, follow, max-snippet:-1, max-image-preview:large, max-video-preview:-1\" \/>\n<link rel=\"canonical\" href=\"https:\/\/www.sunset-sunside.com\/concert\/etienne-deconfin-trio\/\" \/>\n<meta property=\"og:locale\" content=\"fr_FR\" \/>\n<meta property=\"og:type\" content=\"article\" \/>\n<meta property=\"og:title\" content=\"Etienne D\u00e9confin Trio - Sunset Sunside\" \/>\n<meta property=\"og:description\" content=\"&#8220;\u00c9tienne D\u00e9confin revient avec un nouvel album en trio,\u00a0The\u00a0Magician in You ; ce dernier opus est compos\u00e9 int\u00e9gralement de musique originale : avec un swing\u00a0profond, des touches de pop et [&hellip;]\" \/>\n<meta property=\"og:url\" content=\"https:\/\/www.sunset-sunside.com\/concert\/etienne-deconfin-trio\/\" \/>\n<meta property=\"og:site_name\" content=\"Sunset Sunside\" \/>\n<meta property=\"article:publisher\" content=\"https:\/\/www.facebook.com\/SunsetSunsideJazzClub\/\" \/>\n<meta property=\"og:image\" content=\"https:\/\/www.sunset-sunside.com\/app\/uploads\/2025\/12\/E.Deconfin-Trio-HD.jpeg\" \/>\n\t<meta property=\"og:image:width\" content=\"640\" \/>\n\t<meta property=\"og:image:height\" content=\"481\" \/>\n\t<meta property=\"og:image:type\" content=\"image\/jpeg\" \/>\n<meta name=\"twitter:card\" content=\"summary_large_image\" \/>\n<meta name=\"twitter:site\" content=\"@SunsetSunside\" \/>\n<meta name=\"twitter:label1\" content=\"Dur\u00e9e de lecture estim\u00e9e\" \/>\n\t<meta name=\"twitter:data1\" content=\"1 minute\" \/>\n<script type=\"application\/ld+json\" class=\"yoast-schema-graph\">{\"@context\":\"https:\/\/schema.org\",\"@graph\":[{\"@type\":\"WebPage\",\"@id\":\"https:\/\/www.sunset-sunside.com\/concert\/etienne-deconfin-trio\/\",\"url\":\"https:\/\/www.sunset-sunside.com\/concert\/etienne-deconfin-trio\/\",\"name\":\"Etienne D\u00e9confin Trio - Sunset Sunside\",\"isPartOf\":{\"@id\":\"https:\/\/www.sunset-sunside.com\/#website\"},\"primaryImageOfPage\":{\"@id\":\"https:\/\/www.sunset-sunside.com\/concert\/etienne-deconfin-trio\/#primaryimage\"},\"image\":{\"@id\":\"https:\/\/www.sunset-sunside.com\/concert\/etienne-deconfin-trio\/#primaryimage\"},\"thumbnailUrl\":\"https:\/\/www.sunset-sunside.com\/app\/uploads\/2025\/12\/E.Deconfin-Trio-HD.jpeg\",\"datePublished\":\"2025-12-18T12:44:15+00:00\",\"breadcrumb\":{\"@id\":\"https:\/\/www.sunset-sunside.com\/concert\/etienne-deconfin-trio\/#breadcrumb\"},\"inLanguage\":\"fr-FR\",\"potentialAction\":[{\"@type\":\"ReadAction\",\"target\":[\"https:\/\/www.sunset-sunside.com\/concert\/etienne-deconfin-trio\/\"]}]},{\"@type\":\"ImageObject\",\"inLanguage\":\"fr-FR\",\"@id\":\"https:\/\/www.sunset-sunside.com\/concert\/etienne-deconfin-trio\/#primaryimage\",\"url\":\"https:\/\/www.sunset-sunside.com\/app\/uploads\/2025\/12\/E.Deconfin-Trio-HD.jpeg\",\"contentUrl\":\"https:\/\/www.sunset-sunside.com\/app\/uploads\/2025\/12\/E.Deconfin-Trio-HD.jpeg\",\"width\":640,\"height\":481,\"caption\":\"\u00a9 Ma\u00eblle Truffa\"},{\"@type\":\"BreadcrumbList\",\"@id\":\"https:\/\/www.sunset-sunside.com\/concert\/etienne-deconfin-trio\/#breadcrumb\",\"itemListElement\":[{\"@type\":\"ListItem\",\"position\":1,\"name\":\"Accueil\",\"item\":\"https:\/\/www.sunset-sunside.com\/\"},{\"@type\":\"ListItem\",\"position\":2,\"name\":\"\u00c9v\u00e8nements\",\"item\":\"https:\/\/www.sunset-sunside.com\/concerts\/\"},{\"@type\":\"ListItem\",\"position\":3,\"name\":\"Etienne D\u00e9confin Trio\"}]},{\"@type\":\"WebSite\",\"@id\":\"https:\/\/www.sunset-sunside.com\/#website\",\"url\":\"https:\/\/www.sunset-sunside.com\/\",\"name\":\"Sunset Sunside\",\"description\":\"\",\"potentialAction\":[{\"@type\":\"SearchAction\",\"target\":{\"@type\":\"EntryPoint\",\"urlTemplate\":\"https:\/\/www.sunset-sunside.com\/?s={search_term_string}\"},\"query-input\":{\"@type\":\"PropertyValueSpecification\",\"valueRequired\":true,\"valueName\":\"search_term_string\"}}],\"inLanguage\":\"fr-FR\"}]}<\/script>\n<!-- \/ Yoast SEO plugin. -->","yoast_head_json":{"title":"Etienne D\u00e9confin Trio - Sunset Sunside","robots":{"index":"index","follow":"follow","max-snippet":"max-snippet:-1","max-image-preview":"max-image-preview:large","max-video-preview":"max-video-preview:-1"},"canonical":"https:\/\/www.sunset-sunside.com\/concert\/etienne-deconfin-trio\/","og_locale":"fr_FR","og_type":"article","og_title":"Etienne D\u00e9confin Trio - Sunset Sunside","og_description":"&#8220;\u00c9tienne D\u00e9confin revient avec un nouvel album en trio,\u00a0The\u00a0Magician in You ; ce dernier opus est compos\u00e9 int\u00e9gralement de musique originale : avec un swing\u00a0profond, des touches de pop et [&hellip;]","og_url":"https:\/\/www.sunset-sunside.com\/concert\/etienne-deconfin-trio\/","og_site_name":"Sunset Sunside","article_publisher":"https:\/\/www.facebook.com\/SunsetSunsideJazzClub\/","og_image":[{"width":640,"height":481,"url":"https:\/\/www.sunset-sunside.com\/app\/uploads\/2025\/12\/E.Deconfin-Trio-HD.jpeg","type":"image\/jpeg"}],"twitter_card":"summary_large_image","twitter_site":"@SunsetSunside","twitter_misc":{"Dur\u00e9e de lecture estim\u00e9e":"1 minute"},"schema":{"@context":"https:\/\/schema.org","@graph":[{"@type":"WebPage","@id":"https:\/\/www.sunset-sunside.com\/concert\/etienne-deconfin-trio\/","url":"https:\/\/www.sunset-sunside.com\/concert\/etienne-deconfin-trio\/","name":"Etienne D\u00e9confin Trio - Sunset Sunside","isPartOf":{"@id":"https:\/\/www.sunset-sunside.com\/#website"},"primaryImageOfPage":{"@id":"https:\/\/www.sunset-sunside.com\/concert\/etienne-deconfin-trio\/#primaryimage"},"image":{"@id":"https:\/\/www.sunset-sunside.com\/concert\/etienne-deconfin-trio\/#primaryimage"},"thumbnailUrl":"https:\/\/www.sunset-sunside.com\/app\/uploads\/2025\/12\/E.Deconfin-Trio-HD.jpeg","datePublished":"2025-12-18T12:44:15+00:00","breadcrumb":{"@id":"https:\/\/www.sunset-sunside.com\/concert\/etienne-deconfin-trio\/#breadcrumb"},"inLanguage":"fr-FR","potentialAction":[{"@type":"ReadAction","target":["https:\/\/www.sunset-sunside.com\/concert\/etienne-deconfin-trio\/"]}]},{"@type":"ImageObject","inLanguage":"fr-FR","@id":"https:\/\/www.sunset-sunside.com\/concert\/etienne-deconfin-trio\/#primaryimage","url":"https:\/\/www.sunset-sunside.com\/app\/uploads\/2025\/12\/E.Deconfin-Trio-HD.jpeg","contentUrl":"https:\/\/www.sunset-sunside.com\/app\/uploads\/2025\/12\/E.Deconfin-Trio-HD.jpeg","width":640,"height":481,"caption":"\u00a9 Ma\u00eblle Truffa"},{"@type":"BreadcrumbList","@id":"https:\/\/www.sunset-sunside.com\/concert\/etienne-deconfin-trio\/#breadcrumb","itemListElement":[{"@type":"ListItem","position":1,"name":"Accueil","item":"https:\/\/www.sunset-sunside.com\/"},{"@type":"ListItem","position":2,"name":"\u00c9v\u00e8nements","item":"https:\/\/www.sunset-sunside.com\/concerts\/"},{"@type":"ListItem","position":3,"name":"Etienne D\u00e9confin Trio"}]},{"@type":"WebSite","@id":"https:\/\/www.sunset-sunside.com\/#website","url":"https:\/\/www.sunset-sunside.com\/","name":"Sunset Sunside","description":"","potentialAction":[{"@type":"SearchAction","target":{"@type":"EntryPoint","urlTemplate":"https:\/\/www.sunset-sunside.com\/?s={search_term_string}"},"query-input":{"@type":"PropertyValueSpecification","valueRequired":true,"valueName":"search_term_string"}}],"inLanguage":"fr-FR"}]}},"publishpress_future_action":{"enabled":false,"date":"2026-04-12 16:26:37","action":"change-status","newStatus":"draft","terms":[],"taxonomy":"post_tag","extraData":[]},"publishpress_future_workflow_manual_trigger":{"enabledWorkflows":[]},"ticketed":["woo"],"_links":{"self":[{"href":"https:\/\/www.sunset-sunside.com\/wp-json\/wp\/v2\/tribe_events\/118896","targetHints":{"allow":["GET"]}}],"collection":[{"href":"https:\/\/www.sunset-sunside.com\/wp-json\/wp\/v2\/tribe_events"}],"about":[{"href":"https:\/\/www.sunset-sunside.com\/wp-json\/wp\/v2\/types\/tribe_events"}],"author":[{"embeddable":true,"href":"https:\/\/www.sunset-sunside.com\/wp-json\/wp\/v2\/users\/30761"}],"version-history":[{"count":1,"href":"https:\/\/www.sunset-sunside.com\/wp-json\/wp\/v2\/tribe_events\/118896\/revisions"}],"predecessor-version":[{"id":118901,"href":"https:\/\/www.sunset-sunside.com\/wp-json\/wp\/v2\/tribe_events\/118896\/revisions\/118901"}],"wp:featuredmedia":[{"embeddable":true,"href":"https:\/\/www.sunset-sunside.com\/wp-json\/wp\/v2\/media\/118900"}],"wp:attachment":[{"href":"https:\/\/www.sunset-sunside.com\/wp-json\/wp\/v2\/media?parent=118896"}],"wp:term":[{"taxonomy":"post_tag","embeddable":true,"href":"https:\/\/www.sunset-sunside.com\/wp-json\/wp\/v2\/tags?post=118896"},{"taxonomy":"genre","embeddable":true,"href":"https:\/\/www.sunset-sunside.com\/wp-json\/wp\/v2\/genre?post=118896"},{"taxonomy":"tribe_events_cat","embeddable":true,"href":"https:\/\/www.sunset-sunside.com\/wp-json\/wp\/v2\/tribe_events_cat?post=118896"}],"curies":[{"name":"wp","href":"https:\/\/api.w.org\/{rel}","templated":true}]}}

Etienne Déconfin Trio

<p>&#8220;Étienne Déconfin revient avec un nouvel album en trio, The Magician in You ; ce dernier opus est composé intégralement de musique originale : avec un swing profond, des touches de pop et des évocations « raveliennes » et impressionnistes, le trio plonge l’auditeur dans un univers musical unique. À la manière des grands trios de Bill Evans ou Paul Bley, l’interplay, la mélodie et la liberté sont au centre du propos musical.<br />
Avec The Magician in You, Etienne Déconfin prouve une nouvelle fois qu’il est un « magicien » de la mélodie.&#8221;</p>

<p>&#8220;Étienne Déconfin revient avec un nouvel album en trio, The Magician in You ; ce dernier opus est composé intégralement de musique originale : avec un swing profond, des touches de pop et [&hellip;]</p>

<!-- This site is optimized with the Yoast SEO plugin v25.7 - https://yoast.com/wordpress/plugins/seo/ -->
<title>Etienne Déconfin Trio - Sunset Sunside</title>
<meta name="robots" content="index, follow, max-snippet:-1, max-image-preview:large, max-video-preview:-1" />
<link rel="canonical" href="https://www.sunset-sunside.com/concert/etienne-deconfin-trio/" />
<meta property="og:locale" content="fr_FR" />
<meta property="og:type" content="article" />
<meta property="og:title" content="Etienne Déconfin Trio - Sunset Sunside" />
<meta property="og:description" content="&#8220;Étienne Déconfin revient avec un nouvel album en trio, The Magician in You ; ce dernier opus est composé intégralement de musique originale : avec un swing profond, des touches de pop et [&hellip;]" />
<meta property="og:url" content="https://www.sunset-sunside.com/concert/etienne-deconfin-trio/" />
<meta property="og:site_name" content="Sunset Sunside" />
<meta property="article:publisher" content="https://www.facebook.com/SunsetSunsideJazzClub/" />
<meta property="og:image" content="https://www.sunset-sunside.com/app/uploads/2025/12/E.Deconfin-Trio-HD.jpeg" />
	<meta property="og:image:width" content="640" />
	<meta property="og:image:height" content="481" />
	<meta property="og:image:type" content="image/jpeg" />
<meta name="twitter:card" content="summary_large_image" />
<meta name="twitter:site" content="@SunsetSunside" />
<meta name="twitter:label1" content="Durée de lecture estimée" />
	<meta name="twitter:data1" content="1 minute" />
<script type="application/ld+json" class="yoast-schema-graph">{"@context":"https://schema.org","@graph":[{"@type":"WebPage","@id":"https://www.sunset-sunside.com/concert/etienne-deconfin-trio/","url":"https://www.sunset-sunside.com/concert/etienne-deconfin-trio/","name":"Etienne Déconfin Trio - Sunset Sunside","isPartOf":{"@id":"https://www.sunset-sunside.com/#website"},"primaryImageOfPage":{"@id":"https://www.sunset-sunside.com/concert/etienne-deconfin-trio/#primaryimage"},"image":{"@id":"https://www.sunset-sunside.com/concert/etienne-deconfin-trio/#primaryimage"},"thumbnailUrl":"https://www.sunset-sunside.com/app/uploads/2025/12/E.Deconfin-Trio-HD.jpeg","datePublished":"2025-12-18T12:44:15+00:00","breadcrumb":{"@id":"https://www.sunset-sunside.com/concert/etienne-deconfin-trio/#breadcrumb"},"inLanguage":"fr-FR","potentialAction":[{"@type":"ReadAction","target":["https://www.sunset-sunside.com/concert/etienne-deconfin-trio/"]}]},{"@type":"ImageObject","inLanguage":"fr-FR","@id":"https://www.sunset-sunside.com/concert/etienne-deconfin-trio/#primaryimage","url":"https://www.sunset-sunside.com/app/uploads/2025/12/E.Deconfin-Trio-HD.jpeg","contentUrl":"https://www.sunset-sunside.com/app/uploads/2025/12/E.Deconfin-Trio-HD.jpeg","width":640,"height":481,"caption":"© Maëlle Truffa"},{"@type":"BreadcrumbList","@id":"https://www.sunset-sunside.com/concert/etienne-deconfin-trio/#breadcrumb","itemListElement":[{"@type":"ListItem","position":1,"name":"Accueil","item":"https://www.sunset-sunside.com/"},{"@type":"ListItem","position":2,"name":"Évènements","item":"https://www.sunset-sunside.com/concerts/"},{"@type":"ListItem","position":3,"name":"Etienne Déconfin Trio"}]},{"@type":"WebSite","@id":"https://www.sunset-sunside.com/#website","url":"https://www.sunset-sunside.com/","name":"Sunset Sunside","description":"","potentialAction":[{"@type":"SearchAction","target":{"@type":"EntryPoint","urlTemplate":"https://www.sunset-sunside.com/?s={search_term_string}"},"query-input":{"@type":"PropertyValueSpecification","valueRequired":true,"valueName":"search_term_string"}}],"inLanguage":"fr-FR"}]}</script>
<!-- / Yoast SEO plugin. -->

Etienne Déconfin Trio - Sunset Sunside

&#8220;Étienne Déconfin revient avec un nouvel album en trio, The Magician in You ; ce dernier opus est composé intégralement de musique originale : avec un swing profond, des touches de pop et [&hellip;]

© Maëlle Truffa

Évènements
