{"id":119171,"date":"2025-12-19T14:53:43","date_gmt":"2025-12-19T13:53:43","guid":{"rendered":"https:\/\/www.sunset-sunside.com\/?post_type=tribe_events&#038;p=119171"},"modified":"2025-12-23T12:00:15","modified_gmt":"2025-12-23T11:00:15","slug":"carlos-cavallini","status":"publish","type":"tribe_events","link":"https:\/\/www.sunset-sunside.com\/concert\/carlos-cavallini\/","title":{"rendered":"Carlos Cavallini &#8220;O tamanho do Tempo&#8221;"},"content":{"rendered":"<p>Carlos Cavallini est un auteur-compositeur-interpr\u00e8te br\u00e9silien bas\u00e9 \u00e0 Lisbonne, ancr\u00e9 dans la MPB contemporaine. \u00c0 Paris, il se pr\u00e9sente en trio acoustique avec\u00a0Rapha Braga (guitare)\u00a0et\u00a0Walter Areia (contrebasse),\u00a0avec la participation sp\u00e9ciale de la cantautrice portugaise\u00a0In\u00eas Viterbo.\u00a0<\/p>\n","protected":false},"excerpt":{"rendered":"<p>Carlos Cavallini est un auteur-compositeur-interpr\u00e8te br\u00e9silien bas\u00e9 \u00e0 Lisbonne, ancr\u00e9 dans la MPB contemporaine. \u00c0 Paris, il se pr\u00e9sente en trio acoustique avec\u00a0Rapha Braga (guitare)\u00a0et\u00a0Walter Areia (contrebasse),\u00a0avec la participation sp\u00e9ciale [&hellip;]<\/p>\n","protected":false},"author":2,"featured_media":119185,"template":"","meta":{"_acf_changed":false,"_price":"","_stock":"","_tribe_ticket_header":"","_tribe_default_ticket_provider":"Tribe__Tickets_Plus__Commerce__WooCommerce__Main","_tribe_ticket_capacity":"100","_ticket_start_date":"","_ticket_end_date":"","_tribe_ticket_show_description":"","_tribe_ticket_show_not_going":false,"_tribe_ticket_use_global_stock":"1","_tribe_ticket_global_stock_level":"100","_global_stock_mode":"","_global_stock_cap":"","_tribe_rsvp_for_event":"","_tribe_ticket_going_count":"","_tribe_ticket_not_going_count":"","_tribe_tickets_list":"[{\"id\":119172,\"type\":\"default\",\"title\":\"Tarif adh\\u00e9rent\",\"description\":\"\",\"capacityType\":\"global\",\"price\":20,\"capacity\":100,\"available\":100,\"sharedCapacity\":100,\"sold\":0,\"shareSold\":0,\"isShared\":true,\"currencyDecimalPoint\":\",\",\"currencyNumberOfDecimals\":2,\"currencyPosition\":\"prefix\",\"currencySymbol\":\"$\",\"currencyThousandsSep\":\"\"},{\"id\":119173,\"type\":\"default\",\"title\":\"Tarif plein*\",\"description\":\"\",\"capacityType\":\"global\",\"price\":25,\"capacity\":100,\"available\":100,\"sharedCapacity\":100,\"sold\":0,\"shareSold\":0,\"isShared\":true,\"currencyDecimalPoint\":\",\",\"currencyNumberOfDecimals\":2,\"currencyPosition\":\"prefix\",\"currencySymbol\":\"$\",\"currencyThousandsSep\":\"\"},{\"id\":119174,\"type\":\"default\",\"title\":\"Tarif r\\u00e9duit\",\"description\":\"Tarif r\\u00e9serv\\u00e9 aux \\u00e9tudiants de moins de 25 ans, ch\\u00f4meurs et intermittents du spectacle. Pr\\u00e9sentation obligatoire d\\u2019un justificatif \\u00e0 l\\u2019entr\\u00e9e. \\r\\nUn suppl\\u00e9ment vous sera demand\\u00e9 pour non pr\\u00e9sentation de justificatif. \",\"capacityType\":\"global\",\"price\":15,\"capacity\":100,\"available\":100,\"sharedCapacity\":100,\"sold\":0,\"shareSold\":0,\"isShared\":true,\"currencyDecimalPoint\":\",\",\"currencyNumberOfDecimals\":2,\"currencyPosition\":\"prefix\",\"currencySymbol\":\"$\",\"currencyThousandsSep\":\"\"}]","_tribe_ticket_has_attendee_info_fields":false,"_tribe_events_status":"","_tribe_events_status_reason":"","footnotes":"","_tec_slr_enabled":"","_tec_slr_layout":""},"tags":[],"genre":[],"tribe_events_cat":[213,269,214,215,216],"class_list":["post-119171","tribe_events","type-tribe_events","status-publish","has-post-thumbnail","hentry","tribe_events_cat-albums-du-mois","tribe_events_cat-coming-soon","tribe_events_cat-coup-de-coeur","tribe_events_cat-decouvertes","tribe_events_cat-evenements","cat_albums-du-mois","cat_coming-soon","cat_coup-de-coeur","cat_decouvertes","cat_evenements"],"acf":[],"yoast_head":"<!-- This site is optimized with the Yoast SEO plugin v25.7 - https:\/\/yoast.com\/wordpress\/plugins\/seo\/ -->\n<title>Carlos Cavallini &quot;O tamanho do Tempo&quot; - Sunset Sunside<\/title>\n<meta name=\"robots\" content=\"index, follow, max-snippet:-1, max-image-preview:large, max-video-preview:-1\" \/>\n<link rel=\"canonical\" href=\"https:\/\/www.sunset-sunside.com\/concert\/carlos-cavallini\/\" \/>\n<meta property=\"og:locale\" content=\"fr_FR\" \/>\n<meta property=\"og:type\" content=\"article\" \/>\n<meta property=\"og:title\" content=\"Carlos Cavallini &quot;O tamanho do Tempo&quot; - Sunset Sunside\" \/>\n<meta property=\"og:description\" content=\"Carlos Cavallini est un auteur-compositeur-interpr\u00e8te br\u00e9silien bas\u00e9 \u00e0 Lisbonne, ancr\u00e9 dans la MPB contemporaine. \u00c0 Paris, il se pr\u00e9sente en trio acoustique avec\u00a0Rapha Braga (guitare)\u00a0et\u00a0Walter Areia (contrebasse),\u00a0avec la participation sp\u00e9ciale [&hellip;]\" \/>\n<meta property=\"og:url\" content=\"https:\/\/www.sunset-sunside.com\/concert\/carlos-cavallini\/\" \/>\n<meta property=\"og:site_name\" content=\"Sunset Sunside\" \/>\n<meta property=\"article:publisher\" content=\"https:\/\/www.facebook.com\/SunsetSunsideJazzClub\/\" \/>\n<meta property=\"article:modified_time\" content=\"2025-12-23T11:00:15+00:00\" \/>\n<meta property=\"og:image\" content=\"https:\/\/www.sunset-sunside.com\/app\/uploads\/2025\/12\/1.-Carlos-Cavallini-Foto-Concerto-Credito-Thiago-Salomao-300dpi-e1766153304322.jpg\" \/>\n\t<meta property=\"og:image:width\" content=\"2303\" \/>\n\t<meta property=\"og:image:height\" content=\"2303\" \/>\n\t<meta property=\"og:image:type\" content=\"image\/jpeg\" \/>\n<meta name=\"twitter:card\" content=\"summary_large_image\" \/>\n<meta name=\"twitter:site\" content=\"@SunsetSunside\" \/>\n<meta name=\"twitter:label1\" content=\"Dur\u00e9e de lecture estim\u00e9e\" \/>\n\t<meta name=\"twitter:data1\" content=\"1 minute\" \/>\n<script type=\"application\/ld+json\" class=\"yoast-schema-graph\">{\"@context\":\"https:\/\/schema.org\",\"@graph\":[{\"@type\":\"WebPage\",\"@id\":\"https:\/\/www.sunset-sunside.com\/concert\/carlos-cavallini\/\",\"url\":\"https:\/\/www.sunset-sunside.com\/concert\/carlos-cavallini\/\",\"name\":\"Carlos Cavallini \\\"O tamanho do Tempo\\\" - Sunset Sunside\",\"isPartOf\":{\"@id\":\"https:\/\/www.sunset-sunside.com\/#website\"},\"primaryImageOfPage\":{\"@id\":\"https:\/\/www.sunset-sunside.com\/concert\/carlos-cavallini\/#primaryimage\"},\"image\":{\"@id\":\"https:\/\/www.sunset-sunside.com\/concert\/carlos-cavallini\/#primaryimage\"},\"thumbnailUrl\":\"https:\/\/www.sunset-sunside.com\/app\/uploads\/2025\/12\/1.-Carlos-Cavallini-Foto-Concerto-Credito-Thiago-Salomao-300dpi-e1766153304322.jpg\",\"datePublished\":\"2025-12-19T13:53:43+00:00\",\"dateModified\":\"2025-12-23T11:00:15+00:00\",\"breadcrumb\":{\"@id\":\"https:\/\/www.sunset-sunside.com\/concert\/carlos-cavallini\/#breadcrumb\"},\"inLanguage\":\"fr-FR\",\"potentialAction\":[{\"@type\":\"ReadAction\",\"target\":[\"https:\/\/www.sunset-sunside.com\/concert\/carlos-cavallini\/\"]}]},{\"@type\":\"ImageObject\",\"inLanguage\":\"fr-FR\",\"@id\":\"https:\/\/www.sunset-sunside.com\/concert\/carlos-cavallini\/#primaryimage\",\"url\":\"https:\/\/www.sunset-sunside.com\/app\/uploads\/2025\/12\/1.-Carlos-Cavallini-Foto-Concerto-Credito-Thiago-Salomao-300dpi-e1766153304322.jpg\",\"contentUrl\":\"https:\/\/www.sunset-sunside.com\/app\/uploads\/2025\/12\/1.-Carlos-Cavallini-Foto-Concerto-Credito-Thiago-Salomao-300dpi-e1766153304322.jpg\",\"width\":2303,\"height\":2303,\"caption\":\"\u00a9 Thiago Saloma\u0303o\"},{\"@type\":\"BreadcrumbList\",\"@id\":\"https:\/\/www.sunset-sunside.com\/concert\/carlos-cavallini\/#breadcrumb\",\"itemListElement\":[{\"@type\":\"ListItem\",\"position\":1,\"name\":\"Accueil\",\"item\":\"https:\/\/www.sunset-sunside.com\/\"},{\"@type\":\"ListItem\",\"position\":2,\"name\":\"\u00c9v\u00e8nements\",\"item\":\"https:\/\/www.sunset-sunside.com\/concerts\/\"},{\"@type\":\"ListItem\",\"position\":3,\"name\":\"Carlos Cavallini &#8220;O tamanho do Tempo&#8221;\"}]},{\"@type\":\"WebSite\",\"@id\":\"https:\/\/www.sunset-sunside.com\/#website\",\"url\":\"https:\/\/www.sunset-sunside.com\/\",\"name\":\"Sunset Sunside\",\"description\":\"\",\"potentialAction\":[{\"@type\":\"SearchAction\",\"target\":{\"@type\":\"EntryPoint\",\"urlTemplate\":\"https:\/\/www.sunset-sunside.com\/?s={search_term_string}\"},\"query-input\":{\"@type\":\"PropertyValueSpecification\",\"valueRequired\":true,\"valueName\":\"search_term_string\"}}],\"inLanguage\":\"fr-FR\"}]}<\/script>\n<!-- \/ Yoast SEO plugin. -->","yoast_head_json":{"title":"Carlos Cavallini \"O tamanho do Tempo\" - Sunset Sunside","robots":{"index":"index","follow":"follow","max-snippet":"max-snippet:-1","max-image-preview":"max-image-preview:large","max-video-preview":"max-video-preview:-1"},"canonical":"https:\/\/www.sunset-sunside.com\/concert\/carlos-cavallini\/","og_locale":"fr_FR","og_type":"article","og_title":"Carlos Cavallini \"O tamanho do Tempo\" - Sunset Sunside","og_description":"Carlos Cavallini est un auteur-compositeur-interpr\u00e8te br\u00e9silien bas\u00e9 \u00e0 Lisbonne, ancr\u00e9 dans la MPB contemporaine. \u00c0 Paris, il se pr\u00e9sente en trio acoustique avec\u00a0Rapha Braga (guitare)\u00a0et\u00a0Walter Areia (contrebasse),\u00a0avec la participation sp\u00e9ciale [&hellip;]","og_url":"https:\/\/www.sunset-sunside.com\/concert\/carlos-cavallini\/","og_site_name":"Sunset Sunside","article_publisher":"https:\/\/www.facebook.com\/SunsetSunsideJazzClub\/","article_modified_time":"2025-12-23T11:00:15+00:00","og_image":[{"width":2303,"height":2303,"url":"https:\/\/www.sunset-sunside.com\/app\/uploads\/2025\/12\/1.-Carlos-Cavallini-Foto-Concerto-Credito-Thiago-Salomao-300dpi-e1766153304322.jpg","type":"image\/jpeg"}],"twitter_card":"summary_large_image","twitter_site":"@SunsetSunside","twitter_misc":{"Dur\u00e9e de lecture estim\u00e9e":"1 minute"},"schema":{"@context":"https:\/\/schema.org","@graph":[{"@type":"WebPage","@id":"https:\/\/www.sunset-sunside.com\/concert\/carlos-cavallini\/","url":"https:\/\/www.sunset-sunside.com\/concert\/carlos-cavallini\/","name":"Carlos Cavallini \"O tamanho do Tempo\" - Sunset Sunside","isPartOf":{"@id":"https:\/\/www.sunset-sunside.com\/#website"},"primaryImageOfPage":{"@id":"https:\/\/www.sunset-sunside.com\/concert\/carlos-cavallini\/#primaryimage"},"image":{"@id":"https:\/\/www.sunset-sunside.com\/concert\/carlos-cavallini\/#primaryimage"},"thumbnailUrl":"https:\/\/www.sunset-sunside.com\/app\/uploads\/2025\/12\/1.-Carlos-Cavallini-Foto-Concerto-Credito-Thiago-Salomao-300dpi-e1766153304322.jpg","datePublished":"2025-12-19T13:53:43+00:00","dateModified":"2025-12-23T11:00:15+00:00","breadcrumb":{"@id":"https:\/\/www.sunset-sunside.com\/concert\/carlos-cavallini\/#breadcrumb"},"inLanguage":"fr-FR","potentialAction":[{"@type":"ReadAction","target":["https:\/\/www.sunset-sunside.com\/concert\/carlos-cavallini\/"]}]},{"@type":"ImageObject","inLanguage":"fr-FR","@id":"https:\/\/www.sunset-sunside.com\/concert\/carlos-cavallini\/#primaryimage","url":"https:\/\/www.sunset-sunside.com\/app\/uploads\/2025\/12\/1.-Carlos-Cavallini-Foto-Concerto-Credito-Thiago-Salomao-300dpi-e1766153304322.jpg","contentUrl":"https:\/\/www.sunset-sunside.com\/app\/uploads\/2025\/12\/1.-Carlos-Cavallini-Foto-Concerto-Credito-Thiago-Salomao-300dpi-e1766153304322.jpg","width":2303,"height":2303,"caption":"\u00a9 Thiago Saloma\u0303o"},{"@type":"BreadcrumbList","@id":"https:\/\/www.sunset-sunside.com\/concert\/carlos-cavallini\/#breadcrumb","itemListElement":[{"@type":"ListItem","position":1,"name":"Accueil","item":"https:\/\/www.sunset-sunside.com\/"},{"@type":"ListItem","position":2,"name":"\u00c9v\u00e8nements","item":"https:\/\/www.sunset-sunside.com\/concerts\/"},{"@type":"ListItem","position":3,"name":"Carlos Cavallini &#8220;O tamanho do Tempo&#8221;"}]},{"@type":"WebSite","@id":"https:\/\/www.sunset-sunside.com\/#website","url":"https:\/\/www.sunset-sunside.com\/","name":"Sunset Sunside","description":"","potentialAction":[{"@type":"SearchAction","target":{"@type":"EntryPoint","urlTemplate":"https:\/\/www.sunset-sunside.com\/?s={search_term_string}"},"query-input":{"@type":"PropertyValueSpecification","valueRequired":true,"valueName":"search_term_string"}}],"inLanguage":"fr-FR"}]}},"publishpress_future_action":{"enabled":false,"date":"2026-04-12 16:12:11","action":"change-status","newStatus":"draft","terms":[],"taxonomy":"post_tag","extraData":[]},"publishpress_future_workflow_manual_trigger":{"enabledWorkflows":[]},"ticketed":["woo"],"_links":{"self":[{"href":"https:\/\/www.sunset-sunside.com\/wp-json\/wp\/v2\/tribe_events\/119171","targetHints":{"allow":["GET"]}}],"collection":[{"href":"https:\/\/www.sunset-sunside.com\/wp-json\/wp\/v2\/tribe_events"}],"about":[{"href":"https:\/\/www.sunset-sunside.com\/wp-json\/wp\/v2\/types\/tribe_events"}],"author":[{"embeddable":true,"href":"https:\/\/www.sunset-sunside.com\/wp-json\/wp\/v2\/users\/2"}],"version-history":[{"count":2,"href":"https:\/\/www.sunset-sunside.com\/wp-json\/wp\/v2\/tribe_events\/119171\/revisions"}],"predecessor-version":[{"id":120232,"href":"https:\/\/www.sunset-sunside.com\/wp-json\/wp\/v2\/tribe_events\/119171\/revisions\/120232"}],"wp:featuredmedia":[{"embeddable":true,"href":"https:\/\/www.sunset-sunside.com\/wp-json\/wp\/v2\/media\/119185"}],"wp:attachment":[{"href":"https:\/\/www.sunset-sunside.com\/wp-json\/wp\/v2\/media?parent=119171"}],"wp:term":[{"taxonomy":"post_tag","embeddable":true,"href":"https:\/\/www.sunset-sunside.com\/wp-json\/wp\/v2\/tags?post=119171"},{"taxonomy":"genre","embeddable":true,"href":"https:\/\/www.sunset-sunside.com\/wp-json\/wp\/v2\/genre?post=119171"},{"taxonomy":"tribe_events_cat","embeddable":true,"href":"https:\/\/www.sunset-sunside.com\/wp-json\/wp\/v2\/tribe_events_cat?post=119171"}],"curies":[{"name":"wp","href":"https:\/\/api.w.org\/{rel}","templated":true}]}}

<p>Carlos Cavallini est un auteur-compositeur-interprète brésilien basé à Lisbonne, ancré dans la MPB contemporaine. À Paris, il se présente en trio acoustique avec Rapha Braga (guitare) et Walter Areia (contrebasse), avec la participation spéciale de la cantautrice portugaise Inês Viterbo. </p>

<p>Carlos Cavallini est un auteur-compositeur-interprète brésilien basé à Lisbonne, ancré dans la MPB contemporaine. À Paris, il se présente en trio acoustique avec Rapha Braga (guitare) et Walter Areia (contrebasse), avec la participation spéciale [&hellip;]</p>

<!-- This site is optimized with the Yoast SEO plugin v25.7 - https://yoast.com/wordpress/plugins/seo/ -->
<title>Carlos Cavallini &quot;O tamanho do Tempo&quot; - Sunset Sunside</title>
<meta name="robots" content="index, follow, max-snippet:-1, max-image-preview:large, max-video-preview:-1" />
<link rel="canonical" href="https://www.sunset-sunside.com/concert/carlos-cavallini/" />
<meta property="og:locale" content="fr_FR" />
<meta property="og:type" content="article" />
<meta property="og:title" content="Carlos Cavallini &quot;O tamanho do Tempo&quot; - Sunset Sunside" />
<meta property="og:description" content="Carlos Cavallini est un auteur-compositeur-interprète brésilien basé à Lisbonne, ancré dans la MPB contemporaine. À Paris, il se présente en trio acoustique avec Rapha Braga (guitare) et Walter Areia (contrebasse), avec la participation spéciale [&hellip;]" />
<meta property="og:url" content="https://www.sunset-sunside.com/concert/carlos-cavallini/" />
<meta property="og:site_name" content="Sunset Sunside" />
<meta property="article:publisher" content="https://www.facebook.com/SunsetSunsideJazzClub/" />
<meta property="article:modified_time" content="2025-12-23T11:00:15+00:00" />
<meta property="og:image" content="https://www.sunset-sunside.com/app/uploads/2025/12/1.-Carlos-Cavallini-Foto-Concerto-Credito-Thiago-Salomao-300dpi-e1766153304322.jpg" />
	<meta property="og:image:width" content="2303" />
	<meta property="og:image:height" content="2303" />
	<meta property="og:image:type" content="image/jpeg" />
<meta name="twitter:card" content="summary_large_image" />
<meta name="twitter:site" content="@SunsetSunside" />
<meta name="twitter:label1" content="Durée de lecture estimée" />
	<meta name="twitter:data1" content="1 minute" />
<script type="application/ld+json" class="yoast-schema-graph">{"@context":"https://schema.org","@graph":[{"@type":"WebPage","@id":"https://www.sunset-sunside.com/concert/carlos-cavallini/","url":"https://www.sunset-sunside.com/concert/carlos-cavallini/","name":"Carlos Cavallini \"O tamanho do Tempo\" - Sunset Sunside","isPartOf":{"@id":"https://www.sunset-sunside.com/#website"},"primaryImageOfPage":{"@id":"https://www.sunset-sunside.com/concert/carlos-cavallini/#primaryimage"},"image":{"@id":"https://www.sunset-sunside.com/concert/carlos-cavallini/#primaryimage"},"thumbnailUrl":"https://www.sunset-sunside.com/app/uploads/2025/12/1.-Carlos-Cavallini-Foto-Concerto-Credito-Thiago-Salomao-300dpi-e1766153304322.jpg","datePublished":"2025-12-19T13:53:43+00:00","dateModified":"2025-12-23T11:00:15+00:00","breadcrumb":{"@id":"https://www.sunset-sunside.com/concert/carlos-cavallini/#breadcrumb"},"inLanguage":"fr-FR","potentialAction":[{"@type":"ReadAction","target":["https://www.sunset-sunside.com/concert/carlos-cavallini/"]}]},{"@type":"ImageObject","inLanguage":"fr-FR","@id":"https://www.sunset-sunside.com/concert/carlos-cavallini/#primaryimage","url":"https://www.sunset-sunside.com/app/uploads/2025/12/1.-Carlos-Cavallini-Foto-Concerto-Credito-Thiago-Salomao-300dpi-e1766153304322.jpg","contentUrl":"https://www.sunset-sunside.com/app/uploads/2025/12/1.-Carlos-Cavallini-Foto-Concerto-Credito-Thiago-Salomao-300dpi-e1766153304322.jpg","width":2303,"height":2303,"caption":"© Thiago Salomão"},{"@type":"BreadcrumbList","@id":"https://www.sunset-sunside.com/concert/carlos-cavallini/#breadcrumb","itemListElement":[{"@type":"ListItem","position":1,"name":"Accueil","item":"https://www.sunset-sunside.com/"},{"@type":"ListItem","position":2,"name":"Évènements","item":"https://www.sunset-sunside.com/concerts/"},{"@type":"ListItem","position":3,"name":"Carlos Cavallini &#8220;O tamanho do Tempo&#8221;"}]},{"@type":"WebSite","@id":"https://www.sunset-sunside.com/#website","url":"https://www.sunset-sunside.com/","name":"Sunset Sunside","description":"","potentialAction":[{"@type":"SearchAction","target":{"@type":"EntryPoint","urlTemplate":"https://www.sunset-sunside.com/?s={search_term_string}"},"query-input":{"@type":"PropertyValueSpecification","valueRequired":true,"valueName":"search_term_string"}}],"inLanguage":"fr-FR"}]}</script>
<!-- / Yoast SEO plugin. -->

Carlos Cavallini est un auteur-compositeur-interprète brésilien basé à Lisbonne, ancré dans la MPB contemporaine. À Paris, il se présente en trio acoustique avec Rapha Braga (guitare) et Walter Areia (contrebasse), avec la participation spéciale [&hellip;]

Évènements
