{"id":124816,"date":"2026-01-09T19:02:58","date_gmt":"2026-01-09T18:02:58","guid":{"rendered":"https:\/\/www.sunset-sunside.com\/?post_type=tribe_events&#038;p=124816"},"modified":"2026-01-09T19:02:58","modified_gmt":"2026-01-09T18:02:58","slug":"duo-reflections","status":"publish","type":"tribe_events","link":"https:\/\/www.sunset-sunside.com\/concert\/duo-reflections\/","title":{"rendered":"Duo R\u00e9flections"},"content":{"rendered":"<p>Duo R\u00e9flections revient cette ann\u00e9e avec La Tregua, un second album compos\u00e9 uniquement de cr\u00e9ations originales. D\u00e9laissant les standards, le duo poursuit un virage audacieux qui \u00e9largit son univers sonore tout en pr\u00e9servant groove feutr\u00e9, richesse harmonique et libert\u00e9 d\u2019improvisation.<\/p>\n","protected":false},"excerpt":{"rendered":"<p>Duo R\u00e9flections revient cette ann\u00e9e avec La Tregua, un second album compos\u00e9 uniquement de cr\u00e9ations originales. D\u00e9laissant les standards, le duo poursuit un virage audacieux qui \u00e9largit son univers sonore [&hellip;]<\/p>\n","protected":false},"author":30761,"featured_media":124820,"template":"","meta":{"_acf_changed":false,"_price":"","_stock":"","_tribe_ticket_header":"","_tribe_default_ticket_provider":"Tribe__Tickets_Plus__Commerce__WooCommerce__Main","_tribe_ticket_capacity":"96","_ticket_start_date":"","_ticket_end_date":"","_tribe_ticket_show_description":"","_tribe_ticket_show_not_going":false,"_tribe_ticket_use_global_stock":"1","_tribe_ticket_global_stock_level":"96","_global_stock_mode":"","_global_stock_cap":"","_tribe_rsvp_for_event":"","_tribe_ticket_going_count":"","_tribe_ticket_not_going_count":"","_tribe_tickets_list":"[{\"id\":124817,\"type\":\"default\",\"title\":\"Tarif adh\\u00e9rent\",\"description\":\"\",\"capacityType\":\"global\",\"price\":15,\"capacity\":96,\"available\":96,\"sharedCapacity\":96,\"sold\":0,\"shareSold\":0,\"isShared\":true,\"currencyDecimalPoint\":\",\",\"currencyNumberOfDecimals\":2,\"currencyPosition\":\"prefix\",\"currencySymbol\":\"$\",\"currencyThousandsSep\":\"\"},{\"id\":124818,\"type\":\"default\",\"title\":\"Tarif plein*\",\"description\":\"\",\"capacityType\":\"global\",\"price\":20,\"capacity\":96,\"available\":96,\"sharedCapacity\":96,\"sold\":0,\"shareSold\":0,\"isShared\":true,\"currencyDecimalPoint\":\",\",\"currencyNumberOfDecimals\":2,\"currencyPosition\":\"prefix\",\"currencySymbol\":\"$\",\"currencyThousandsSep\":\"\"},{\"id\":124819,\"type\":\"default\",\"title\":\"Tarif r\\u00e9duit\",\"description\":\"Tarif r\\u00e9serv\\u00e9 aux \\u00e9tudiants de moins de 25 ans, ch\\u00f4meurs et intermittents du spectacle. Pr\\u00e9sentation obligatoire d\\u2019un justificatif \\u00e0 l\\u2019entr\\u00e9e. \\r\\nUn suppl\\u00e9ment vous sera demand\\u00e9 pour non pr\\u00e9sentation de justificatif. \",\"capacityType\":\"global\",\"price\":10,\"capacity\":96,\"available\":96,\"sharedCapacity\":96,\"sold\":0,\"shareSold\":0,\"isShared\":true,\"currencyDecimalPoint\":\",\",\"currencyNumberOfDecimals\":2,\"currencyPosition\":\"prefix\",\"currencySymbol\":\"$\",\"currencyThousandsSep\":\"\"}]","_tribe_ticket_has_attendee_info_fields":false,"_tribe_events_status":"","_tribe_events_status_reason":"","footnotes":"","_tec_slr_enabled":"","_tec_slr_layout":""},"tags":[],"genre":[258],"tribe_events_cat":[213,269,214,215,216],"class_list":["post-124816","tribe_events","type-tribe_events","status-publish","has-post-thumbnail","hentry","genre-jazz-actuel","tribe_events_cat-albums-du-mois","tribe_events_cat-coming-soon","tribe_events_cat-coup-de-coeur","tribe_events_cat-decouvertes","tribe_events_cat-evenements","cat_albums-du-mois","cat_coming-soon","cat_coup-de-coeur","cat_decouvertes","cat_evenements"],"acf":[],"yoast_head":"<!-- This site is optimized with the Yoast SEO plugin v25.7 - https:\/\/yoast.com\/wordpress\/plugins\/seo\/ -->\n<title>Duo R\u00e9flections - Sunset Sunside<\/title>\n<meta name=\"robots\" content=\"index, follow, max-snippet:-1, max-image-preview:large, max-video-preview:-1\" \/>\n<link rel=\"canonical\" href=\"https:\/\/www.sunset-sunside.com\/concert\/duo-reflections\/\" \/>\n<meta property=\"og:locale\" content=\"en_GB\" \/>\n<meta property=\"og:type\" content=\"article\" \/>\n<meta property=\"og:title\" content=\"Duo R\u00e9flections - Sunset Sunside\" \/>\n<meta property=\"og:description\" content=\"Duo R\u00e9flections revient cette ann\u00e9e avec La Tregua, un second album compos\u00e9 uniquement de cr\u00e9ations originales. D\u00e9laissant les standards, le duo poursuit un virage audacieux qui \u00e9largit son univers sonore [&hellip;]\" \/>\n<meta property=\"og:url\" content=\"https:\/\/www.sunset-sunside.com\/concert\/duo-reflections\/\" \/>\n<meta property=\"og:site_name\" content=\"Sunset Sunside\" \/>\n<meta property=\"article:publisher\" content=\"https:\/\/www.facebook.com\/SunsetSunsideJazzClub\/\" \/>\n<meta property=\"og:image\" content=\"https:\/\/www.sunset-sunside.com\/app\/uploads\/2026\/01\/Photo-5-credit-Younes-Farhi.jpg\" \/>\n\t<meta property=\"og:image:width\" content=\"2000\" \/>\n\t<meta property=\"og:image:height\" content=\"1333\" \/>\n\t<meta property=\"og:image:type\" content=\"image\/jpeg\" \/>\n<meta name=\"twitter:card\" content=\"summary_large_image\" \/>\n<meta name=\"twitter:site\" content=\"@SunsetSunside\" \/>\n<meta name=\"twitter:label1\" content=\"Est. reading time\" \/>\n\t<meta name=\"twitter:data1\" content=\"1 minute\" \/>\n<script type=\"application\/ld+json\" class=\"yoast-schema-graph\">{\"@context\":\"https:\/\/schema.org\",\"@graph\":[{\"@type\":\"WebPage\",\"@id\":\"https:\/\/www.sunset-sunside.com\/concert\/duo-reflections\/\",\"url\":\"https:\/\/www.sunset-sunside.com\/concert\/duo-reflections\/\",\"name\":\"Duo R\u00e9flections - Sunset Sunside\",\"isPartOf\":{\"@id\":\"https:\/\/www.sunset-sunside.com\/#website\"},\"primaryImageOfPage\":{\"@id\":\"https:\/\/www.sunset-sunside.com\/concert\/duo-reflections\/#primaryimage\"},\"image\":{\"@id\":\"https:\/\/www.sunset-sunside.com\/concert\/duo-reflections\/#primaryimage\"},\"thumbnailUrl\":\"https:\/\/www.sunset-sunside.com\/app\/uploads\/2026\/01\/Photo-5-credit-Younes-Farhi.jpg\",\"datePublished\":\"2026-01-09T18:02:58+00:00\",\"breadcrumb\":{\"@id\":\"https:\/\/www.sunset-sunside.com\/concert\/duo-reflections\/#breadcrumb\"},\"inLanguage\":\"en-GB\",\"potentialAction\":[{\"@type\":\"ReadAction\",\"target\":[\"https:\/\/www.sunset-sunside.com\/concert\/duo-reflections\/\"]}]},{\"@type\":\"ImageObject\",\"inLanguage\":\"en-GB\",\"@id\":\"https:\/\/www.sunset-sunside.com\/concert\/duo-reflections\/#primaryimage\",\"url\":\"https:\/\/www.sunset-sunside.com\/app\/uploads\/2026\/01\/Photo-5-credit-Younes-Farhi.jpg\",\"contentUrl\":\"https:\/\/www.sunset-sunside.com\/app\/uploads\/2026\/01\/Photo-5-credit-Younes-Farhi.jpg\",\"width\":2000,\"height\":1333,\"caption\":\"\u00a9 Youne\u0300s Farhi\"},{\"@type\":\"BreadcrumbList\",\"@id\":\"https:\/\/www.sunset-sunside.com\/concert\/duo-reflections\/#breadcrumb\",\"itemListElement\":[{\"@type\":\"ListItem\",\"position\":1,\"name\":\"Accueil\",\"item\":\"https:\/\/www.sunset-sunside.com\/\"},{\"@type\":\"ListItem\",\"position\":2,\"name\":\"\u00c9v\u00e8nements\",\"item\":\"https:\/\/www.sunset-sunside.com\/concerts\/\"},{\"@type\":\"ListItem\",\"position\":3,\"name\":\"Duo R\u00e9flections\"}]},{\"@type\":\"WebSite\",\"@id\":\"https:\/\/www.sunset-sunside.com\/#website\",\"url\":\"https:\/\/www.sunset-sunside.com\/\",\"name\":\"Sunset Sunside\",\"description\":\"\",\"potentialAction\":[{\"@type\":\"SearchAction\",\"target\":{\"@type\":\"EntryPoint\",\"urlTemplate\":\"https:\/\/www.sunset-sunside.com\/?s={search_term_string}\"},\"query-input\":{\"@type\":\"PropertyValueSpecification\",\"valueRequired\":true,\"valueName\":\"search_term_string\"}}],\"inLanguage\":\"en-GB\"}]}<\/script>\n<!-- \/ Yoast SEO plugin. -->","yoast_head_json":{"title":"Duo R\u00e9flections - Sunset Sunside","robots":{"index":"index","follow":"follow","max-snippet":"max-snippet:-1","max-image-preview":"max-image-preview:large","max-video-preview":"max-video-preview:-1"},"canonical":"https:\/\/www.sunset-sunside.com\/concert\/duo-reflections\/","og_locale":"en_GB","og_type":"article","og_title":"Duo R\u00e9flections - Sunset Sunside","og_description":"Duo R\u00e9flections revient cette ann\u00e9e avec La Tregua, un second album compos\u00e9 uniquement de cr\u00e9ations originales. D\u00e9laissant les standards, le duo poursuit un virage audacieux qui \u00e9largit son univers sonore [&hellip;]","og_url":"https:\/\/www.sunset-sunside.com\/concert\/duo-reflections\/","og_site_name":"Sunset Sunside","article_publisher":"https:\/\/www.facebook.com\/SunsetSunsideJazzClub\/","og_image":[{"width":2000,"height":1333,"url":"https:\/\/www.sunset-sunside.com\/app\/uploads\/2026\/01\/Photo-5-credit-Younes-Farhi.jpg","type":"image\/jpeg"}],"twitter_card":"summary_large_image","twitter_site":"@SunsetSunside","twitter_misc":{"Est. reading time":"1 minute"},"schema":{"@context":"https:\/\/schema.org","@graph":[{"@type":"WebPage","@id":"https:\/\/www.sunset-sunside.com\/concert\/duo-reflections\/","url":"https:\/\/www.sunset-sunside.com\/concert\/duo-reflections\/","name":"Duo R\u00e9flections - Sunset Sunside","isPartOf":{"@id":"https:\/\/www.sunset-sunside.com\/#website"},"primaryImageOfPage":{"@id":"https:\/\/www.sunset-sunside.com\/concert\/duo-reflections\/#primaryimage"},"image":{"@id":"https:\/\/www.sunset-sunside.com\/concert\/duo-reflections\/#primaryimage"},"thumbnailUrl":"https:\/\/www.sunset-sunside.com\/app\/uploads\/2026\/01\/Photo-5-credit-Younes-Farhi.jpg","datePublished":"2026-01-09T18:02:58+00:00","breadcrumb":{"@id":"https:\/\/www.sunset-sunside.com\/concert\/duo-reflections\/#breadcrumb"},"inLanguage":"en-GB","potentialAction":[{"@type":"ReadAction","target":["https:\/\/www.sunset-sunside.com\/concert\/duo-reflections\/"]}]},{"@type":"ImageObject","inLanguage":"en-GB","@id":"https:\/\/www.sunset-sunside.com\/concert\/duo-reflections\/#primaryimage","url":"https:\/\/www.sunset-sunside.com\/app\/uploads\/2026\/01\/Photo-5-credit-Younes-Farhi.jpg","contentUrl":"https:\/\/www.sunset-sunside.com\/app\/uploads\/2026\/01\/Photo-5-credit-Younes-Farhi.jpg","width":2000,"height":1333,"caption":"\u00a9 Youne\u0300s Farhi"},{"@type":"BreadcrumbList","@id":"https:\/\/www.sunset-sunside.com\/concert\/duo-reflections\/#breadcrumb","itemListElement":[{"@type":"ListItem","position":1,"name":"Accueil","item":"https:\/\/www.sunset-sunside.com\/"},{"@type":"ListItem","position":2,"name":"\u00c9v\u00e8nements","item":"https:\/\/www.sunset-sunside.com\/concerts\/"},{"@type":"ListItem","position":3,"name":"Duo R\u00e9flections"}]},{"@type":"WebSite","@id":"https:\/\/www.sunset-sunside.com\/#website","url":"https:\/\/www.sunset-sunside.com\/","name":"Sunset Sunside","description":"","potentialAction":[{"@type":"SearchAction","target":{"@type":"EntryPoint","urlTemplate":"https:\/\/www.sunset-sunside.com\/?s={search_term_string}"},"query-input":{"@type":"PropertyValueSpecification","valueRequired":true,"valueName":"search_term_string"}}],"inLanguage":"en-GB"}]}},"publishpress_future_action":{"enabled":false,"date":"2026-04-12 16:30:24","action":"change-status","newStatus":"draft","terms":[],"taxonomy":"post_tag","extraData":[]},"publishpress_future_workflow_manual_trigger":{"enabledWorkflows":[]},"ticketed":["woo"],"_links":{"self":[{"href":"https:\/\/www.sunset-sunside.com\/wp-json\/wp\/v2\/tribe_events\/124816","targetHints":{"allow":["GET"]}}],"collection":[{"href":"https:\/\/www.sunset-sunside.com\/wp-json\/wp\/v2\/tribe_events"}],"about":[{"href":"https:\/\/www.sunset-sunside.com\/wp-json\/wp\/v2\/types\/tribe_events"}],"author":[{"embeddable":true,"href":"https:\/\/www.sunset-sunside.com\/wp-json\/wp\/v2\/users\/30761"}],"version-history":[{"count":1,"href":"https:\/\/www.sunset-sunside.com\/wp-json\/wp\/v2\/tribe_events\/124816\/revisions"}],"predecessor-version":[{"id":124821,"href":"https:\/\/www.sunset-sunside.com\/wp-json\/wp\/v2\/tribe_events\/124816\/revisions\/124821"}],"wp:featuredmedia":[{"embeddable":true,"href":"https:\/\/www.sunset-sunside.com\/wp-json\/wp\/v2\/media\/124820"}],"wp:attachment":[{"href":"https:\/\/www.sunset-sunside.com\/wp-json\/wp\/v2\/media?parent=124816"}],"wp:term":[{"taxonomy":"post_tag","embeddable":true,"href":"https:\/\/www.sunset-sunside.com\/wp-json\/wp\/v2\/tags?post=124816"},{"taxonomy":"genre","embeddable":true,"href":"https:\/\/www.sunset-sunside.com\/wp-json\/wp\/v2\/genre?post=124816"},{"taxonomy":"tribe_events_cat","embeddable":true,"href":"https:\/\/www.sunset-sunside.com\/wp-json\/wp\/v2\/tribe_events_cat?post=124816"}],"curies":[{"name":"wp","href":"https:\/\/api.w.org\/{rel}","templated":true}]}}

Duo Réflections

<p>Duo Réflections revient cette année avec La Tregua, un second album composé uniquement de créations originales. Délaissant les standards, le duo poursuit un virage audacieux qui élargit son univers sonore tout en préservant groove feutré, richesse harmonique et liberté d’improvisation.</p>

<p>Duo Réflections revient cette année avec La Tregua, un second album composé uniquement de créations originales. Délaissant les standards, le duo poursuit un virage audacieux qui élargit son univers sonore [&hellip;]</p>

<!-- This site is optimized with the Yoast SEO plugin v25.7 - https://yoast.com/wordpress/plugins/seo/ -->
<title>Duo Réflections - Sunset Sunside</title>
<meta name="robots" content="index, follow, max-snippet:-1, max-image-preview:large, max-video-preview:-1" />
<link rel="canonical" href="https://www.sunset-sunside.com/concert/duo-reflections/" />
<meta property="og:locale" content="en_GB" />
<meta property="og:type" content="article" />
<meta property="og:title" content="Duo Réflections - Sunset Sunside" />
<meta property="og:description" content="Duo Réflections revient cette année avec La Tregua, un second album composé uniquement de créations originales. Délaissant les standards, le duo poursuit un virage audacieux qui élargit son univers sonore [&hellip;]" />
<meta property="og:url" content="https://www.sunset-sunside.com/concert/duo-reflections/" />
<meta property="og:site_name" content="Sunset Sunside" />
<meta property="article:publisher" content="https://www.facebook.com/SunsetSunsideJazzClub/" />
<meta property="og:image" content="https://www.sunset-sunside.com/app/uploads/2026/01/Photo-5-credit-Younes-Farhi.jpg" />
	<meta property="og:image:width" content="2000" />
	<meta property="og:image:height" content="1333" />
	<meta property="og:image:type" content="image/jpeg" />
<meta name="twitter:card" content="summary_large_image" />
<meta name="twitter:site" content="@SunsetSunside" />
<meta name="twitter:label1" content="Est. reading time" />
	<meta name="twitter:data1" content="1 minute" />
<script type="application/ld+json" class="yoast-schema-graph">{"@context":"https://schema.org","@graph":[{"@type":"WebPage","@id":"https://www.sunset-sunside.com/concert/duo-reflections/","url":"https://www.sunset-sunside.com/concert/duo-reflections/","name":"Duo Réflections - Sunset Sunside","isPartOf":{"@id":"https://www.sunset-sunside.com/#website"},"primaryImageOfPage":{"@id":"https://www.sunset-sunside.com/concert/duo-reflections/#primaryimage"},"image":{"@id":"https://www.sunset-sunside.com/concert/duo-reflections/#primaryimage"},"thumbnailUrl":"https://www.sunset-sunside.com/app/uploads/2026/01/Photo-5-credit-Younes-Farhi.jpg","datePublished":"2026-01-09T18:02:58+00:00","breadcrumb":{"@id":"https://www.sunset-sunside.com/concert/duo-reflections/#breadcrumb"},"inLanguage":"en-GB","potentialAction":[{"@type":"ReadAction","target":["https://www.sunset-sunside.com/concert/duo-reflections/"]}]},{"@type":"ImageObject","inLanguage":"en-GB","@id":"https://www.sunset-sunside.com/concert/duo-reflections/#primaryimage","url":"https://www.sunset-sunside.com/app/uploads/2026/01/Photo-5-credit-Younes-Farhi.jpg","contentUrl":"https://www.sunset-sunside.com/app/uploads/2026/01/Photo-5-credit-Younes-Farhi.jpg","width":2000,"height":1333,"caption":"© Younès Farhi"},{"@type":"BreadcrumbList","@id":"https://www.sunset-sunside.com/concert/duo-reflections/#breadcrumb","itemListElement":[{"@type":"ListItem","position":1,"name":"Accueil","item":"https://www.sunset-sunside.com/"},{"@type":"ListItem","position":2,"name":"Évènements","item":"https://www.sunset-sunside.com/concerts/"},{"@type":"ListItem","position":3,"name":"Duo Réflections"}]},{"@type":"WebSite","@id":"https://www.sunset-sunside.com/#website","url":"https://www.sunset-sunside.com/","name":"Sunset Sunside","description":"","potentialAction":[{"@type":"SearchAction","target":{"@type":"EntryPoint","urlTemplate":"https://www.sunset-sunside.com/?s={search_term_string}"},"query-input":{"@type":"PropertyValueSpecification","valueRequired":true,"valueName":"search_term_string"}}],"inLanguage":"en-GB"}]}</script>
<!-- / Yoast SEO plugin. -->

Duo Réflections - Sunset Sunside

Duo Réflections revient cette année avec La Tregua, un second album composé uniquement de créations originales. Délaissant les standards, le duo poursuit un virage audacieux qui élargit son univers sonore [&hellip;]

Évènements
