{"id":85561,"date":"2025-07-02T16:59:37","date_gmt":"2025-07-02T14:59:37","guid":{"rendered":"https:\/\/www.sunset-sunside.com\/?post_type=tribe_events&#038;p=85561"},"modified":"2025-09-11T11:37:28","modified_gmt":"2025-09-11T09:37:28","slug":"naima-quartet-2","status":"publish","type":"tribe_events","link":"https:\/\/www.sunset-sunside.com\/concert\/naima-quartet-2\/","title":{"rendered":"Naima Quartet"},"content":{"rendered":"<p>Men\u00e9\u00a0par la captivante contrebassiste et chanteuse\u00a0Na\u00efma Girou\u00a0depuis 2016, Le Na\u00efma Quartet est soud\u00e9 par un son singulier et puissant construit au fil du temps. C&#8217;est une profonde amiti\u00e9 qu&#8217;ils nous font partager chaleureusement. Si le son du Na\u00efma Quartet est si sp\u00e9cial c&#8217;est parce qu&#8217;il met en valeur chacun d&#8217;eux. Les influences et les caract\u00e8res se croisent dans une harmonie fra\u00eeche et naturelle.<\/p>\n<p>&nbsp;<\/p>\n<p>Comme une renaissance, Evergreen le nouvel album du Na\u00efma Quartet s\u2019enracine dans de vieilles pierres et tend vers une lumi\u00e8re nouvelle. Apr\u00e8s l\u2019eau dans Sea of Red (avril 2019) et le vent dans Zephyr (mars 2021), le Quartet compose un hymne envo\u00fbtant \u00e0 la nature dans ce troisi\u00e8me album. Les quatre musiciens et amis puisent dans la s\u00e8ve du jazz et font fleurir des compositions aux couleurs \u00e9lectriques.<\/p>\n","protected":false},"excerpt":{"rendered":"<p>Men\u00e9\u00a0par la captivante contrebassiste et chanteuse\u00a0Na\u00efma Girou\u00a0depuis 2016, Le Na\u00efma Quartet est soud\u00e9 par un son singulier et puissant construit au fil du temps. C&#8217;est une profonde amiti\u00e9 qu&#8217;ils nous [&hellip;]<\/p>\n","protected":false},"author":2,"featured_media":54835,"template":"","meta":{"_acf_changed":false,"_price":"","_stock":"","_tribe_ticket_header":"","_tribe_default_ticket_provider":"Tribe__Tickets_Plus__Commerce__WooCommerce__Main","_tribe_ticket_capacity":"88","_ticket_start_date":"","_ticket_end_date":"","_tribe_ticket_show_description":"","_tribe_ticket_show_not_going":false,"_tribe_ticket_use_global_stock":"1","_tribe_ticket_global_stock_level":"25","_global_stock_mode":"","_global_stock_cap":"","_tribe_rsvp_for_event":"","_tribe_ticket_going_count":"","_tribe_ticket_not_going_count":"","_tribe_tickets_list":"[{\"id\":85566,\"type\":\"default\",\"title\":\"Tarif r\\u00e9duit\",\"description\":\"Tarif r\\u00e9serv\\u00e9 aux \\u00e9tudiants de moins de 25 ans, ch\\u00f4meurs et intermittents du spectacle. Pr\\u00e9sentation obligatoire d\\u2019un justificatif \\u00e0 l\\u2019entr\\u00e9e. \\r\\nUn suppl\\u00e9ment vous sera demand\\u00e9 pour non pr\\u00e9sentation de justificatif. \\r\\n\\r\\n\",\"capacityType\":\"global\",\"price\":10,\"capacity\":88,\"available\":25,\"sharedCapacity\":88,\"sold\":24,\"shareSold\":24,\"isShared\":true,\"currencyDecimalPoint\":\",\",\"currencyNumberOfDecimals\":2,\"currencyPosition\":\"prefix\",\"currencySymbol\":\"$\",\"currencyThousandsSep\":\"\"},{\"id\":85567,\"type\":\"default\",\"title\":\"Tarif adh\\u00e9rent\",\"description\":\"\",\"capacityType\":\"global\",\"price\":15,\"capacity\":88,\"available\":25,\"sharedCapacity\":88,\"sold\":0,\"shareSold\":0,\"isShared\":true,\"currencyDecimalPoint\":\",\",\"currencyNumberOfDecimals\":2,\"currencyPosition\":\"prefix\",\"currencySymbol\":\"$\",\"currencyThousandsSep\":\"\"},{\"id\":85568,\"type\":\"default\",\"title\":\"Tarif plein\",\"description\":\"\",\"capacityType\":\"global\",\"price\":20,\"capacity\":88,\"available\":25,\"sharedCapacity\":88,\"sold\":39,\"shareSold\":39,\"isShared\":true,\"currencyDecimalPoint\":\",\",\"currencyNumberOfDecimals\":2,\"currencyPosition\":\"prefix\",\"currencySymbol\":\"$\",\"currencyThousandsSep\":\"\"}]","_tribe_ticket_has_attendee_info_fields":false,"_tribe_events_status":"","_tribe_events_status_reason":"","footnotes":"","_tec_slr_enabled":"","_tec_slr_layout":""},"tags":[],"genre":[65],"tribe_events_cat":[213,214,215,216],"class_list":["post-85561","tribe_events","type-tribe_events","status-publish","has-post-thumbnail","hentry","genre-jazz-vocal","tribe_events_cat-albums-du-mois","tribe_events_cat-coup-de-coeur","tribe_events_cat-decouvertes","tribe_events_cat-evenements","cat_albums-du-mois","cat_coup-de-coeur","cat_decouvertes","cat_evenements"],"acf":[],"yoast_head":"<!-- This site is optimized with the Yoast SEO plugin v25.7 - https:\/\/yoast.com\/wordpress\/plugins\/seo\/ -->\n<title>Naima Quartet - Sunset Sunside<\/title>\n<meta name=\"robots\" content=\"index, follow, max-snippet:-1, max-image-preview:large, max-video-preview:-1\" \/>\n<link rel=\"canonical\" href=\"https:\/\/www.sunset-sunside.com\/concert\/naima-quartet-2\/\" \/>\n<meta property=\"og:locale\" content=\"en_GB\" \/>\n<meta property=\"og:type\" content=\"article\" \/>\n<meta property=\"og:title\" content=\"Naima Quartet - Sunset Sunside\" \/>\n<meta property=\"og:description\" content=\"Men\u00e9\u00a0par la captivante contrebassiste et chanteuse\u00a0Na\u00efma Girou\u00a0depuis 2016, Le Na\u00efma Quartet est soud\u00e9 par un son singulier et puissant construit au fil du temps. C&#8217;est une profonde amiti\u00e9 qu&#8217;ils nous [&hellip;]\" \/>\n<meta property=\"og:url\" content=\"https:\/\/www.sunset-sunside.com\/concert\/naima-quartet-2\/\" \/>\n<meta property=\"og:site_name\" content=\"Sunset Sunside\" \/>\n<meta property=\"article:publisher\" content=\"https:\/\/www.facebook.com\/SunsetSunsideJazzClub\/\" \/>\n<meta property=\"article:modified_time\" content=\"2025-09-11T09:37:28+00:00\" \/>\n<meta property=\"og:image\" content=\"https:\/\/www.sunset-sunside.com\/app\/uploads\/2025\/01\/Capture-decran-2025-01-28-a-17.27.09.jpg\" \/>\n\t<meta property=\"og:image:width\" content=\"1588\" \/>\n\t<meta property=\"og:image:height\" content=\"1578\" \/>\n\t<meta property=\"og:image:type\" content=\"image\/jpeg\" \/>\n<meta name=\"twitter:card\" content=\"summary_large_image\" \/>\n<meta name=\"twitter:site\" content=\"@SunsetSunside\" \/>\n<meta name=\"twitter:label1\" content=\"Est. reading time\" \/>\n\t<meta name=\"twitter:data1\" content=\"1 minute\" \/>\n<script type=\"application\/ld+json\" class=\"yoast-schema-graph\">{\"@context\":\"https:\/\/schema.org\",\"@graph\":[{\"@type\":\"WebPage\",\"@id\":\"https:\/\/www.sunset-sunside.com\/concert\/naima-quartet-2\/\",\"url\":\"https:\/\/www.sunset-sunside.com\/concert\/naima-quartet-2\/\",\"name\":\"Naima Quartet - Sunset Sunside\",\"isPartOf\":{\"@id\":\"https:\/\/www.sunset-sunside.com\/#website\"},\"primaryImageOfPage\":{\"@id\":\"https:\/\/www.sunset-sunside.com\/concert\/naima-quartet-2\/#primaryimage\"},\"image\":{\"@id\":\"https:\/\/www.sunset-sunside.com\/concert\/naima-quartet-2\/#primaryimage\"},\"thumbnailUrl\":\"https:\/\/www.sunset-sunside.com\/app\/uploads\/2025\/01\/Capture-decran-2025-01-28-a-17.27.09.jpg\",\"datePublished\":\"2025-07-02T14:59:37+00:00\",\"dateModified\":\"2025-09-11T09:37:28+00:00\",\"breadcrumb\":{\"@id\":\"https:\/\/www.sunset-sunside.com\/concert\/naima-quartet-2\/#breadcrumb\"},\"inLanguage\":\"en-GB\",\"potentialAction\":[{\"@type\":\"ReadAction\",\"target\":[\"https:\/\/www.sunset-sunside.com\/concert\/naima-quartet-2\/\"]}]},{\"@type\":\"ImageObject\",\"inLanguage\":\"en-GB\",\"@id\":\"https:\/\/www.sunset-sunside.com\/concert\/naima-quartet-2\/#primaryimage\",\"url\":\"https:\/\/www.sunset-sunside.com\/app\/uploads\/2025\/01\/Capture-decran-2025-01-28-a-17.27.09.jpg\",\"contentUrl\":\"https:\/\/www.sunset-sunside.com\/app\/uploads\/2025\/01\/Capture-decran-2025-01-28-a-17.27.09.jpg\",\"width\":1588,\"height\":1578},{\"@type\":\"BreadcrumbList\",\"@id\":\"https:\/\/www.sunset-sunside.com\/concert\/naima-quartet-2\/#breadcrumb\",\"itemListElement\":[{\"@type\":\"ListItem\",\"position\":1,\"name\":\"Accueil\",\"item\":\"https:\/\/www.sunset-sunside.com\/\"},{\"@type\":\"ListItem\",\"position\":2,\"name\":\"\u00c9v\u00e8nements\",\"item\":\"https:\/\/www.sunset-sunside.com\/concerts\/\"},{\"@type\":\"ListItem\",\"position\":3,\"name\":\"Naima Quartet\"}]},{\"@type\":\"WebSite\",\"@id\":\"https:\/\/www.sunset-sunside.com\/#website\",\"url\":\"https:\/\/www.sunset-sunside.com\/\",\"name\":\"Sunset Sunside\",\"description\":\"\",\"potentialAction\":[{\"@type\":\"SearchAction\",\"target\":{\"@type\":\"EntryPoint\",\"urlTemplate\":\"https:\/\/www.sunset-sunside.com\/?s={search_term_string}\"},\"query-input\":{\"@type\":\"PropertyValueSpecification\",\"valueRequired\":true,\"valueName\":\"search_term_string\"}}],\"inLanguage\":\"en-GB\"}]}<\/script>\n<!-- \/ Yoast SEO plugin. -->","yoast_head_json":{"title":"Naima Quartet - Sunset Sunside","robots":{"index":"index","follow":"follow","max-snippet":"max-snippet:-1","max-image-preview":"max-image-preview:large","max-video-preview":"max-video-preview:-1"},"canonical":"https:\/\/www.sunset-sunside.com\/concert\/naima-quartet-2\/","og_locale":"en_GB","og_type":"article","og_title":"Naima Quartet - Sunset Sunside","og_description":"Men\u00e9\u00a0par la captivante contrebassiste et chanteuse\u00a0Na\u00efma Girou\u00a0depuis 2016, Le Na\u00efma Quartet est soud\u00e9 par un son singulier et puissant construit au fil du temps. C&#8217;est une profonde amiti\u00e9 qu&#8217;ils nous [&hellip;]","og_url":"https:\/\/www.sunset-sunside.com\/concert\/naima-quartet-2\/","og_site_name":"Sunset Sunside","article_publisher":"https:\/\/www.facebook.com\/SunsetSunsideJazzClub\/","article_modified_time":"2025-09-11T09:37:28+00:00","og_image":[{"width":1588,"height":1578,"url":"https:\/\/www.sunset-sunside.com\/app\/uploads\/2025\/01\/Capture-decran-2025-01-28-a-17.27.09.jpg","type":"image\/jpeg"}],"twitter_card":"summary_large_image","twitter_site":"@SunsetSunside","twitter_misc":{"Est. reading time":"1 minute"},"schema":{"@context":"https:\/\/schema.org","@graph":[{"@type":"WebPage","@id":"https:\/\/www.sunset-sunside.com\/concert\/naima-quartet-2\/","url":"https:\/\/www.sunset-sunside.com\/concert\/naima-quartet-2\/","name":"Naima Quartet - Sunset Sunside","isPartOf":{"@id":"https:\/\/www.sunset-sunside.com\/#website"},"primaryImageOfPage":{"@id":"https:\/\/www.sunset-sunside.com\/concert\/naima-quartet-2\/#primaryimage"},"image":{"@id":"https:\/\/www.sunset-sunside.com\/concert\/naima-quartet-2\/#primaryimage"},"thumbnailUrl":"https:\/\/www.sunset-sunside.com\/app\/uploads\/2025\/01\/Capture-decran-2025-01-28-a-17.27.09.jpg","datePublished":"2025-07-02T14:59:37+00:00","dateModified":"2025-09-11T09:37:28+00:00","breadcrumb":{"@id":"https:\/\/www.sunset-sunside.com\/concert\/naima-quartet-2\/#breadcrumb"},"inLanguage":"en-GB","potentialAction":[{"@type":"ReadAction","target":["https:\/\/www.sunset-sunside.com\/concert\/naima-quartet-2\/"]}]},{"@type":"ImageObject","inLanguage":"en-GB","@id":"https:\/\/www.sunset-sunside.com\/concert\/naima-quartet-2\/#primaryimage","url":"https:\/\/www.sunset-sunside.com\/app\/uploads\/2025\/01\/Capture-decran-2025-01-28-a-17.27.09.jpg","contentUrl":"https:\/\/www.sunset-sunside.com\/app\/uploads\/2025\/01\/Capture-decran-2025-01-28-a-17.27.09.jpg","width":1588,"height":1578},{"@type":"BreadcrumbList","@id":"https:\/\/www.sunset-sunside.com\/concert\/naima-quartet-2\/#breadcrumb","itemListElement":[{"@type":"ListItem","position":1,"name":"Accueil","item":"https:\/\/www.sunset-sunside.com\/"},{"@type":"ListItem","position":2,"name":"\u00c9v\u00e8nements","item":"https:\/\/www.sunset-sunside.com\/concerts\/"},{"@type":"ListItem","position":3,"name":"Naima Quartet"}]},{"@type":"WebSite","@id":"https:\/\/www.sunset-sunside.com\/#website","url":"https:\/\/www.sunset-sunside.com\/","name":"Sunset Sunside","description":"","potentialAction":[{"@type":"SearchAction","target":{"@type":"EntryPoint","urlTemplate":"https:\/\/www.sunset-sunside.com\/?s={search_term_string}"},"query-input":{"@type":"PropertyValueSpecification","valueRequired":true,"valueName":"search_term_string"}}],"inLanguage":"en-GB"}]}},"publishpress_future_action":{"enabled":false,"date":"2026-04-12 19:11:52","action":"change-status","newStatus":"draft","terms":[],"taxonomy":"post_tag","extraData":[]},"publishpress_future_workflow_manual_trigger":{"enabledWorkflows":[]},"ticketed":["woo"],"_links":{"self":[{"href":"https:\/\/www.sunset-sunside.com\/wp-json\/wp\/v2\/tribe_events\/85561","targetHints":{"allow":["GET"]}}],"collection":[{"href":"https:\/\/www.sunset-sunside.com\/wp-json\/wp\/v2\/tribe_events"}],"about":[{"href":"https:\/\/www.sunset-sunside.com\/wp-json\/wp\/v2\/types\/tribe_events"}],"author":[{"embeddable":true,"href":"https:\/\/www.sunset-sunside.com\/wp-json\/wp\/v2\/users\/2"}],"version-history":[{"count":4,"href":"https:\/\/www.sunset-sunside.com\/wp-json\/wp\/v2\/tribe_events\/85561\/revisions"}],"predecessor-version":[{"id":85572,"href":"https:\/\/www.sunset-sunside.com\/wp-json\/wp\/v2\/tribe_events\/85561\/revisions\/85572"}],"wp:featuredmedia":[{"embeddable":true,"href":"https:\/\/www.sunset-sunside.com\/wp-json\/wp\/v2\/media\/54835"}],"wp:attachment":[{"href":"https:\/\/www.sunset-sunside.com\/wp-json\/wp\/v2\/media?parent=85561"}],"wp:term":[{"taxonomy":"post_tag","embeddable":true,"href":"https:\/\/www.sunset-sunside.com\/wp-json\/wp\/v2\/tags?post=85561"},{"taxonomy":"genre","embeddable":true,"href":"https:\/\/www.sunset-sunside.com\/wp-json\/wp\/v2\/genre?post=85561"},{"taxonomy":"tribe_events_cat","embeddable":true,"href":"https:\/\/www.sunset-sunside.com\/wp-json\/wp\/v2\/tribe_events_cat?post=85561"}],"curies":[{"name":"wp","href":"https:\/\/api.w.org\/{rel}","templated":true}]}}

<p>Mené par la captivante contrebassiste et chanteuse Naïma Girou depuis 2016, Le Naïma Quartet est soudé par un son singulier et puissant construit au fil du temps. C&#8217;est une profonde amitié qu&#8217;ils nous font partager chaleureusement. Si le son du Naïma Quartet est si spécial c&#8217;est parce qu&#8217;il met en valeur chacun d&#8217;eux. Les influences et les caractères se croisent dans une harmonie fraîche et naturelle.</p>
<p>&nbsp;</p>
<p>Comme une renaissance, Evergreen le nouvel album du Naïma Quartet s’enracine dans de vieilles pierres et tend vers une lumière nouvelle. Après l’eau dans Sea of Red (avril 2019) et le vent dans Zephyr (mars 2021), le Quartet compose un hymne envoûtant à la nature dans ce troisième album. Les quatre musiciens et amis puisent dans la sève du jazz et font fleurir des compositions aux couleurs électriques.</p>

<p>Mené par la captivante contrebassiste et chanteuse Naïma Girou depuis 2016, Le Naïma Quartet est soudé par un son singulier et puissant construit au fil du temps. C&#8217;est une profonde amitié qu&#8217;ils nous [&hellip;]</p>

<!-- This site is optimized with the Yoast SEO plugin v25.7 - https://yoast.com/wordpress/plugins/seo/ -->
<title>Naima Quartet - Sunset Sunside</title>
<meta name="robots" content="index, follow, max-snippet:-1, max-image-preview:large, max-video-preview:-1" />
<link rel="canonical" href="https://www.sunset-sunside.com/concert/naima-quartet-2/" />
<meta property="og:locale" content="en_GB" />
<meta property="og:type" content="article" />
<meta property="og:title" content="Naima Quartet - Sunset Sunside" />
<meta property="og:description" content="Mené par la captivante contrebassiste et chanteuse Naïma Girou depuis 2016, Le Naïma Quartet est soudé par un son singulier et puissant construit au fil du temps. C&#8217;est une profonde amitié qu&#8217;ils nous [&hellip;]" />
<meta property="og:url" content="https://www.sunset-sunside.com/concert/naima-quartet-2/" />
<meta property="og:site_name" content="Sunset Sunside" />
<meta property="article:publisher" content="https://www.facebook.com/SunsetSunsideJazzClub/" />
<meta property="article:modified_time" content="2025-09-11T09:37:28+00:00" />
<meta property="og:image" content="https://www.sunset-sunside.com/app/uploads/2025/01/Capture-decran-2025-01-28-a-17.27.09.jpg" />
	<meta property="og:image:width" content="1588" />
	<meta property="og:image:height" content="1578" />
	<meta property="og:image:type" content="image/jpeg" />
<meta name="twitter:card" content="summary_large_image" />
<meta name="twitter:site" content="@SunsetSunside" />
<meta name="twitter:label1" content="Est. reading time" />
	<meta name="twitter:data1" content="1 minute" />
<script type="application/ld+json" class="yoast-schema-graph">{"@context":"https://schema.org","@graph":[{"@type":"WebPage","@id":"https://www.sunset-sunside.com/concert/naima-quartet-2/","url":"https://www.sunset-sunside.com/concert/naima-quartet-2/","name":"Naima Quartet - Sunset Sunside","isPartOf":{"@id":"https://www.sunset-sunside.com/#website"},"primaryImageOfPage":{"@id":"https://www.sunset-sunside.com/concert/naima-quartet-2/#primaryimage"},"image":{"@id":"https://www.sunset-sunside.com/concert/naima-quartet-2/#primaryimage"},"thumbnailUrl":"https://www.sunset-sunside.com/app/uploads/2025/01/Capture-decran-2025-01-28-a-17.27.09.jpg","datePublished":"2025-07-02T14:59:37+00:00","dateModified":"2025-09-11T09:37:28+00:00","breadcrumb":{"@id":"https://www.sunset-sunside.com/concert/naima-quartet-2/#breadcrumb"},"inLanguage":"en-GB","potentialAction":[{"@type":"ReadAction","target":["https://www.sunset-sunside.com/concert/naima-quartet-2/"]}]},{"@type":"ImageObject","inLanguage":"en-GB","@id":"https://www.sunset-sunside.com/concert/naima-quartet-2/#primaryimage","url":"https://www.sunset-sunside.com/app/uploads/2025/01/Capture-decran-2025-01-28-a-17.27.09.jpg","contentUrl":"https://www.sunset-sunside.com/app/uploads/2025/01/Capture-decran-2025-01-28-a-17.27.09.jpg","width":1588,"height":1578},{"@type":"BreadcrumbList","@id":"https://www.sunset-sunside.com/concert/naima-quartet-2/#breadcrumb","itemListElement":[{"@type":"ListItem","position":1,"name":"Accueil","item":"https://www.sunset-sunside.com/"},{"@type":"ListItem","position":2,"name":"Évènements","item":"https://www.sunset-sunside.com/concerts/"},{"@type":"ListItem","position":3,"name":"Naima Quartet"}]},{"@type":"WebSite","@id":"https://www.sunset-sunside.com/#website","url":"https://www.sunset-sunside.com/","name":"Sunset Sunside","description":"","potentialAction":[{"@type":"SearchAction","target":{"@type":"EntryPoint","urlTemplate":"https://www.sunset-sunside.com/?s={search_term_string}"},"query-input":{"@type":"PropertyValueSpecification","valueRequired":true,"valueName":"search_term_string"}}],"inLanguage":"en-GB"}]}</script>
<!-- / Yoast SEO plugin. -->

Mené par la captivante contrebassiste et chanteuse Naïma Girou depuis 2016, Le Naïma Quartet est soudé par un son singulier et puissant construit au fil du temps. C&#8217;est une profonde amitié qu&#8217;ils nous [&hellip;]

Évènements
