{"id":87687,"date":"2025-07-16T13:42:11","date_gmt":"2025-07-16T11:42:11","guid":{"rendered":"https:\/\/www.sunset-sunside.com\/?post_type=tribe_events&#038;p=87687"},"modified":"2025-07-18T15:40:08","modified_gmt":"2025-07-18T13:40:08","slug":"pierre-manetti-quartet","status":"publish","type":"tribe_events","link":"https:\/\/www.sunset-sunside.com\/concert\/pierre-manetti-quartet\/","title":{"rendered":"Pierre Manetti Quartet"},"content":{"rendered":"<p>N\u00e9 en 93, l\u2019avenir de Pierre Manetti semble d\u00e9j\u00e0 tout trac\u00e9. En effet, Il est le fils cadet du c\u00e9l\u00e8bre guitariste Romane et le fr\u00e8re de Richard Manetti \u00e9galement guitariste. C\u2019est donc sous la houlette de son p\u00e8re que Pierre Manetti esquisse ses premi\u00e8res notes sur la guitare et ainsi, peaufine au fur et \u00e0 mesure son jeu. En 2009, il remporte le prix sp\u00e9cial Jeunes talents au Festival des Puces de Saint-Ouen. Puis il encha\u00eene les rencontres qui le poussent naturellement \u00e0 jouer dans de nombreux clubs de jazz jusqu\u2019au Th\u00e9\u00e2tre des Champs-Elys\u00e9es pour l\u2019hommage \u00e0 Django Reinhardt : Django 100. Fort de ses exp\u00e9riences, Pierre nous pr\u00e9sente comme le nom l\u2019indique first shot, son premier album. first shot On d\u00e9couvre ici avant tout un v\u00e9ritable groupe o\u00f9 se succ\u00e8dent les interventions tant\u00f4t muscl\u00e9es, tant\u00f4t rafin\u00e9es de Christophe Cravero \u00e0 l\u2019orgue C2D, du batteur Laurent Locuratolo et du bassiste Henri Dorina. Le jeu guitaristique de Pierre Manetti s\u2019en donne \u00e0 coeur joie sur les dix compositions originales \u00e9crites de sa main. La fra\u00eecheur et l\u2019enthousiasme de ses interventions sont communicatifs et remportent une adh\u00e9sion instantan\u00e9e. Dot\u00e9 d\u2019une intensit\u00e9 sans faille sans pour autant s\u2019interdire quelques somptueuses ballades, first shot r\u00e9ussit \u00e0 nous toucher dans le mille.<\/p>\n","protected":false},"excerpt":{"rendered":"<p>N\u00e9 en 93, l\u2019avenir de Pierre Manetti semble d\u00e9j\u00e0 tout trac\u00e9. En effet, Il est le fils cadet du c\u00e9l\u00e8bre guitariste Romane et le fr\u00e8re de Richard Manetti \u00e9galement guitariste. [&hellip;]<\/p>\n","protected":false},"author":2,"featured_media":87695,"template":"","meta":{"_acf_changed":false,"_price":"","_stock":"","_tribe_ticket_header":"","_tribe_default_ticket_provider":"Tribe__Tickets_Plus__Commerce__WooCommerce__Main","_tribe_ticket_capacity":"96","_ticket_start_date":"","_ticket_end_date":"","_tribe_ticket_show_description":"","_tribe_ticket_show_not_going":false,"_tribe_ticket_use_global_stock":"1","_tribe_ticket_global_stock_level":"77","_global_stock_mode":"","_global_stock_cap":"","_tribe_rsvp_for_event":"","_tribe_ticket_going_count":"","_tribe_ticket_not_going_count":"","_tribe_tickets_list":"[{\"id\":87688,\"type\":\"default\",\"title\":\"Tarif plein*\",\"description\":\"\",\"capacityType\":\"global\",\"price\":28,\"capacity\":96,\"available\":77,\"sharedCapacity\":96,\"sold\":17,\"shareSold\":17,\"isShared\":true,\"currencyDecimalPoint\":\",\",\"currencyNumberOfDecimals\":2,\"currencyPosition\":\"prefix\",\"currencySymbol\":\"$\",\"currencyThousandsSep\":\"\"},{\"id\":87689,\"type\":\"default\",\"title\":\"Tarif adh\\u00e9rent\",\"description\":\"\",\"capacityType\":\"global\",\"price\":23,\"capacity\":96,\"available\":77,\"sharedCapacity\":96,\"sold\":0,\"shareSold\":0,\"isShared\":true,\"currencyDecimalPoint\":\",\",\"currencyNumberOfDecimals\":2,\"currencyPosition\":\"prefix\",\"currencySymbol\":\"$\",\"currencyThousandsSep\":\"\"},{\"id\":87690,\"type\":\"default\",\"title\":\"Tarif r\\u00e9duit\",\"description\":\"Tarif r\\u00e9serv\\u00e9 aux \\u00e9tudiants de moins de 25 ans, ch\\u00f4meurs et intermittents du spectacle. Pr\\u00e9sentation obligatoire d\\u2019un justificatif \\u00e0 l\\u2019entr\\u00e9e. \\r\\nUn suppl\\u00e9ment vous sera demand\\u00e9 pour non pr\\u00e9sentation de justificatif. \",\"capacityType\":\"global\",\"price\":18,\"capacity\":96,\"available\":77,\"sharedCapacity\":96,\"sold\":2,\"shareSold\":2,\"isShared\":true,\"currencyDecimalPoint\":\",\",\"currencyNumberOfDecimals\":2,\"currencyPosition\":\"prefix\",\"currencySymbol\":\"$\",\"currencyThousandsSep\":\"\"}]","_tribe_ticket_has_attendee_info_fields":false,"_tribe_events_status":"","_tribe_events_status_reason":"","footnotes":"","_tec_slr_enabled":"","_tec_slr_layout":""},"tags":[],"genre":[258],"tribe_events_cat":[213,214,215,216],"class_list":["post-87687","tribe_events","type-tribe_events","status-publish","has-post-thumbnail","hentry","genre-jazz-actuel","tribe_events_cat-albums-du-mois","tribe_events_cat-coup-de-coeur","tribe_events_cat-decouvertes","tribe_events_cat-evenements","cat_albums-du-mois","cat_coup-de-coeur","cat_decouvertes","cat_evenements"],"acf":[],"yoast_head":"<!-- This site is optimized with the Yoast SEO plugin v25.7 - https:\/\/yoast.com\/wordpress\/plugins\/seo\/ -->\n<title>Pierre Manetti Quartet - Sunset Sunside<\/title>\n<meta name=\"robots\" content=\"index, follow, max-snippet:-1, max-image-preview:large, max-video-preview:-1\" \/>\n<link rel=\"canonical\" href=\"https:\/\/www.sunset-sunside.com\/concert\/pierre-manetti-quartet\/\" \/>\n<meta property=\"og:locale\" content=\"en_GB\" \/>\n<meta property=\"og:type\" content=\"article\" \/>\n<meta property=\"og:title\" content=\"Pierre Manetti Quartet - Sunset Sunside\" \/>\n<meta property=\"og:description\" content=\"N\u00e9 en 93, l\u2019avenir de Pierre Manetti semble d\u00e9j\u00e0 tout trac\u00e9. En effet, Il est le fils cadet du c\u00e9l\u00e8bre guitariste Romane et le fr\u00e8re de Richard Manetti \u00e9galement guitariste. [&hellip;]\" \/>\n<meta property=\"og:url\" content=\"https:\/\/www.sunset-sunside.com\/concert\/pierre-manetti-quartet\/\" \/>\n<meta property=\"og:site_name\" content=\"Sunset Sunside\" \/>\n<meta property=\"article:publisher\" content=\"https:\/\/www.facebook.com\/SunsetSunsideJazzClub\/\" \/>\n<meta property=\"article:modified_time\" content=\"2025-07-18T13:40:08+00:00\" \/>\n<meta property=\"og:image\" content=\"https:\/\/www.sunset-sunside.com\/app\/uploads\/2025\/07\/Pierre-Manetti-e1752845894827.jpeg\" \/>\n\t<meta property=\"og:image:width\" content=\"4016\" \/>\n\t<meta property=\"og:image:height\" content=\"3650\" \/>\n\t<meta property=\"og:image:type\" content=\"image\/jpeg\" \/>\n<meta name=\"twitter:card\" content=\"summary_large_image\" \/>\n<meta name=\"twitter:site\" content=\"@SunsetSunside\" \/>\n<meta name=\"twitter:label1\" content=\"Est. reading time\" \/>\n\t<meta name=\"twitter:data1\" content=\"2 minutes\" \/>\n<script type=\"application\/ld+json\" class=\"yoast-schema-graph\">{\"@context\":\"https:\/\/schema.org\",\"@graph\":[{\"@type\":\"WebPage\",\"@id\":\"https:\/\/www.sunset-sunside.com\/concert\/pierre-manetti-quartet\/\",\"url\":\"https:\/\/www.sunset-sunside.com\/concert\/pierre-manetti-quartet\/\",\"name\":\"Pierre Manetti Quartet - Sunset Sunside\",\"isPartOf\":{\"@id\":\"https:\/\/www.sunset-sunside.com\/#website\"},\"primaryImageOfPage\":{\"@id\":\"https:\/\/www.sunset-sunside.com\/concert\/pierre-manetti-quartet\/#primaryimage\"},\"image\":{\"@id\":\"https:\/\/www.sunset-sunside.com\/concert\/pierre-manetti-quartet\/#primaryimage\"},\"thumbnailUrl\":\"https:\/\/www.sunset-sunside.com\/app\/uploads\/2025\/07\/Pierre-Manetti-e1752845894827.jpeg\",\"datePublished\":\"2025-07-16T11:42:11+00:00\",\"dateModified\":\"2025-07-18T13:40:08+00:00\",\"breadcrumb\":{\"@id\":\"https:\/\/www.sunset-sunside.com\/concert\/pierre-manetti-quartet\/#breadcrumb\"},\"inLanguage\":\"en-GB\",\"potentialAction\":[{\"@type\":\"ReadAction\",\"target\":[\"https:\/\/www.sunset-sunside.com\/concert\/pierre-manetti-quartet\/\"]}]},{\"@type\":\"ImageObject\",\"inLanguage\":\"en-GB\",\"@id\":\"https:\/\/www.sunset-sunside.com\/concert\/pierre-manetti-quartet\/#primaryimage\",\"url\":\"https:\/\/www.sunset-sunside.com\/app\/uploads\/2025\/07\/Pierre-Manetti-e1752845894827.jpeg\",\"contentUrl\":\"https:\/\/www.sunset-sunside.com\/app\/uploads\/2025\/07\/Pierre-Manetti-e1752845894827.jpeg\",\"width\":4016,\"height\":3650,\"caption\":\"\u00a9 DR\"},{\"@type\":\"BreadcrumbList\",\"@id\":\"https:\/\/www.sunset-sunside.com\/concert\/pierre-manetti-quartet\/#breadcrumb\",\"itemListElement\":[{\"@type\":\"ListItem\",\"position\":1,\"name\":\"Accueil\",\"item\":\"https:\/\/www.sunset-sunside.com\/\"},{\"@type\":\"ListItem\",\"position\":2,\"name\":\"\u00c9v\u00e8nements\",\"item\":\"https:\/\/www.sunset-sunside.com\/concerts\/\"},{\"@type\":\"ListItem\",\"position\":3,\"name\":\"Pierre Manetti Quartet\"}]},{\"@type\":\"WebSite\",\"@id\":\"https:\/\/www.sunset-sunside.com\/#website\",\"url\":\"https:\/\/www.sunset-sunside.com\/\",\"name\":\"Sunset Sunside\",\"description\":\"\",\"potentialAction\":[{\"@type\":\"SearchAction\",\"target\":{\"@type\":\"EntryPoint\",\"urlTemplate\":\"https:\/\/www.sunset-sunside.com\/?s={search_term_string}\"},\"query-input\":{\"@type\":\"PropertyValueSpecification\",\"valueRequired\":true,\"valueName\":\"search_term_string\"}}],\"inLanguage\":\"en-GB\"}]}<\/script>\n<!-- \/ Yoast SEO plugin. -->","yoast_head_json":{"title":"Pierre Manetti Quartet - Sunset Sunside","robots":{"index":"index","follow":"follow","max-snippet":"max-snippet:-1","max-image-preview":"max-image-preview:large","max-video-preview":"max-video-preview:-1"},"canonical":"https:\/\/www.sunset-sunside.com\/concert\/pierre-manetti-quartet\/","og_locale":"en_GB","og_type":"article","og_title":"Pierre Manetti Quartet - Sunset Sunside","og_description":"N\u00e9 en 93, l\u2019avenir de Pierre Manetti semble d\u00e9j\u00e0 tout trac\u00e9. En effet, Il est le fils cadet du c\u00e9l\u00e8bre guitariste Romane et le fr\u00e8re de Richard Manetti \u00e9galement guitariste. [&hellip;]","og_url":"https:\/\/www.sunset-sunside.com\/concert\/pierre-manetti-quartet\/","og_site_name":"Sunset Sunside","article_publisher":"https:\/\/www.facebook.com\/SunsetSunsideJazzClub\/","article_modified_time":"2025-07-18T13:40:08+00:00","og_image":[{"width":4016,"height":3650,"url":"https:\/\/www.sunset-sunside.com\/app\/uploads\/2025\/07\/Pierre-Manetti-e1752845894827.jpeg","type":"image\/jpeg"}],"twitter_card":"summary_large_image","twitter_site":"@SunsetSunside","twitter_misc":{"Est. reading time":"2 minutes"},"schema":{"@context":"https:\/\/schema.org","@graph":[{"@type":"WebPage","@id":"https:\/\/www.sunset-sunside.com\/concert\/pierre-manetti-quartet\/","url":"https:\/\/www.sunset-sunside.com\/concert\/pierre-manetti-quartet\/","name":"Pierre Manetti Quartet - Sunset Sunside","isPartOf":{"@id":"https:\/\/www.sunset-sunside.com\/#website"},"primaryImageOfPage":{"@id":"https:\/\/www.sunset-sunside.com\/concert\/pierre-manetti-quartet\/#primaryimage"},"image":{"@id":"https:\/\/www.sunset-sunside.com\/concert\/pierre-manetti-quartet\/#primaryimage"},"thumbnailUrl":"https:\/\/www.sunset-sunside.com\/app\/uploads\/2025\/07\/Pierre-Manetti-e1752845894827.jpeg","datePublished":"2025-07-16T11:42:11+00:00","dateModified":"2025-07-18T13:40:08+00:00","breadcrumb":{"@id":"https:\/\/www.sunset-sunside.com\/concert\/pierre-manetti-quartet\/#breadcrumb"},"inLanguage":"en-GB","potentialAction":[{"@type":"ReadAction","target":["https:\/\/www.sunset-sunside.com\/concert\/pierre-manetti-quartet\/"]}]},{"@type":"ImageObject","inLanguage":"en-GB","@id":"https:\/\/www.sunset-sunside.com\/concert\/pierre-manetti-quartet\/#primaryimage","url":"https:\/\/www.sunset-sunside.com\/app\/uploads\/2025\/07\/Pierre-Manetti-e1752845894827.jpeg","contentUrl":"https:\/\/www.sunset-sunside.com\/app\/uploads\/2025\/07\/Pierre-Manetti-e1752845894827.jpeg","width":4016,"height":3650,"caption":"\u00a9 DR"},{"@type":"BreadcrumbList","@id":"https:\/\/www.sunset-sunside.com\/concert\/pierre-manetti-quartet\/#breadcrumb","itemListElement":[{"@type":"ListItem","position":1,"name":"Accueil","item":"https:\/\/www.sunset-sunside.com\/"},{"@type":"ListItem","position":2,"name":"\u00c9v\u00e8nements","item":"https:\/\/www.sunset-sunside.com\/concerts\/"},{"@type":"ListItem","position":3,"name":"Pierre Manetti Quartet"}]},{"@type":"WebSite","@id":"https:\/\/www.sunset-sunside.com\/#website","url":"https:\/\/www.sunset-sunside.com\/","name":"Sunset Sunside","description":"","potentialAction":[{"@type":"SearchAction","target":{"@type":"EntryPoint","urlTemplate":"https:\/\/www.sunset-sunside.com\/?s={search_term_string}"},"query-input":{"@type":"PropertyValueSpecification","valueRequired":true,"valueName":"search_term_string"}}],"inLanguage":"en-GB"}]}},"publishpress_future_action":{"enabled":false,"date":"2026-04-12 19:01:19","action":"change-status","newStatus":"draft","terms":[],"taxonomy":"post_tag","extraData":[]},"publishpress_future_workflow_manual_trigger":{"enabledWorkflows":[]},"ticketed":["woo"],"_links":{"self":[{"href":"https:\/\/www.sunset-sunside.com\/wp-json\/wp\/v2\/tribe_events\/87687","targetHints":{"allow":["GET"]}}],"collection":[{"href":"https:\/\/www.sunset-sunside.com\/wp-json\/wp\/v2\/tribe_events"}],"about":[{"href":"https:\/\/www.sunset-sunside.com\/wp-json\/wp\/v2\/types\/tribe_events"}],"author":[{"embeddable":true,"href":"https:\/\/www.sunset-sunside.com\/wp-json\/wp\/v2\/users\/2"}],"version-history":[{"count":4,"href":"https:\/\/www.sunset-sunside.com\/wp-json\/wp\/v2\/tribe_events\/87687\/revisions"}],"predecessor-version":[{"id":88049,"href":"https:\/\/www.sunset-sunside.com\/wp-json\/wp\/v2\/tribe_events\/87687\/revisions\/88049"}],"wp:featuredmedia":[{"embeddable":true,"href":"https:\/\/www.sunset-sunside.com\/wp-json\/wp\/v2\/media\/87695"}],"wp:attachment":[{"href":"https:\/\/www.sunset-sunside.com\/wp-json\/wp\/v2\/media?parent=87687"}],"wp:term":[{"taxonomy":"post_tag","embeddable":true,"href":"https:\/\/www.sunset-sunside.com\/wp-json\/wp\/v2\/tags?post=87687"},{"taxonomy":"genre","embeddable":true,"href":"https:\/\/www.sunset-sunside.com\/wp-json\/wp\/v2\/genre?post=87687"},{"taxonomy":"tribe_events_cat","embeddable":true,"href":"https:\/\/www.sunset-sunside.com\/wp-json\/wp\/v2\/tribe_events_cat?post=87687"}],"curies":[{"name":"wp","href":"https:\/\/api.w.org\/{rel}","templated":true}]}}

<p>Né en 93, l’avenir de Pierre Manetti semble déjà tout tracé. En effet, Il est le fils cadet du célèbre guitariste Romane et le frère de Richard Manetti également guitariste. C’est donc sous la houlette de son père que Pierre Manetti esquisse ses premières notes sur la guitare et ainsi, peaufine au fur et à mesure son jeu. En 2009, il remporte le prix spécial Jeunes talents au Festival des Puces de Saint-Ouen. Puis il enchaîne les rencontres qui le poussent naturellement à jouer dans de nombreux clubs de jazz jusqu’au Théâtre des Champs-Elysées pour l’hommage à Django Reinhardt : Django 100. Fort de ses expériences, Pierre nous présente comme le nom l’indique first shot, son premier album. first shot On découvre ici avant tout un véritable groupe où se succèdent les interventions tantôt musclées, tantôt rafinées de Christophe Cravero à l’orgue C2D, du batteur Laurent Locuratolo et du bassiste Henri Dorina. Le jeu guitaristique de Pierre Manetti s’en donne à coeur joie sur les dix compositions originales écrites de sa main. La fraîcheur et l’enthousiasme de ses interventions sont communicatifs et remportent une adhésion instantanée. Doté d’une intensité sans faille sans pour autant s’interdire quelques somptueuses ballades, first shot réussit à nous toucher dans le mille.</p>

<p>Né en 93, l’avenir de Pierre Manetti semble déjà tout tracé. En effet, Il est le fils cadet du célèbre guitariste Romane et le frère de Richard Manetti également guitariste. [&hellip;]</p>

<!-- This site is optimized with the Yoast SEO plugin v25.7 - https://yoast.com/wordpress/plugins/seo/ -->
<title>Pierre Manetti Quartet - Sunset Sunside</title>
<meta name="robots" content="index, follow, max-snippet:-1, max-image-preview:large, max-video-preview:-1" />
<link rel="canonical" href="https://www.sunset-sunside.com/concert/pierre-manetti-quartet/" />
<meta property="og:locale" content="en_GB" />
<meta property="og:type" content="article" />
<meta property="og:title" content="Pierre Manetti Quartet - Sunset Sunside" />
<meta property="og:description" content="Né en 93, l’avenir de Pierre Manetti semble déjà tout tracé. En effet, Il est le fils cadet du célèbre guitariste Romane et le frère de Richard Manetti également guitariste. [&hellip;]" />
<meta property="og:url" content="https://www.sunset-sunside.com/concert/pierre-manetti-quartet/" />
<meta property="og:site_name" content="Sunset Sunside" />
<meta property="article:publisher" content="https://www.facebook.com/SunsetSunsideJazzClub/" />
<meta property="article:modified_time" content="2025-07-18T13:40:08+00:00" />
<meta property="og:image" content="https://www.sunset-sunside.com/app/uploads/2025/07/Pierre-Manetti-e1752845894827.jpeg" />
	<meta property="og:image:width" content="4016" />
	<meta property="og:image:height" content="3650" />
	<meta property="og:image:type" content="image/jpeg" />
<meta name="twitter:card" content="summary_large_image" />
<meta name="twitter:site" content="@SunsetSunside" />
<meta name="twitter:label1" content="Est. reading time" />
	<meta name="twitter:data1" content="2 minutes" />
<script type="application/ld+json" class="yoast-schema-graph">{"@context":"https://schema.org","@graph":[{"@type":"WebPage","@id":"https://www.sunset-sunside.com/concert/pierre-manetti-quartet/","url":"https://www.sunset-sunside.com/concert/pierre-manetti-quartet/","name":"Pierre Manetti Quartet - Sunset Sunside","isPartOf":{"@id":"https://www.sunset-sunside.com/#website"},"primaryImageOfPage":{"@id":"https://www.sunset-sunside.com/concert/pierre-manetti-quartet/#primaryimage"},"image":{"@id":"https://www.sunset-sunside.com/concert/pierre-manetti-quartet/#primaryimage"},"thumbnailUrl":"https://www.sunset-sunside.com/app/uploads/2025/07/Pierre-Manetti-e1752845894827.jpeg","datePublished":"2025-07-16T11:42:11+00:00","dateModified":"2025-07-18T13:40:08+00:00","breadcrumb":{"@id":"https://www.sunset-sunside.com/concert/pierre-manetti-quartet/#breadcrumb"},"inLanguage":"en-GB","potentialAction":[{"@type":"ReadAction","target":["https://www.sunset-sunside.com/concert/pierre-manetti-quartet/"]}]},{"@type":"ImageObject","inLanguage":"en-GB","@id":"https://www.sunset-sunside.com/concert/pierre-manetti-quartet/#primaryimage","url":"https://www.sunset-sunside.com/app/uploads/2025/07/Pierre-Manetti-e1752845894827.jpeg","contentUrl":"https://www.sunset-sunside.com/app/uploads/2025/07/Pierre-Manetti-e1752845894827.jpeg","width":4016,"height":3650,"caption":"© DR"},{"@type":"BreadcrumbList","@id":"https://www.sunset-sunside.com/concert/pierre-manetti-quartet/#breadcrumb","itemListElement":[{"@type":"ListItem","position":1,"name":"Accueil","item":"https://www.sunset-sunside.com/"},{"@type":"ListItem","position":2,"name":"Évènements","item":"https://www.sunset-sunside.com/concerts/"},{"@type":"ListItem","position":3,"name":"Pierre Manetti Quartet"}]},{"@type":"WebSite","@id":"https://www.sunset-sunside.com/#website","url":"https://www.sunset-sunside.com/","name":"Sunset Sunside","description":"","potentialAction":[{"@type":"SearchAction","target":{"@type":"EntryPoint","urlTemplate":"https://www.sunset-sunside.com/?s={search_term_string}"},"query-input":{"@type":"PropertyValueSpecification","valueRequired":true,"valueName":"search_term_string"}}],"inLanguage":"en-GB"}]}</script>
<!-- / Yoast SEO plugin. -->

Né en 93, l’avenir de Pierre Manetti semble déjà tout tracé. En effet, Il est le fils cadet du célèbre guitariste Romane et le frère de Richard Manetti également guitariste. [&hellip;]

Évènements
