{"id":87941,"date":"2025-07-18T11:11:05","date_gmt":"2025-07-18T09:11:05","guid":{"rendered":"https:\/\/www.sunset-sunside.com\/?post_type=tribe_events&#038;p=87941"},"modified":"2025-10-28T11:26:11","modified_gmt":"2025-10-28T10:26:11","slug":"jazz-do-brazil","status":"publish","type":"tribe_events","link":"https:\/\/www.sunset-sunside.com\/concert\/jazz-do-brazil\/","title":{"rendered":"Oboman : Jazz do Brazil"},"content":{"rendered":"<p>Aquarela 3 \u2013 Jazz do Brasil<\/p>\n<p>&nbsp;<\/p>\n<p>J-Luc Oboman Fillon \/ Edu Miranda \/Tuniko GoulartGroovy, joyeux, irr\u00e9sistible \u2014 toutsimplement. Oboman assouvit ici son tropisme pour la musique br\u00e9silienne et ses rythmes endiabl\u00e9s,entour\u00e9 de deux musiciens br\u00e9siliens de tr\u00e8s haute vol\u00e9e. Le choro se m\u00eale au jazz dans une libert\u00e9cr\u00e9atrice aussi surprenante que jubilatoire.Disque de la semaine sur FIP et s\u00e9lection de l\u2019\u00e9t\u00e9 par lesInrocks, ce projet est une c\u00e9l\u00e9bration rythmique, color\u00e9e et profond\u00e9ment r\u00e9jouissante \u2014 un purplaisir contagieux.<\/p>\n","protected":false},"excerpt":{"rendered":"<p>Aquarela 3 \u2013 Jazz do Brasil &nbsp; J-Luc Oboman Fillon \/ Edu Miranda \/Tuniko GoulartGroovy, joyeux, irr\u00e9sistible \u2014 toutsimplement. Oboman assouvit ici son tropisme pour la musique br\u00e9silienne et ses [&hellip;]<\/p>\n","protected":false},"author":2,"featured_media":87948,"template":"","meta":{"_acf_changed":false,"_price":"","_stock":"","_tribe_ticket_header":"","_tribe_default_ticket_provider":"Tribe__Tickets_Plus__Commerce__WooCommerce__Main","_tribe_ticket_capacity":"94","_ticket_start_date":"","_ticket_end_date":"","_tribe_ticket_show_description":"","_tribe_ticket_show_not_going":false,"_tribe_ticket_use_global_stock":"1","_tribe_ticket_global_stock_level":"60","_global_stock_mode":"","_global_stock_cap":"","_tribe_rsvp_for_event":"","_tribe_ticket_going_count":"","_tribe_ticket_not_going_count":"","_tribe_tickets_list":"[{\"id\":87942,\"type\":\"default\",\"title\":\"Tarif adh\\u00e9rent\",\"description\":\"\",\"capacityType\":\"capped\",\"price\":20,\"capacity\":94,\"available\":60,\"sharedCapacity\":94,\"sold\":1,\"shareSold\":1,\"isShared\":true,\"currencyDecimalPoint\":\",\",\"currencyNumberOfDecimals\":2,\"currencyPosition\":\"prefix\",\"currencySymbol\":\"$\",\"currencyThousandsSep\":\"\"},{\"id\":87943,\"type\":\"default\",\"title\":\"Tarif r\\u00e9duit\",\"description\":\"Tarif r\\u00e9serv\\u00e9 aux \\u00e9tudiants de moins de 25 ans, ch\\u00f4meurs et intermittents du spectacle. Pr\\u00e9sentation obligatoire d\\u2019un justificatif \\u00e0 l\\u2019entr\\u00e9e. \\r\\nUn suppl\\u00e9ment vous sera demand\\u00e9 pour non pr\\u00e9sentation de justificatif. \",\"capacityType\":\"capped\",\"price\":15,\"capacity\":94,\"available\":60,\"sharedCapacity\":94,\"sold\":4,\"shareSold\":4,\"isShared\":true,\"currencyDecimalPoint\":\",\",\"currencyNumberOfDecimals\":2,\"currencyPosition\":\"prefix\",\"currencySymbol\":\"$\",\"currencyThousandsSep\":\"\"},{\"id\":87944,\"type\":\"default\",\"title\":\"Tarif plein*\",\"description\":\"\",\"capacityType\":\"capped\",\"price\":25,\"capacity\":94,\"available\":60,\"sharedCapacity\":94,\"sold\":29,\"shareSold\":29,\"isShared\":true,\"currencyDecimalPoint\":\",\",\"currencyNumberOfDecimals\":2,\"currencyPosition\":\"prefix\",\"currencySymbol\":\"$\",\"currencyThousandsSep\":\"\"}]","_tribe_ticket_has_attendee_info_fields":false,"_tribe_events_status":"","_tribe_events_status_reason":"","footnotes":"","_tec_slr_enabled":"","_tec_slr_layout":""},"tags":[],"genre":[71],"tribe_events_cat":[213,214,215,216],"class_list":["post-87941","tribe_events","type-tribe_events","status-publish","has-post-thumbnail","hentry","genre-jazz-world","tribe_events_cat-albums-du-mois","tribe_events_cat-coup-de-coeur","tribe_events_cat-decouvertes","tribe_events_cat-evenements","cat_albums-du-mois","cat_coup-de-coeur","cat_decouvertes","cat_evenements"],"acf":[],"yoast_head":"<!-- This site is optimized with the Yoast SEO plugin v25.7 - https:\/\/yoast.com\/wordpress\/plugins\/seo\/ -->\n<title>Oboman : Jazz do Brazil - Sunset Sunside<\/title>\n<meta name=\"robots\" content=\"index, follow, max-snippet:-1, max-image-preview:large, max-video-preview:-1\" \/>\n<link rel=\"canonical\" href=\"https:\/\/www.sunset-sunside.com\/concert\/jazz-do-brazil\/\" \/>\n<meta property=\"og:locale\" content=\"en_GB\" \/>\n<meta property=\"og:type\" content=\"article\" \/>\n<meta property=\"og:title\" content=\"Oboman : Jazz do Brazil - Sunset Sunside\" \/>\n<meta property=\"og:description\" content=\"Aquarela 3 \u2013 Jazz do Brasil &nbsp; J-Luc Oboman Fillon \/ Edu Miranda \/Tuniko GoulartGroovy, joyeux, irr\u00e9sistible \u2014 toutsimplement. Oboman assouvit ici son tropisme pour la musique br\u00e9silienne et ses [&hellip;]\" \/>\n<meta property=\"og:url\" content=\"https:\/\/www.sunset-sunside.com\/concert\/jazz-do-brazil\/\" \/>\n<meta property=\"og:site_name\" content=\"Sunset Sunside\" \/>\n<meta property=\"article:publisher\" content=\"https:\/\/www.facebook.com\/SunsetSunsideJazzClub\/\" \/>\n<meta property=\"article:modified_time\" content=\"2025-10-28T10:26:11+00:00\" \/>\n<meta property=\"og:image\" content=\"https:\/\/www.sunset-sunside.com\/app\/uploads\/2025\/07\/Jazz-do-Brasil.jpeg\" \/>\n\t<meta property=\"og:image:width\" content=\"2000\" \/>\n\t<meta property=\"og:image:height\" content=\"1125\" \/>\n\t<meta property=\"og:image:type\" content=\"image\/jpeg\" \/>\n<meta name=\"twitter:card\" content=\"summary_large_image\" \/>\n<meta name=\"twitter:site\" content=\"@SunsetSunside\" \/>\n<meta name=\"twitter:label1\" content=\"Est. reading time\" \/>\n\t<meta name=\"twitter:data1\" content=\"1 minute\" \/>\n<script type=\"application\/ld+json\" class=\"yoast-schema-graph\">{\"@context\":\"https:\/\/schema.org\",\"@graph\":[{\"@type\":\"WebPage\",\"@id\":\"https:\/\/www.sunset-sunside.com\/concert\/jazz-do-brazil\/\",\"url\":\"https:\/\/www.sunset-sunside.com\/concert\/jazz-do-brazil\/\",\"name\":\"Oboman : Jazz do Brazil - Sunset Sunside\",\"isPartOf\":{\"@id\":\"https:\/\/www.sunset-sunside.com\/#website\"},\"primaryImageOfPage\":{\"@id\":\"https:\/\/www.sunset-sunside.com\/concert\/jazz-do-brazil\/#primaryimage\"},\"image\":{\"@id\":\"https:\/\/www.sunset-sunside.com\/concert\/jazz-do-brazil\/#primaryimage\"},\"thumbnailUrl\":\"https:\/\/www.sunset-sunside.com\/app\/uploads\/2025\/07\/Jazz-do-Brasil.jpeg\",\"datePublished\":\"2025-07-18T09:11:05+00:00\",\"dateModified\":\"2025-10-28T10:26:11+00:00\",\"breadcrumb\":{\"@id\":\"https:\/\/www.sunset-sunside.com\/concert\/jazz-do-brazil\/#breadcrumb\"},\"inLanguage\":\"en-GB\",\"potentialAction\":[{\"@type\":\"ReadAction\",\"target\":[\"https:\/\/www.sunset-sunside.com\/concert\/jazz-do-brazil\/\"]}]},{\"@type\":\"ImageObject\",\"inLanguage\":\"en-GB\",\"@id\":\"https:\/\/www.sunset-sunside.com\/concert\/jazz-do-brazil\/#primaryimage\",\"url\":\"https:\/\/www.sunset-sunside.com\/app\/uploads\/2025\/07\/Jazz-do-Brasil.jpeg\",\"contentUrl\":\"https:\/\/www.sunset-sunside.com\/app\/uploads\/2025\/07\/Jazz-do-Brasil.jpeg\",\"width\":2000,\"height\":1125,\"caption\":\"\u00a9 DR\"},{\"@type\":\"BreadcrumbList\",\"@id\":\"https:\/\/www.sunset-sunside.com\/concert\/jazz-do-brazil\/#breadcrumb\",\"itemListElement\":[{\"@type\":\"ListItem\",\"position\":1,\"name\":\"Accueil\",\"item\":\"https:\/\/www.sunset-sunside.com\/\"},{\"@type\":\"ListItem\",\"position\":2,\"name\":\"\u00c9v\u00e8nements\",\"item\":\"https:\/\/www.sunset-sunside.com\/concerts\/\"},{\"@type\":\"ListItem\",\"position\":3,\"name\":\"Oboman : Jazz do Brazil\"}]},{\"@type\":\"WebSite\",\"@id\":\"https:\/\/www.sunset-sunside.com\/#website\",\"url\":\"https:\/\/www.sunset-sunside.com\/\",\"name\":\"Sunset Sunside\",\"description\":\"\",\"potentialAction\":[{\"@type\":\"SearchAction\",\"target\":{\"@type\":\"EntryPoint\",\"urlTemplate\":\"https:\/\/www.sunset-sunside.com\/?s={search_term_string}\"},\"query-input\":{\"@type\":\"PropertyValueSpecification\",\"valueRequired\":true,\"valueName\":\"search_term_string\"}}],\"inLanguage\":\"en-GB\"}]}<\/script>\n<!-- \/ Yoast SEO plugin. -->","yoast_head_json":{"title":"Oboman : Jazz do Brazil - Sunset Sunside","robots":{"index":"index","follow":"follow","max-snippet":"max-snippet:-1","max-image-preview":"max-image-preview:large","max-video-preview":"max-video-preview:-1"},"canonical":"https:\/\/www.sunset-sunside.com\/concert\/jazz-do-brazil\/","og_locale":"en_GB","og_type":"article","og_title":"Oboman : Jazz do Brazil - Sunset Sunside","og_description":"Aquarela 3 \u2013 Jazz do Brasil &nbsp; J-Luc Oboman Fillon \/ Edu Miranda \/Tuniko GoulartGroovy, joyeux, irr\u00e9sistible \u2014 toutsimplement. Oboman assouvit ici son tropisme pour la musique br\u00e9silienne et ses [&hellip;]","og_url":"https:\/\/www.sunset-sunside.com\/concert\/jazz-do-brazil\/","og_site_name":"Sunset Sunside","article_publisher":"https:\/\/www.facebook.com\/SunsetSunsideJazzClub\/","article_modified_time":"2025-10-28T10:26:11+00:00","og_image":[{"width":2000,"height":1125,"url":"https:\/\/www.sunset-sunside.com\/app\/uploads\/2025\/07\/Jazz-do-Brasil.jpeg","type":"image\/jpeg"}],"twitter_card":"summary_large_image","twitter_site":"@SunsetSunside","twitter_misc":{"Est. reading time":"1 minute"},"schema":{"@context":"https:\/\/schema.org","@graph":[{"@type":"WebPage","@id":"https:\/\/www.sunset-sunside.com\/concert\/jazz-do-brazil\/","url":"https:\/\/www.sunset-sunside.com\/concert\/jazz-do-brazil\/","name":"Oboman : Jazz do Brazil - Sunset Sunside","isPartOf":{"@id":"https:\/\/www.sunset-sunside.com\/#website"},"primaryImageOfPage":{"@id":"https:\/\/www.sunset-sunside.com\/concert\/jazz-do-brazil\/#primaryimage"},"image":{"@id":"https:\/\/www.sunset-sunside.com\/concert\/jazz-do-brazil\/#primaryimage"},"thumbnailUrl":"https:\/\/www.sunset-sunside.com\/app\/uploads\/2025\/07\/Jazz-do-Brasil.jpeg","datePublished":"2025-07-18T09:11:05+00:00","dateModified":"2025-10-28T10:26:11+00:00","breadcrumb":{"@id":"https:\/\/www.sunset-sunside.com\/concert\/jazz-do-brazil\/#breadcrumb"},"inLanguage":"en-GB","potentialAction":[{"@type":"ReadAction","target":["https:\/\/www.sunset-sunside.com\/concert\/jazz-do-brazil\/"]}]},{"@type":"ImageObject","inLanguage":"en-GB","@id":"https:\/\/www.sunset-sunside.com\/concert\/jazz-do-brazil\/#primaryimage","url":"https:\/\/www.sunset-sunside.com\/app\/uploads\/2025\/07\/Jazz-do-Brasil.jpeg","contentUrl":"https:\/\/www.sunset-sunside.com\/app\/uploads\/2025\/07\/Jazz-do-Brasil.jpeg","width":2000,"height":1125,"caption":"\u00a9 DR"},{"@type":"BreadcrumbList","@id":"https:\/\/www.sunset-sunside.com\/concert\/jazz-do-brazil\/#breadcrumb","itemListElement":[{"@type":"ListItem","position":1,"name":"Accueil","item":"https:\/\/www.sunset-sunside.com\/"},{"@type":"ListItem","position":2,"name":"\u00c9v\u00e8nements","item":"https:\/\/www.sunset-sunside.com\/concerts\/"},{"@type":"ListItem","position":3,"name":"Oboman : Jazz do Brazil"}]},{"@type":"WebSite","@id":"https:\/\/www.sunset-sunside.com\/#website","url":"https:\/\/www.sunset-sunside.com\/","name":"Sunset Sunside","description":"","potentialAction":[{"@type":"SearchAction","target":{"@type":"EntryPoint","urlTemplate":"https:\/\/www.sunset-sunside.com\/?s={search_term_string}"},"query-input":{"@type":"PropertyValueSpecification","valueRequired":true,"valueName":"search_term_string"}}],"inLanguage":"en-GB"}]}},"publishpress_future_action":{"enabled":false,"date":"2026-04-12 19:01:04","action":"change-status","newStatus":"draft","terms":[],"taxonomy":"post_tag","extraData":[]},"publishpress_future_workflow_manual_trigger":{"enabledWorkflows":[]},"ticketed":["woo"],"_links":{"self":[{"href":"https:\/\/www.sunset-sunside.com\/wp-json\/wp\/v2\/tribe_events\/87941","targetHints":{"allow":["GET"]}}],"collection":[{"href":"https:\/\/www.sunset-sunside.com\/wp-json\/wp\/v2\/tribe_events"}],"about":[{"href":"https:\/\/www.sunset-sunside.com\/wp-json\/wp\/v2\/types\/tribe_events"}],"author":[{"embeddable":true,"href":"https:\/\/www.sunset-sunside.com\/wp-json\/wp\/v2\/users\/2"}],"version-history":[{"count":2,"href":"https:\/\/www.sunset-sunside.com\/wp-json\/wp\/v2\/tribe_events\/87941\/revisions"}],"predecessor-version":[{"id":88472,"href":"https:\/\/www.sunset-sunside.com\/wp-json\/wp\/v2\/tribe_events\/87941\/revisions\/88472"}],"wp:featuredmedia":[{"embeddable":true,"href":"https:\/\/www.sunset-sunside.com\/wp-json\/wp\/v2\/media\/87948"}],"wp:attachment":[{"href":"https:\/\/www.sunset-sunside.com\/wp-json\/wp\/v2\/media?parent=87941"}],"wp:term":[{"taxonomy":"post_tag","embeddable":true,"href":"https:\/\/www.sunset-sunside.com\/wp-json\/wp\/v2\/tags?post=87941"},{"taxonomy":"genre","embeddable":true,"href":"https:\/\/www.sunset-sunside.com\/wp-json\/wp\/v2\/genre?post=87941"},{"taxonomy":"tribe_events_cat","embeddable":true,"href":"https:\/\/www.sunset-sunside.com\/wp-json\/wp\/v2\/tribe_events_cat?post=87941"}],"curies":[{"name":"wp","href":"https:\/\/api.w.org\/{rel}","templated":true}]}}

<p>Aquarela 3 – Jazz do Brasil</p>
<p>&nbsp;</p>
<p>J-Luc Oboman Fillon / Edu Miranda /Tuniko GoulartGroovy, joyeux, irrésistible — toutsimplement. Oboman assouvit ici son tropisme pour la musique brésilienne et ses rythmes endiablés,entouré de deux musiciens brésiliens de très haute volée. Le choro se mêle au jazz dans une libertécréatrice aussi surprenante que jubilatoire.Disque de la semaine sur FIP et sélection de l’été par lesInrocks, ce projet est une célébration rythmique, colorée et profondément réjouissante — un purplaisir contagieux.</p>

<p>Aquarela 3 – Jazz do Brasil &nbsp; J-Luc Oboman Fillon / Edu Miranda /Tuniko GoulartGroovy, joyeux, irrésistible — toutsimplement. Oboman assouvit ici son tropisme pour la musique brésilienne et ses [&hellip;]</p>

<!-- This site is optimized with the Yoast SEO plugin v25.7 - https://yoast.com/wordpress/plugins/seo/ -->
<title>Oboman : Jazz do Brazil - Sunset Sunside</title>
<meta name="robots" content="index, follow, max-snippet:-1, max-image-preview:large, max-video-preview:-1" />
<link rel="canonical" href="https://www.sunset-sunside.com/concert/jazz-do-brazil/" />
<meta property="og:locale" content="en_GB" />
<meta property="og:type" content="article" />
<meta property="og:title" content="Oboman : Jazz do Brazil - Sunset Sunside" />
<meta property="og:description" content="Aquarela 3 – Jazz do Brasil &nbsp; J-Luc Oboman Fillon / Edu Miranda /Tuniko GoulartGroovy, joyeux, irrésistible — toutsimplement. Oboman assouvit ici son tropisme pour la musique brésilienne et ses [&hellip;]" />
<meta property="og:url" content="https://www.sunset-sunside.com/concert/jazz-do-brazil/" />
<meta property="og:site_name" content="Sunset Sunside" />
<meta property="article:publisher" content="https://www.facebook.com/SunsetSunsideJazzClub/" />
<meta property="article:modified_time" content="2025-10-28T10:26:11+00:00" />
<meta property="og:image" content="https://www.sunset-sunside.com/app/uploads/2025/07/Jazz-do-Brasil.jpeg" />
	<meta property="og:image:width" content="2000" />
	<meta property="og:image:height" content="1125" />
	<meta property="og:image:type" content="image/jpeg" />
<meta name="twitter:card" content="summary_large_image" />
<meta name="twitter:site" content="@SunsetSunside" />
<meta name="twitter:label1" content="Est. reading time" />
	<meta name="twitter:data1" content="1 minute" />
<script type="application/ld+json" class="yoast-schema-graph">{"@context":"https://schema.org","@graph":[{"@type":"WebPage","@id":"https://www.sunset-sunside.com/concert/jazz-do-brazil/","url":"https://www.sunset-sunside.com/concert/jazz-do-brazil/","name":"Oboman : Jazz do Brazil - Sunset Sunside","isPartOf":{"@id":"https://www.sunset-sunside.com/#website"},"primaryImageOfPage":{"@id":"https://www.sunset-sunside.com/concert/jazz-do-brazil/#primaryimage"},"image":{"@id":"https://www.sunset-sunside.com/concert/jazz-do-brazil/#primaryimage"},"thumbnailUrl":"https://www.sunset-sunside.com/app/uploads/2025/07/Jazz-do-Brasil.jpeg","datePublished":"2025-07-18T09:11:05+00:00","dateModified":"2025-10-28T10:26:11+00:00","breadcrumb":{"@id":"https://www.sunset-sunside.com/concert/jazz-do-brazil/#breadcrumb"},"inLanguage":"en-GB","potentialAction":[{"@type":"ReadAction","target":["https://www.sunset-sunside.com/concert/jazz-do-brazil/"]}]},{"@type":"ImageObject","inLanguage":"en-GB","@id":"https://www.sunset-sunside.com/concert/jazz-do-brazil/#primaryimage","url":"https://www.sunset-sunside.com/app/uploads/2025/07/Jazz-do-Brasil.jpeg","contentUrl":"https://www.sunset-sunside.com/app/uploads/2025/07/Jazz-do-Brasil.jpeg","width":2000,"height":1125,"caption":"© DR"},{"@type":"BreadcrumbList","@id":"https://www.sunset-sunside.com/concert/jazz-do-brazil/#breadcrumb","itemListElement":[{"@type":"ListItem","position":1,"name":"Accueil","item":"https://www.sunset-sunside.com/"},{"@type":"ListItem","position":2,"name":"Évènements","item":"https://www.sunset-sunside.com/concerts/"},{"@type":"ListItem","position":3,"name":"Oboman : Jazz do Brazil"}]},{"@type":"WebSite","@id":"https://www.sunset-sunside.com/#website","url":"https://www.sunset-sunside.com/","name":"Sunset Sunside","description":"","potentialAction":[{"@type":"SearchAction","target":{"@type":"EntryPoint","urlTemplate":"https://www.sunset-sunside.com/?s={search_term_string}"},"query-input":{"@type":"PropertyValueSpecification","valueRequired":true,"valueName":"search_term_string"}}],"inLanguage":"en-GB"}]}</script>
<!-- / Yoast SEO plugin. -->

Aquarela 3 – Jazz do Brasil &nbsp; J-Luc Oboman Fillon / Edu Miranda /Tuniko GoulartGroovy, joyeux, irrésistible — toutsimplement. Oboman assouvit ici son tropisme pour la musique brésilienne et ses [&hellip;]

Évènements
