{"id":88649,"date":"2025-07-23T14:50:57","date_gmt":"2025-07-23T12:50:57","guid":{"rendered":"https:\/\/www.sunset-sunside.com\/?post_type=tribe_events&#038;p=88649"},"modified":"2025-10-13T11:18:59","modified_gmt":"2025-10-13T09:18:59","slug":"charly-fez-trio","status":"publish","type":"tribe_events","link":"https:\/\/www.sunset-sunside.com\/concert\/charly-fez-trio\/","title":{"rendered":"Charly Fez Trio"},"content":{"rendered":"<p>Charly Fez c\u00e9l\u00e8bre la sortie de son album \u00ab Charly plays Petrucciani \u00bb et vous invite \u00e0 un voyage musical unique au c\u0153ur de l\u2019\u0153uvre de Michel Petrucciani, 25 ans apr\u00e8s sa disparition. C\u2019est un projet m\u00fbri depuis des ann\u00e9es qui voit le jour au Sunside, qui tenait particuli\u00e8rement \u00e0 c\u0153ur \u00e0 Charly, qui voue un culte au musicien \u00e0 la volont\u00e9 d\u2019acier mais \u00e9galement au lyrisme et \u00e0 la technique incroyable.<\/p>\n<p>\nLe trio \u00ab Charly Plays Petrucciani \u00bb revisite avec sensibilit\u00e9 les compositions embl\u00e9matiques du premier pianiste fran\u00e7ais \u00e0 avoir sign\u00e9 Blue Note.<\/p>\n","protected":false},"excerpt":{"rendered":"<p>Charly Fez c\u00e9l\u00e8bre la sortie de son album \u00ab Charly plays Petrucciani \u00bb et vous invite \u00e0 un voyage musical unique au c\u0153ur de l\u2019\u0153uvre de Michel Petrucciani, 25 ans [&hellip;]<\/p>\n","protected":false},"author":2,"featured_media":88654,"template":"","meta":{"_acf_changed":false,"_price":"","_stock":"","_tribe_ticket_header":"","_tribe_default_ticket_provider":"Tribe__Tickets_Plus__Commerce__WooCommerce__Main","_tribe_ticket_capacity":"91","_ticket_start_date":"","_ticket_end_date":"","_tribe_ticket_show_description":"","_tribe_ticket_show_not_going":false,"_tribe_ticket_use_global_stock":"1","_tribe_ticket_global_stock_level":"54","_global_stock_mode":"","_global_stock_cap":"","_tribe_rsvp_for_event":"","_tribe_ticket_going_count":"","_tribe_ticket_not_going_count":"","_tribe_tickets_list":"[{\"id\":88650,\"type\":\"default\",\"title\":\"Tarif plein*\",\"description\":\"\",\"capacityType\":\"capped\",\"price\":20,\"capacity\":91,\"available\":54,\"sharedCapacity\":91,\"sold\":30,\"shareSold\":30,\"isShared\":true,\"currencyDecimalPoint\":\",\",\"currencyNumberOfDecimals\":2,\"currencyPosition\":\"prefix\",\"currencySymbol\":\"$\",\"currencyThousandsSep\":\"\"},{\"id\":88651,\"type\":\"default\",\"title\":\"Tarif r\\u00e9duit\",\"description\":\"Tarif r\\u00e9serv\\u00e9 aux \\u00e9tudiants de moins de 25 ans, ch\\u00f4meurs et intermittents du spectacle. Pr\\u00e9sentation obligatoire d\\u2019un justificatif \\u00e0 l\\u2019entr\\u00e9e. \\r\\nUn suppl\\u00e9ment vous sera demand\\u00e9 pour non pr\\u00e9sentation de justificatif. \",\"capacityType\":\"capped\",\"price\":10,\"capacity\":91,\"available\":54,\"sharedCapacity\":91,\"sold\":5,\"shareSold\":5,\"isShared\":true,\"currencyDecimalPoint\":\",\",\"currencyNumberOfDecimals\":2,\"currencyPosition\":\"prefix\",\"currencySymbol\":\"$\",\"currencyThousandsSep\":\"\"},{\"id\":88652,\"type\":\"default\",\"title\":\"Tarif adh\\u00e9rent\",\"description\":\"\",\"capacityType\":\"capped\",\"price\":15,\"capacity\":91,\"available\":54,\"sharedCapacity\":91,\"sold\":0,\"shareSold\":0,\"isShared\":true,\"currencyDecimalPoint\":\",\",\"currencyNumberOfDecimals\":2,\"currencyPosition\":\"prefix\",\"currencySymbol\":\"$\",\"currencyThousandsSep\":\"\"}]","_tribe_ticket_has_attendee_info_fields":false,"_tribe_events_status":"","_tribe_events_status_reason":"","footnotes":"","_tec_slr_enabled":"","_tec_slr_layout":""},"tags":[],"genre":[123],"tribe_events_cat":[213,214,215,216],"class_list":["post-88649","tribe_events","type-tribe_events","status-publish","has-post-thumbnail","hentry","genre-jazz-tribute","tribe_events_cat-albums-du-mois","tribe_events_cat-coup-de-coeur","tribe_events_cat-decouvertes","tribe_events_cat-evenements","cat_albums-du-mois","cat_coup-de-coeur","cat_decouvertes","cat_evenements"],"acf":[],"yoast_head":"<!-- This site is optimized with the Yoast SEO plugin v25.7 - https:\/\/yoast.com\/wordpress\/plugins\/seo\/ -->\n<title>Charly Fez Trio - Sunset Sunside<\/title>\n<meta name=\"robots\" content=\"index, follow, max-snippet:-1, max-image-preview:large, max-video-preview:-1\" \/>\n<link rel=\"canonical\" href=\"https:\/\/www.sunset-sunside.com\/concert\/charly-fez-trio\/\" \/>\n<meta property=\"og:locale\" content=\"fr_FR\" \/>\n<meta property=\"og:type\" content=\"article\" \/>\n<meta property=\"og:title\" content=\"Charly Fez Trio - Sunset Sunside\" \/>\n<meta property=\"og:description\" content=\"Charly Fez c\u00e9l\u00e8bre la sortie de son album \u00ab Charly plays Petrucciani \u00bb et vous invite \u00e0 un voyage musical unique au c\u0153ur de l\u2019\u0153uvre de Michel Petrucciani, 25 ans [&hellip;]\" \/>\n<meta property=\"og:url\" content=\"https:\/\/www.sunset-sunside.com\/concert\/charly-fez-trio\/\" \/>\n<meta property=\"og:site_name\" content=\"Sunset Sunside\" \/>\n<meta property=\"article:publisher\" content=\"https:\/\/www.facebook.com\/SunsetSunsideJazzClub\/\" \/>\n<meta property=\"article:modified_time\" content=\"2025-10-13T09:18:59+00:00\" \/>\n<meta property=\"og:image\" content=\"https:\/\/www.sunset-sunside.com\/app\/uploads\/2025\/07\/Trio-2-96-DPI-Charly-e1753275002523.jpeg\" \/>\n\t<meta property=\"og:image:width\" content=\"530\" \/>\n\t<meta property=\"og:image:height\" content=\"480\" \/>\n\t<meta property=\"og:image:type\" content=\"image\/jpeg\" \/>\n<meta name=\"twitter:card\" content=\"summary_large_image\" \/>\n<meta name=\"twitter:site\" content=\"@SunsetSunside\" \/>\n<meta name=\"twitter:label1\" content=\"Dur\u00e9e de lecture estim\u00e9e\" \/>\n\t<meta name=\"twitter:data1\" content=\"1 minute\" \/>\n<script type=\"application\/ld+json\" class=\"yoast-schema-graph\">{\"@context\":\"https:\/\/schema.org\",\"@graph\":[{\"@type\":\"WebPage\",\"@id\":\"https:\/\/www.sunset-sunside.com\/concert\/charly-fez-trio\/\",\"url\":\"https:\/\/www.sunset-sunside.com\/concert\/charly-fez-trio\/\",\"name\":\"Charly Fez Trio - Sunset Sunside\",\"isPartOf\":{\"@id\":\"https:\/\/www.sunset-sunside.com\/#website\"},\"primaryImageOfPage\":{\"@id\":\"https:\/\/www.sunset-sunside.com\/concert\/charly-fez-trio\/#primaryimage\"},\"image\":{\"@id\":\"https:\/\/www.sunset-sunside.com\/concert\/charly-fez-trio\/#primaryimage\"},\"thumbnailUrl\":\"https:\/\/www.sunset-sunside.com\/app\/uploads\/2025\/07\/Trio-2-96-DPI-Charly-e1753275002523.jpeg\",\"datePublished\":\"2025-07-23T12:50:57+00:00\",\"dateModified\":\"2025-10-13T09:18:59+00:00\",\"breadcrumb\":{\"@id\":\"https:\/\/www.sunset-sunside.com\/concert\/charly-fez-trio\/#breadcrumb\"},\"inLanguage\":\"fr-FR\",\"potentialAction\":[{\"@type\":\"ReadAction\",\"target\":[\"https:\/\/www.sunset-sunside.com\/concert\/charly-fez-trio\/\"]}]},{\"@type\":\"ImageObject\",\"inLanguage\":\"fr-FR\",\"@id\":\"https:\/\/www.sunset-sunside.com\/concert\/charly-fez-trio\/#primaryimage\",\"url\":\"https:\/\/www.sunset-sunside.com\/app\/uploads\/2025\/07\/Trio-2-96-DPI-Charly-e1753275002523.jpeg\",\"contentUrl\":\"https:\/\/www.sunset-sunside.com\/app\/uploads\/2025\/07\/Trio-2-96-DPI-Charly-e1753275002523.jpeg\",\"width\":530,\"height\":480,\"caption\":\"\u00a9DR\"},{\"@type\":\"BreadcrumbList\",\"@id\":\"https:\/\/www.sunset-sunside.com\/concert\/charly-fez-trio\/#breadcrumb\",\"itemListElement\":[{\"@type\":\"ListItem\",\"position\":1,\"name\":\"Accueil\",\"item\":\"https:\/\/www.sunset-sunside.com\/\"},{\"@type\":\"ListItem\",\"position\":2,\"name\":\"\u00c9v\u00e8nements\",\"item\":\"https:\/\/www.sunset-sunside.com\/concerts\/\"},{\"@type\":\"ListItem\",\"position\":3,\"name\":\"Charly Fez Trio\"}]},{\"@type\":\"WebSite\",\"@id\":\"https:\/\/www.sunset-sunside.com\/#website\",\"url\":\"https:\/\/www.sunset-sunside.com\/\",\"name\":\"Sunset Sunside\",\"description\":\"\",\"potentialAction\":[{\"@type\":\"SearchAction\",\"target\":{\"@type\":\"EntryPoint\",\"urlTemplate\":\"https:\/\/www.sunset-sunside.com\/?s={search_term_string}\"},\"query-input\":{\"@type\":\"PropertyValueSpecification\",\"valueRequired\":true,\"valueName\":\"search_term_string\"}}],\"inLanguage\":\"fr-FR\"}]}<\/script>\n<!-- \/ Yoast SEO plugin. -->","yoast_head_json":{"title":"Charly Fez Trio - Sunset Sunside","robots":{"index":"index","follow":"follow","max-snippet":"max-snippet:-1","max-image-preview":"max-image-preview:large","max-video-preview":"max-video-preview:-1"},"canonical":"https:\/\/www.sunset-sunside.com\/concert\/charly-fez-trio\/","og_locale":"fr_FR","og_type":"article","og_title":"Charly Fez Trio - Sunset Sunside","og_description":"Charly Fez c\u00e9l\u00e8bre la sortie de son album \u00ab Charly plays Petrucciani \u00bb et vous invite \u00e0 un voyage musical unique au c\u0153ur de l\u2019\u0153uvre de Michel Petrucciani, 25 ans [&hellip;]","og_url":"https:\/\/www.sunset-sunside.com\/concert\/charly-fez-trio\/","og_site_name":"Sunset Sunside","article_publisher":"https:\/\/www.facebook.com\/SunsetSunsideJazzClub\/","article_modified_time":"2025-10-13T09:18:59+00:00","og_image":[{"width":530,"height":480,"url":"https:\/\/www.sunset-sunside.com\/app\/uploads\/2025\/07\/Trio-2-96-DPI-Charly-e1753275002523.jpeg","type":"image\/jpeg"}],"twitter_card":"summary_large_image","twitter_site":"@SunsetSunside","twitter_misc":{"Dur\u00e9e de lecture estim\u00e9e":"1 minute"},"schema":{"@context":"https:\/\/schema.org","@graph":[{"@type":"WebPage","@id":"https:\/\/www.sunset-sunside.com\/concert\/charly-fez-trio\/","url":"https:\/\/www.sunset-sunside.com\/concert\/charly-fez-trio\/","name":"Charly Fez Trio - Sunset Sunside","isPartOf":{"@id":"https:\/\/www.sunset-sunside.com\/#website"},"primaryImageOfPage":{"@id":"https:\/\/www.sunset-sunside.com\/concert\/charly-fez-trio\/#primaryimage"},"image":{"@id":"https:\/\/www.sunset-sunside.com\/concert\/charly-fez-trio\/#primaryimage"},"thumbnailUrl":"https:\/\/www.sunset-sunside.com\/app\/uploads\/2025\/07\/Trio-2-96-DPI-Charly-e1753275002523.jpeg","datePublished":"2025-07-23T12:50:57+00:00","dateModified":"2025-10-13T09:18:59+00:00","breadcrumb":{"@id":"https:\/\/www.sunset-sunside.com\/concert\/charly-fez-trio\/#breadcrumb"},"inLanguage":"fr-FR","potentialAction":[{"@type":"ReadAction","target":["https:\/\/www.sunset-sunside.com\/concert\/charly-fez-trio\/"]}]},{"@type":"ImageObject","inLanguage":"fr-FR","@id":"https:\/\/www.sunset-sunside.com\/concert\/charly-fez-trio\/#primaryimage","url":"https:\/\/www.sunset-sunside.com\/app\/uploads\/2025\/07\/Trio-2-96-DPI-Charly-e1753275002523.jpeg","contentUrl":"https:\/\/www.sunset-sunside.com\/app\/uploads\/2025\/07\/Trio-2-96-DPI-Charly-e1753275002523.jpeg","width":530,"height":480,"caption":"\u00a9DR"},{"@type":"BreadcrumbList","@id":"https:\/\/www.sunset-sunside.com\/concert\/charly-fez-trio\/#breadcrumb","itemListElement":[{"@type":"ListItem","position":1,"name":"Accueil","item":"https:\/\/www.sunset-sunside.com\/"},{"@type":"ListItem","position":2,"name":"\u00c9v\u00e8nements","item":"https:\/\/www.sunset-sunside.com\/concerts\/"},{"@type":"ListItem","position":3,"name":"Charly Fez Trio"}]},{"@type":"WebSite","@id":"https:\/\/www.sunset-sunside.com\/#website","url":"https:\/\/www.sunset-sunside.com\/","name":"Sunset Sunside","description":"","potentialAction":[{"@type":"SearchAction","target":{"@type":"EntryPoint","urlTemplate":"https:\/\/www.sunset-sunside.com\/?s={search_term_string}"},"query-input":{"@type":"PropertyValueSpecification","valueRequired":true,"valueName":"search_term_string"}}],"inLanguage":"fr-FR"}]}},"publishpress_future_action":{"enabled":false,"date":"2026-04-12 18:52:21","action":"change-status","newStatus":"draft","terms":[],"taxonomy":"post_tag","extraData":[]},"publishpress_future_workflow_manual_trigger":{"enabledWorkflows":[]},"ticketed":["woo"],"_links":{"self":[{"href":"https:\/\/www.sunset-sunside.com\/wp-json\/wp\/v2\/tribe_events\/88649","targetHints":{"allow":["GET"]}}],"collection":[{"href":"https:\/\/www.sunset-sunside.com\/wp-json\/wp\/v2\/tribe_events"}],"about":[{"href":"https:\/\/www.sunset-sunside.com\/wp-json\/wp\/v2\/types\/tribe_events"}],"author":[{"embeddable":true,"href":"https:\/\/www.sunset-sunside.com\/wp-json\/wp\/v2\/users\/2"}],"version-history":[{"count":1,"href":"https:\/\/www.sunset-sunside.com\/wp-json\/wp\/v2\/tribe_events\/88649\/revisions"}],"predecessor-version":[{"id":88655,"href":"https:\/\/www.sunset-sunside.com\/wp-json\/wp\/v2\/tribe_events\/88649\/revisions\/88655"}],"wp:featuredmedia":[{"embeddable":true,"href":"https:\/\/www.sunset-sunside.com\/wp-json\/wp\/v2\/media\/88654"}],"wp:attachment":[{"href":"https:\/\/www.sunset-sunside.com\/wp-json\/wp\/v2\/media?parent=88649"}],"wp:term":[{"taxonomy":"post_tag","embeddable":true,"href":"https:\/\/www.sunset-sunside.com\/wp-json\/wp\/v2\/tags?post=88649"},{"taxonomy":"genre","embeddable":true,"href":"https:\/\/www.sunset-sunside.com\/wp-json\/wp\/v2\/genre?post=88649"},{"taxonomy":"tribe_events_cat","embeddable":true,"href":"https:\/\/www.sunset-sunside.com\/wp-json\/wp\/v2\/tribe_events_cat?post=88649"}],"curies":[{"name":"wp","href":"https:\/\/api.w.org\/{rel}","templated":true}]}}

<p>Charly Fez célèbre la sortie de son album « Charly plays Petrucciani » et vous invite à un voyage musical unique au cœur de l’œuvre de Michel Petrucciani, 25 ans après sa disparition. C’est un projet mûri depuis des années qui voit le jour au Sunside, qui tenait particulièrement à cœur à Charly, qui voue un culte au musicien à la volonté d’acier mais également au lyrisme et à la technique incroyable.</p>
<p>
Le trio « Charly Plays Petrucciani » revisite avec sensibilité les compositions emblématiques du premier pianiste français à avoir signé Blue Note.</p>

<p>Charly Fez célèbre la sortie de son album « Charly plays Petrucciani » et vous invite à un voyage musical unique au cœur de l’œuvre de Michel Petrucciani, 25 ans [&hellip;]</p>

<!-- This site is optimized with the Yoast SEO plugin v25.7 - https://yoast.com/wordpress/plugins/seo/ -->
<title>Charly Fez Trio - Sunset Sunside</title>
<meta name="robots" content="index, follow, max-snippet:-1, max-image-preview:large, max-video-preview:-1" />
<link rel="canonical" href="https://www.sunset-sunside.com/concert/charly-fez-trio/" />
<meta property="og:locale" content="fr_FR" />
<meta property="og:type" content="article" />
<meta property="og:title" content="Charly Fez Trio - Sunset Sunside" />
<meta property="og:description" content="Charly Fez célèbre la sortie de son album « Charly plays Petrucciani » et vous invite à un voyage musical unique au cœur de l’œuvre de Michel Petrucciani, 25 ans [&hellip;]" />
<meta property="og:url" content="https://www.sunset-sunside.com/concert/charly-fez-trio/" />
<meta property="og:site_name" content="Sunset Sunside" />
<meta property="article:publisher" content="https://www.facebook.com/SunsetSunsideJazzClub/" />
<meta property="article:modified_time" content="2025-10-13T09:18:59+00:00" />
<meta property="og:image" content="https://www.sunset-sunside.com/app/uploads/2025/07/Trio-2-96-DPI-Charly-e1753275002523.jpeg" />
	<meta property="og:image:width" content="530" />
	<meta property="og:image:height" content="480" />
	<meta property="og:image:type" content="image/jpeg" />
<meta name="twitter:card" content="summary_large_image" />
<meta name="twitter:site" content="@SunsetSunside" />
<meta name="twitter:label1" content="Durée de lecture estimée" />
	<meta name="twitter:data1" content="1 minute" />
<script type="application/ld+json" class="yoast-schema-graph">{"@context":"https://schema.org","@graph":[{"@type":"WebPage","@id":"https://www.sunset-sunside.com/concert/charly-fez-trio/","url":"https://www.sunset-sunside.com/concert/charly-fez-trio/","name":"Charly Fez Trio - Sunset Sunside","isPartOf":{"@id":"https://www.sunset-sunside.com/#website"},"primaryImageOfPage":{"@id":"https://www.sunset-sunside.com/concert/charly-fez-trio/#primaryimage"},"image":{"@id":"https://www.sunset-sunside.com/concert/charly-fez-trio/#primaryimage"},"thumbnailUrl":"https://www.sunset-sunside.com/app/uploads/2025/07/Trio-2-96-DPI-Charly-e1753275002523.jpeg","datePublished":"2025-07-23T12:50:57+00:00","dateModified":"2025-10-13T09:18:59+00:00","breadcrumb":{"@id":"https://www.sunset-sunside.com/concert/charly-fez-trio/#breadcrumb"},"inLanguage":"fr-FR","potentialAction":[{"@type":"ReadAction","target":["https://www.sunset-sunside.com/concert/charly-fez-trio/"]}]},{"@type":"ImageObject","inLanguage":"fr-FR","@id":"https://www.sunset-sunside.com/concert/charly-fez-trio/#primaryimage","url":"https://www.sunset-sunside.com/app/uploads/2025/07/Trio-2-96-DPI-Charly-e1753275002523.jpeg","contentUrl":"https://www.sunset-sunside.com/app/uploads/2025/07/Trio-2-96-DPI-Charly-e1753275002523.jpeg","width":530,"height":480,"caption":"©DR"},{"@type":"BreadcrumbList","@id":"https://www.sunset-sunside.com/concert/charly-fez-trio/#breadcrumb","itemListElement":[{"@type":"ListItem","position":1,"name":"Accueil","item":"https://www.sunset-sunside.com/"},{"@type":"ListItem","position":2,"name":"Évènements","item":"https://www.sunset-sunside.com/concerts/"},{"@type":"ListItem","position":3,"name":"Charly Fez Trio"}]},{"@type":"WebSite","@id":"https://www.sunset-sunside.com/#website","url":"https://www.sunset-sunside.com/","name":"Sunset Sunside","description":"","potentialAction":[{"@type":"SearchAction","target":{"@type":"EntryPoint","urlTemplate":"https://www.sunset-sunside.com/?s={search_term_string}"},"query-input":{"@type":"PropertyValueSpecification","valueRequired":true,"valueName":"search_term_string"}}],"inLanguage":"fr-FR"}]}</script>
<!-- / Yoast SEO plugin. -->

Charly Fez célèbre la sortie de son album « Charly plays Petrucciani » et vous invite à un voyage musical unique au cœur de l’œuvre de Michel Petrucciani, 25 ans [&hellip;]

Évènements
