{"id":88820,"date":"2025-07-24T16:13:27","date_gmt":"2025-07-24T14:13:27","guid":{"rendered":"https:\/\/www.sunset-sunside.com\/?post_type=tribe_events&#038;p=88820"},"modified":"2025-08-22T11:26:15","modified_gmt":"2025-08-22T09:26:15","slug":"madame-helmie-bellini-ralph-lavital","status":"publish","type":"tribe_events","link":"https:\/\/www.sunset-sunside.com\/concert\/madame-helmie-bellini-ralph-lavital\/","title":{"rendered":"Madame Helmie Bellini &amp; Ralph LAVITAL"},"content":{"rendered":"<p>&#8220;il \u00e9tait une voix&#8221; est le titre du livre musical ouvert qui s&#8217;\u00e9crit autour de l&#8217;artiste Madame Helmie Bellini.<\/p>\n<p>\nLe premier chapitre a donn\u00e9 lieu \u00e0 une s\u00e9rie de concerts qui a inspir\u00e9 la cr\u00e9ation de l&#8217;album du m\u00eame nom<br \/>\nparu en janvier 2011 (mention &#8220;coup de coeur&#8221; de Jazz man &#8211; Jazz magazine) .<br \/>\nAu chapitre suivant, de nouvelles pages se sont ecrites au travers d&#8217;un ensemble magistral &#8220;Kongo Square&#8221; qui revient au plus pr\u00e8s des<br \/>\nracines africaines du jazz ; par le chant, les rythmes Kongos et Africains ancestraux r\u00e9sili\u00e9s, \u00e0 la Nouvelle-Orl\u00e9ans.<\/p>\n<p>\nArtiste engag\u00e9e, sensible \u00e0 la transmission, au<br \/>\npartage et dont les talents s\u2019expriment de diverses mani\u00e8res, en plus d&#8217;\u00e9veiller musicalement de jeunes publics, Madame Helmie Bellini devient voix-off(icielle) du festival Off de Jazz In Marciac de 2012 \u00e0 2018. Sa voix est \u00e9galement entendue en 2017\/2018 sur Enghien Idfm o\u00f9 elle y a chroniqu\u00e9 sa vision du jazz, de la musique. Depuis 2021, cette vision prend vie &#8220;en live&#8221; avec ses rdvs Bavard&#8217;Jase.<\/p>\n<p>\n2025, Madame Helmie Bellini reprend l\u00e0 o\u00f9 l&#8217;entracte musicale l&#8217;a laiss\u00e9. Nourrie de tout ce qui a pu lui ouvrir les yeux, le c\u0153ur et l&#8217;\u00e2me le long de ces 25 ann\u00e9es d&#8217;autoproduction, c&#8217;est plus m\u00e2ture, plus solide, plus ancr\u00e9e, plus solaire, plus magn\u00e9tique, plus pos\u00e9e et plus grande que jamais qu&#8217;en compagnie d&#8217;invit\u00e9.e.s elle (se) c\u00e9l\u00e8brera en notre lieu tout ce chemin parcouru.<\/p>\n<p>&nbsp;<\/p>\n","protected":false},"excerpt":{"rendered":"<p>&#8220;il \u00e9tait une voix&#8221; est le titre du livre musical ouvert qui s&#8217;\u00e9crit autour de l&#8217;artiste Madame Helmie Bellini. Le premier chapitre a donn\u00e9 lieu \u00e0 une s\u00e9rie de concerts [&hellip;]<\/p>\n","protected":false},"author":2,"featured_media":83905,"template":"","meta":{"_acf_changed":false,"_price":"","_stock":"","_tribe_ticket_header":"","_tribe_default_ticket_provider":"Tribe__Tickets_Plus__Commerce__WooCommerce__Main","_tribe_ticket_capacity":"96","_ticket_start_date":"","_ticket_end_date":"","_tribe_ticket_show_description":"","_tribe_ticket_show_not_going":false,"_tribe_ticket_use_global_stock":"1","_tribe_ticket_global_stock_level":"72","_global_stock_mode":"","_global_stock_cap":"","_tribe_rsvp_for_event":"","_tribe_ticket_going_count":"","_tribe_ticket_not_going_count":"","_tribe_tickets_list":"[{\"id\":88821,\"type\":\"default\",\"title\":\"Tarif adh\\u00e9rent\",\"description\":\"\",\"capacityType\":\"capped\",\"price\":25,\"capacity\":96,\"available\":72,\"sharedCapacity\":96,\"sold\":0,\"shareSold\":0,\"isShared\":true,\"currencyDecimalPoint\":\",\",\"currencyNumberOfDecimals\":2,\"currencyPosition\":\"prefix\",\"currencySymbol\":\"$\",\"currencyThousandsSep\":\"\"},{\"id\":88822,\"type\":\"default\",\"title\":\"Tarif plein*\",\"description\":\"\",\"capacityType\":\"global\",\"price\":30,\"capacity\":96,\"available\":72,\"sharedCapacity\":96,\"sold\":24,\"shareSold\":24,\"isShared\":true,\"currencyDecimalPoint\":\",\",\"currencyNumberOfDecimals\":2,\"currencyPosition\":\"prefix\",\"currencySymbol\":\"$\",\"currencyThousandsSep\":\"\"}]","_tribe_ticket_has_attendee_info_fields":false,"_tribe_events_status":"","_tribe_events_status_reason":"","footnotes":"","_tec_slr_enabled":"","_tec_slr_layout":""},"tags":[],"genre":[132],"tribe_events_cat":[213,214,215,216],"class_list":["post-88820","tribe_events","type-tribe_events","status-publish","has-post-thumbnail","hentry","genre-chanson-jazz","tribe_events_cat-albums-du-mois","tribe_events_cat-coup-de-coeur","tribe_events_cat-decouvertes","tribe_events_cat-evenements","cat_albums-du-mois","cat_coup-de-coeur","cat_decouvertes","cat_evenements"],"acf":[],"yoast_head":"<!-- This site is optimized with the Yoast SEO plugin v25.7 - https:\/\/yoast.com\/wordpress\/plugins\/seo\/ -->\n<title>Madame Helmie Bellini &amp; Ralph LAVITAL - Sunset Sunside<\/title>\n<meta name=\"robots\" content=\"index, follow, max-snippet:-1, max-image-preview:large, max-video-preview:-1\" \/>\n<link rel=\"canonical\" href=\"https:\/\/www.sunset-sunside.com\/concert\/madame-helmie-bellini-ralph-lavital\/\" \/>\n<meta property=\"og:locale\" content=\"en_GB\" \/>\n<meta property=\"og:type\" content=\"article\" \/>\n<meta property=\"og:title\" content=\"Madame Helmie Bellini &amp; Ralph LAVITAL - Sunset Sunside\" \/>\n<meta property=\"og:description\" content=\"&#8220;il \u00e9tait une voix&#8221; est le titre du livre musical ouvert qui s&#8217;\u00e9crit autour de l&#8217;artiste Madame Helmie Bellini. Le premier chapitre a donn\u00e9 lieu \u00e0 une s\u00e9rie de concerts [&hellip;]\" \/>\n<meta property=\"og:url\" content=\"https:\/\/www.sunset-sunside.com\/concert\/madame-helmie-bellini-ralph-lavital\/\" \/>\n<meta property=\"og:site_name\" content=\"Sunset Sunside\" \/>\n<meta property=\"article:publisher\" content=\"https:\/\/www.facebook.com\/SunsetSunsideJazzClub\/\" \/>\n<meta property=\"article:modified_time\" content=\"2025-08-22T09:26:15+00:00\" \/>\n<meta property=\"og:image\" content=\"https:\/\/www.sunset-sunside.com\/app\/uploads\/2025\/06\/Madame-Helmie-Bellini.jpeg\" \/>\n\t<meta property=\"og:image:width\" content=\"481\" \/>\n\t<meta property=\"og:image:height\" content=\"481\" \/>\n\t<meta property=\"og:image:type\" content=\"image\/jpeg\" \/>\n<meta name=\"twitter:card\" content=\"summary_large_image\" \/>\n<meta name=\"twitter:site\" content=\"@SunsetSunside\" \/>\n<meta name=\"twitter:label1\" content=\"Est. reading time\" \/>\n\t<meta name=\"twitter:data1\" content=\"2 minutes\" \/>\n<script type=\"application\/ld+json\" class=\"yoast-schema-graph\">{\"@context\":\"https:\/\/schema.org\",\"@graph\":[{\"@type\":\"WebPage\",\"@id\":\"https:\/\/www.sunset-sunside.com\/concert\/madame-helmie-bellini-ralph-lavital\/\",\"url\":\"https:\/\/www.sunset-sunside.com\/concert\/madame-helmie-bellini-ralph-lavital\/\",\"name\":\"Madame Helmie Bellini &amp; Ralph LAVITAL - Sunset Sunside\",\"isPartOf\":{\"@id\":\"https:\/\/www.sunset-sunside.com\/#website\"},\"primaryImageOfPage\":{\"@id\":\"https:\/\/www.sunset-sunside.com\/concert\/madame-helmie-bellini-ralph-lavital\/#primaryimage\"},\"image\":{\"@id\":\"https:\/\/www.sunset-sunside.com\/concert\/madame-helmie-bellini-ralph-lavital\/#primaryimage\"},\"thumbnailUrl\":\"https:\/\/www.sunset-sunside.com\/app\/uploads\/2025\/06\/Madame-Helmie-Bellini.jpeg\",\"datePublished\":\"2025-07-24T14:13:27+00:00\",\"dateModified\":\"2025-08-22T09:26:15+00:00\",\"breadcrumb\":{\"@id\":\"https:\/\/www.sunset-sunside.com\/concert\/madame-helmie-bellini-ralph-lavital\/#breadcrumb\"},\"inLanguage\":\"en-GB\",\"potentialAction\":[{\"@type\":\"ReadAction\",\"target\":[\"https:\/\/www.sunset-sunside.com\/concert\/madame-helmie-bellini-ralph-lavital\/\"]}]},{\"@type\":\"ImageObject\",\"inLanguage\":\"en-GB\",\"@id\":\"https:\/\/www.sunset-sunside.com\/concert\/madame-helmie-bellini-ralph-lavital\/#primaryimage\",\"url\":\"https:\/\/www.sunset-sunside.com\/app\/uploads\/2025\/06\/Madame-Helmie-Bellini.jpeg\",\"contentUrl\":\"https:\/\/www.sunset-sunside.com\/app\/uploads\/2025\/06\/Madame-Helmie-Bellini.jpeg\",\"width\":481,\"height\":481,\"caption\":\"\u00a9H\u00e9lo\u00efse SIKA\"},{\"@type\":\"BreadcrumbList\",\"@id\":\"https:\/\/www.sunset-sunside.com\/concert\/madame-helmie-bellini-ralph-lavital\/#breadcrumb\",\"itemListElement\":[{\"@type\":\"ListItem\",\"position\":1,\"name\":\"Accueil\",\"item\":\"https:\/\/www.sunset-sunside.com\/\"},{\"@type\":\"ListItem\",\"position\":2,\"name\":\"\u00c9v\u00e8nements\",\"item\":\"https:\/\/www.sunset-sunside.com\/concerts\/\"},{\"@type\":\"ListItem\",\"position\":3,\"name\":\"Madame Helmie Bellini &amp; Ralph LAVITAL\"}]},{\"@type\":\"WebSite\",\"@id\":\"https:\/\/www.sunset-sunside.com\/#website\",\"url\":\"https:\/\/www.sunset-sunside.com\/\",\"name\":\"Sunset Sunside\",\"description\":\"\",\"potentialAction\":[{\"@type\":\"SearchAction\",\"target\":{\"@type\":\"EntryPoint\",\"urlTemplate\":\"https:\/\/www.sunset-sunside.com\/?s={search_term_string}\"},\"query-input\":{\"@type\":\"PropertyValueSpecification\",\"valueRequired\":true,\"valueName\":\"search_term_string\"}}],\"inLanguage\":\"en-GB\"}]}<\/script>\n<!-- \/ Yoast SEO plugin. -->","yoast_head_json":{"title":"Madame Helmie Bellini &amp; Ralph LAVITAL - Sunset Sunside","robots":{"index":"index","follow":"follow","max-snippet":"max-snippet:-1","max-image-preview":"max-image-preview:large","max-video-preview":"max-video-preview:-1"},"canonical":"https:\/\/www.sunset-sunside.com\/concert\/madame-helmie-bellini-ralph-lavital\/","og_locale":"en_GB","og_type":"article","og_title":"Madame Helmie Bellini &amp; Ralph LAVITAL - Sunset Sunside","og_description":"&#8220;il \u00e9tait une voix&#8221; est le titre du livre musical ouvert qui s&#8217;\u00e9crit autour de l&#8217;artiste Madame Helmie Bellini. Le premier chapitre a donn\u00e9 lieu \u00e0 une s\u00e9rie de concerts [&hellip;]","og_url":"https:\/\/www.sunset-sunside.com\/concert\/madame-helmie-bellini-ralph-lavital\/","og_site_name":"Sunset Sunside","article_publisher":"https:\/\/www.facebook.com\/SunsetSunsideJazzClub\/","article_modified_time":"2025-08-22T09:26:15+00:00","og_image":[{"width":481,"height":481,"url":"https:\/\/www.sunset-sunside.com\/app\/uploads\/2025\/06\/Madame-Helmie-Bellini.jpeg","type":"image\/jpeg"}],"twitter_card":"summary_large_image","twitter_site":"@SunsetSunside","twitter_misc":{"Est. reading time":"2 minutes"},"schema":{"@context":"https:\/\/schema.org","@graph":[{"@type":"WebPage","@id":"https:\/\/www.sunset-sunside.com\/concert\/madame-helmie-bellini-ralph-lavital\/","url":"https:\/\/www.sunset-sunside.com\/concert\/madame-helmie-bellini-ralph-lavital\/","name":"Madame Helmie Bellini &amp; Ralph LAVITAL - Sunset Sunside","isPartOf":{"@id":"https:\/\/www.sunset-sunside.com\/#website"},"primaryImageOfPage":{"@id":"https:\/\/www.sunset-sunside.com\/concert\/madame-helmie-bellini-ralph-lavital\/#primaryimage"},"image":{"@id":"https:\/\/www.sunset-sunside.com\/concert\/madame-helmie-bellini-ralph-lavital\/#primaryimage"},"thumbnailUrl":"https:\/\/www.sunset-sunside.com\/app\/uploads\/2025\/06\/Madame-Helmie-Bellini.jpeg","datePublished":"2025-07-24T14:13:27+00:00","dateModified":"2025-08-22T09:26:15+00:00","breadcrumb":{"@id":"https:\/\/www.sunset-sunside.com\/concert\/madame-helmie-bellini-ralph-lavital\/#breadcrumb"},"inLanguage":"en-GB","potentialAction":[{"@type":"ReadAction","target":["https:\/\/www.sunset-sunside.com\/concert\/madame-helmie-bellini-ralph-lavital\/"]}]},{"@type":"ImageObject","inLanguage":"en-GB","@id":"https:\/\/www.sunset-sunside.com\/concert\/madame-helmie-bellini-ralph-lavital\/#primaryimage","url":"https:\/\/www.sunset-sunside.com\/app\/uploads\/2025\/06\/Madame-Helmie-Bellini.jpeg","contentUrl":"https:\/\/www.sunset-sunside.com\/app\/uploads\/2025\/06\/Madame-Helmie-Bellini.jpeg","width":481,"height":481,"caption":"\u00a9H\u00e9lo\u00efse SIKA"},{"@type":"BreadcrumbList","@id":"https:\/\/www.sunset-sunside.com\/concert\/madame-helmie-bellini-ralph-lavital\/#breadcrumb","itemListElement":[{"@type":"ListItem","position":1,"name":"Accueil","item":"https:\/\/www.sunset-sunside.com\/"},{"@type":"ListItem","position":2,"name":"\u00c9v\u00e8nements","item":"https:\/\/www.sunset-sunside.com\/concerts\/"},{"@type":"ListItem","position":3,"name":"Madame Helmie Bellini &amp; Ralph LAVITAL"}]},{"@type":"WebSite","@id":"https:\/\/www.sunset-sunside.com\/#website","url":"https:\/\/www.sunset-sunside.com\/","name":"Sunset Sunside","description":"","potentialAction":[{"@type":"SearchAction","target":{"@type":"EntryPoint","urlTemplate":"https:\/\/www.sunset-sunside.com\/?s={search_term_string}"},"query-input":{"@type":"PropertyValueSpecification","valueRequired":true,"valueName":"search_term_string"}}],"inLanguage":"en-GB"}]}},"publishpress_future_action":{"enabled":false,"date":"2026-04-12 18:50:24","action":"change-status","newStatus":"draft","terms":[],"taxonomy":"post_tag","extraData":[]},"publishpress_future_workflow_manual_trigger":{"enabledWorkflows":[]},"ticketed":["woo"],"_links":{"self":[{"href":"https:\/\/www.sunset-sunside.com\/wp-json\/wp\/v2\/tribe_events\/88820","targetHints":{"allow":["GET"]}}],"collection":[{"href":"https:\/\/www.sunset-sunside.com\/wp-json\/wp\/v2\/tribe_events"}],"about":[{"href":"https:\/\/www.sunset-sunside.com\/wp-json\/wp\/v2\/types\/tribe_events"}],"author":[{"embeddable":true,"href":"https:\/\/www.sunset-sunside.com\/wp-json\/wp\/v2\/users\/2"}],"version-history":[{"count":4,"href":"https:\/\/www.sunset-sunside.com\/wp-json\/wp\/v2\/tribe_events\/88820\/revisions"}],"predecessor-version":[{"id":91957,"href":"https:\/\/www.sunset-sunside.com\/wp-json\/wp\/v2\/tribe_events\/88820\/revisions\/91957"}],"wp:featuredmedia":[{"embeddable":true,"href":"https:\/\/www.sunset-sunside.com\/wp-json\/wp\/v2\/media\/83905"}],"wp:attachment":[{"href":"https:\/\/www.sunset-sunside.com\/wp-json\/wp\/v2\/media?parent=88820"}],"wp:term":[{"taxonomy":"post_tag","embeddable":true,"href":"https:\/\/www.sunset-sunside.com\/wp-json\/wp\/v2\/tags?post=88820"},{"taxonomy":"genre","embeddable":true,"href":"https:\/\/www.sunset-sunside.com\/wp-json\/wp\/v2\/genre?post=88820"},{"taxonomy":"tribe_events_cat","embeddable":true,"href":"https:\/\/www.sunset-sunside.com\/wp-json\/wp\/v2\/tribe_events_cat?post=88820"}],"curies":[{"name":"wp","href":"https:\/\/api.w.org\/{rel}","templated":true}]}}

<p>&#8220;il était une voix&#8221; est le titre du livre musical ouvert qui s&#8217;écrit autour de l&#8217;artiste Madame Helmie Bellini.</p>
<p>
Le premier chapitre a donné lieu à une série de concerts qui a inspiré la création de l&#8217;album du même nom<br />
paru en janvier 2011 (mention &#8220;coup de coeur&#8221; de Jazz man &#8211; Jazz magazine) .<br />
Au chapitre suivant, de nouvelles pages se sont ecrites au travers d&#8217;un ensemble magistral &#8220;Kongo Square&#8221; qui revient au plus près des<br />
racines africaines du jazz ; par le chant, les rythmes Kongos et Africains ancestraux résiliés, à la Nouvelle-Orléans.</p>
<p>
Artiste engagée, sensible à la transmission, au<br />
partage et dont les talents s’expriment de diverses manières, en plus d&#8217;éveiller musicalement de jeunes publics, Madame Helmie Bellini devient voix-off(icielle) du festival Off de Jazz In Marciac de 2012 à 2018. Sa voix est également entendue en 2017/2018 sur Enghien Idfm où elle y a chroniqué sa vision du jazz, de la musique. Depuis 2021, cette vision prend vie &#8220;en live&#8221; avec ses rdvs Bavard&#8217;Jase.</p>
<p>
2025, Madame Helmie Bellini reprend là où l&#8217;entracte musicale l&#8217;a laissé. Nourrie de tout ce qui a pu lui ouvrir les yeux, le cœur et l&#8217;âme le long de ces 25 années d&#8217;autoproduction, c&#8217;est plus mâture, plus solide, plus ancrée, plus solaire, plus magnétique, plus posée et plus grande que jamais qu&#8217;en compagnie d&#8217;invité.e.s elle (se) célèbrera en notre lieu tout ce chemin parcouru.</p>
<p>&nbsp;</p>

<p>&#8220;il était une voix&#8221; est le titre du livre musical ouvert qui s&#8217;écrit autour de l&#8217;artiste Madame Helmie Bellini. Le premier chapitre a donné lieu à une série de concerts [&hellip;]</p>

<!-- This site is optimized with the Yoast SEO plugin v25.7 - https://yoast.com/wordpress/plugins/seo/ -->
<title>Madame Helmie Bellini &amp; Ralph LAVITAL - Sunset Sunside</title>
<meta name="robots" content="index, follow, max-snippet:-1, max-image-preview:large, max-video-preview:-1" />
<link rel="canonical" href="https://www.sunset-sunside.com/concert/madame-helmie-bellini-ralph-lavital/" />
<meta property="og:locale" content="en_GB" />
<meta property="og:type" content="article" />
<meta property="og:title" content="Madame Helmie Bellini &amp; Ralph LAVITAL - Sunset Sunside" />
<meta property="og:description" content="&#8220;il était une voix&#8221; est le titre du livre musical ouvert qui s&#8217;écrit autour de l&#8217;artiste Madame Helmie Bellini. Le premier chapitre a donné lieu à une série de concerts [&hellip;]" />
<meta property="og:url" content="https://www.sunset-sunside.com/concert/madame-helmie-bellini-ralph-lavital/" />
<meta property="og:site_name" content="Sunset Sunside" />
<meta property="article:publisher" content="https://www.facebook.com/SunsetSunsideJazzClub/" />
<meta property="article:modified_time" content="2025-08-22T09:26:15+00:00" />
<meta property="og:image" content="https://www.sunset-sunside.com/app/uploads/2025/06/Madame-Helmie-Bellini.jpeg" />
	<meta property="og:image:width" content="481" />
	<meta property="og:image:height" content="481" />
	<meta property="og:image:type" content="image/jpeg" />
<meta name="twitter:card" content="summary_large_image" />
<meta name="twitter:site" content="@SunsetSunside" />
<meta name="twitter:label1" content="Est. reading time" />
	<meta name="twitter:data1" content="2 minutes" />
<script type="application/ld+json" class="yoast-schema-graph">{"@context":"https://schema.org","@graph":[{"@type":"WebPage","@id":"https://www.sunset-sunside.com/concert/madame-helmie-bellini-ralph-lavital/","url":"https://www.sunset-sunside.com/concert/madame-helmie-bellini-ralph-lavital/","name":"Madame Helmie Bellini &amp; Ralph LAVITAL - Sunset Sunside","isPartOf":{"@id":"https://www.sunset-sunside.com/#website"},"primaryImageOfPage":{"@id":"https://www.sunset-sunside.com/concert/madame-helmie-bellini-ralph-lavital/#primaryimage"},"image":{"@id":"https://www.sunset-sunside.com/concert/madame-helmie-bellini-ralph-lavital/#primaryimage"},"thumbnailUrl":"https://www.sunset-sunside.com/app/uploads/2025/06/Madame-Helmie-Bellini.jpeg","datePublished":"2025-07-24T14:13:27+00:00","dateModified":"2025-08-22T09:26:15+00:00","breadcrumb":{"@id":"https://www.sunset-sunside.com/concert/madame-helmie-bellini-ralph-lavital/#breadcrumb"},"inLanguage":"en-GB","potentialAction":[{"@type":"ReadAction","target":["https://www.sunset-sunside.com/concert/madame-helmie-bellini-ralph-lavital/"]}]},{"@type":"ImageObject","inLanguage":"en-GB","@id":"https://www.sunset-sunside.com/concert/madame-helmie-bellini-ralph-lavital/#primaryimage","url":"https://www.sunset-sunside.com/app/uploads/2025/06/Madame-Helmie-Bellini.jpeg","contentUrl":"https://www.sunset-sunside.com/app/uploads/2025/06/Madame-Helmie-Bellini.jpeg","width":481,"height":481,"caption":"©Héloïse SIKA"},{"@type":"BreadcrumbList","@id":"https://www.sunset-sunside.com/concert/madame-helmie-bellini-ralph-lavital/#breadcrumb","itemListElement":[{"@type":"ListItem","position":1,"name":"Accueil","item":"https://www.sunset-sunside.com/"},{"@type":"ListItem","position":2,"name":"Évènements","item":"https://www.sunset-sunside.com/concerts/"},{"@type":"ListItem","position":3,"name":"Madame Helmie Bellini &amp; Ralph LAVITAL"}]},{"@type":"WebSite","@id":"https://www.sunset-sunside.com/#website","url":"https://www.sunset-sunside.com/","name":"Sunset Sunside","description":"","potentialAction":[{"@type":"SearchAction","target":{"@type":"EntryPoint","urlTemplate":"https://www.sunset-sunside.com/?s={search_term_string}"},"query-input":{"@type":"PropertyValueSpecification","valueRequired":true,"valueName":"search_term_string"}}],"inLanguage":"en-GB"}]}</script>
<!-- / Yoast SEO plugin. -->

&#8220;il était une voix&#8221; est le titre du livre musical ouvert qui s&#8217;écrit autour de l&#8217;artiste Madame Helmie Bellini. Le premier chapitre a donné lieu à une série de concerts [&hellip;]

©Héloïse SIKA

Évènements
