{"id":89312,"date":"2025-07-29T12:20:34","date_gmt":"2025-07-29T10:20:34","guid":{"rendered":"https:\/\/www.sunset-sunside.com\/?post_type=tribe_events&#038;p=89312"},"modified":"2025-10-14T12:09:10","modified_gmt":"2025-10-14T10:09:10","slug":"aulne-pollen-astral","status":"publish","type":"tribe_events","link":"https:\/\/www.sunset-sunside.com\/concert\/aulne-pollen-astral\/","title":{"rendered":"\u00c4ulne &amp; Pollen Astral"},"content":{"rendered":"<p>Emmen\u00e9 par la chanteuse et fl\u00fbtiste \u00c4ulne, Pollen Astral puise son \u00e9nergie profonde dans un monde de chaos et d&#8217;harmonie. Improvisatrice et compositrice, \u00c4ulne donne corps \u00e0 ses exp\u00e9rimentations vocales, pouss\u00e9e par une qu\u00eate d&#8217;expression originale et le d\u00e9sir de faire de la voix un instrument \u00e0 part enti\u00e8re et aux multiples facettes. Elle s&#8217;entoure de musiciens aussi talentueux que polyvalents, pr\u00eats \u00e0 toutes les aventures sonores, du groove au free jazz en passant par les musiques orientales et leurs rythmiques impaires.<\/p>\n","protected":false},"excerpt":{"rendered":"<p>Emmen\u00e9 par la chanteuse et fl\u00fbtiste \u00c4ulne, Pollen Astral puise son \u00e9nergie profonde dans un monde de chaos et d&#8217;harmonie. Improvisatrice et compositrice, \u00c4ulne donne corps \u00e0 ses exp\u00e9rimentations vocales, [&hellip;]<\/p>\n","protected":false},"author":2,"featured_media":89320,"template":"","meta":{"_acf_changed":false,"_price":"","_stock":"","_tribe_ticket_header":"","_tribe_default_ticket_provider":"Tribe__Tickets_Plus__Commerce__WooCommerce__Main","_tribe_ticket_capacity":"98","_ticket_start_date":"","_ticket_end_date":"","_tribe_ticket_show_description":"","_tribe_ticket_show_not_going":false,"_tribe_ticket_use_global_stock":"1","_tribe_ticket_global_stock_level":"68","_global_stock_mode":"","_global_stock_cap":"","_tribe_rsvp_for_event":"","_tribe_ticket_going_count":"","_tribe_ticket_not_going_count":"","_tribe_tickets_list":"[{\"id\":89313,\"type\":\"default\",\"title\":\"Tarif adh\\u00e9rent\",\"description\":\"\",\"capacityType\":\"capped\",\"price\":15,\"capacity\":98,\"available\":68,\"sharedCapacity\":98,\"sold\":0,\"shareSold\":0,\"isShared\":true,\"currencyDecimalPoint\":\",\",\"currencyNumberOfDecimals\":2,\"currencyPosition\":\"prefix\",\"currencySymbol\":\"$\",\"currencyThousandsSep\":\"\"},{\"id\":89314,\"type\":\"default\",\"title\":\"Tarif r\\u00e9duit\",\"description\":\"Tarif r\\u00e9serv\\u00e9 aux \\u00e9tudiants de moins de 25 ans, ch\\u00f4meurs et intermittents du spectacle. Pr\\u00e9sentation obligatoire d\\u2019un justificatif \\u00e0 l\\u2019entr\\u00e9e. \\r\\nUn suppl\\u00e9ment vous sera demand\\u00e9 pour non pr\\u00e9sentation de justificatif. \",\"capacityType\":\"capped\",\"price\":10,\"capacity\":98,\"available\":68,\"sharedCapacity\":98,\"sold\":4,\"shareSold\":4,\"isShared\":true,\"currencyDecimalPoint\":\",\",\"currencyNumberOfDecimals\":2,\"currencyPosition\":\"prefix\",\"currencySymbol\":\"$\",\"currencyThousandsSep\":\"\"},{\"id\":89315,\"type\":\"default\",\"title\":\"Tarif plein*\",\"description\":\"\",\"capacityType\":\"capped\",\"price\":20,\"capacity\":98,\"available\":68,\"sharedCapacity\":98,\"sold\":14,\"shareSold\":14,\"isShared\":true,\"currencyDecimalPoint\":\",\",\"currencyNumberOfDecimals\":2,\"currencyPosition\":\"prefix\",\"currencySymbol\":\"$\",\"currencyThousandsSep\":\"\"}]","_tribe_ticket_has_attendee_info_fields":false,"_tribe_events_status":"","_tribe_events_status_reason":"","footnotes":"","_tec_slr_enabled":"","_tec_slr_layout":""},"tags":[],"genre":[70],"tribe_events_cat":[213,214,215,216],"class_list":["post-89312","tribe_events","type-tribe_events","status-publish","has-post-thumbnail","hentry","genre-jazz-fusion","tribe_events_cat-albums-du-mois","tribe_events_cat-coup-de-coeur","tribe_events_cat-decouvertes","tribe_events_cat-evenements","cat_albums-du-mois","cat_coup-de-coeur","cat_decouvertes","cat_evenements"],"acf":[],"yoast_head":"<!-- This site is optimized with the Yoast SEO plugin v25.7 - https:\/\/yoast.com\/wordpress\/plugins\/seo\/ -->\n<title>\u00c4ulne &amp; Pollen Astral - Sunset Sunside<\/title>\n<meta name=\"robots\" content=\"index, follow, max-snippet:-1, max-image-preview:large, max-video-preview:-1\" \/>\n<link rel=\"canonical\" href=\"https:\/\/www.sunset-sunside.com\/concert\/aulne-pollen-astral\/\" \/>\n<meta property=\"og:locale\" content=\"fr_FR\" \/>\n<meta property=\"og:type\" content=\"article\" \/>\n<meta property=\"og:title\" content=\"\u00c4ulne &amp; Pollen Astral - Sunset Sunside\" \/>\n<meta property=\"og:description\" content=\"Emmen\u00e9 par la chanteuse et fl\u00fbtiste \u00c4ulne, Pollen Astral puise son \u00e9nergie profonde dans un monde de chaos et d&#8217;harmonie. Improvisatrice et compositrice, \u00c4ulne donne corps \u00e0 ses exp\u00e9rimentations vocales, [&hellip;]\" \/>\n<meta property=\"og:url\" content=\"https:\/\/www.sunset-sunside.com\/concert\/aulne-pollen-astral\/\" \/>\n<meta property=\"og:site_name\" content=\"Sunset Sunside\" \/>\n<meta property=\"article:publisher\" content=\"https:\/\/www.facebook.com\/SunsetSunsideJazzClub\/\" \/>\n<meta property=\"article:modified_time\" content=\"2025-10-14T10:09:10+00:00\" \/>\n<meta property=\"og:image\" content=\"https:\/\/www.sunset-sunside.com\/app\/uploads\/2025\/07\/AULNE.jpeg\" \/>\n\t<meta property=\"og:image:width\" content=\"480\" \/>\n\t<meta property=\"og:image:height\" content=\"480\" \/>\n\t<meta property=\"og:image:type\" content=\"image\/jpeg\" \/>\n<meta name=\"twitter:card\" content=\"summary_large_image\" \/>\n<meta name=\"twitter:site\" content=\"@SunsetSunside\" \/>\n<meta name=\"twitter:label1\" content=\"Dur\u00e9e de lecture estim\u00e9e\" \/>\n\t<meta name=\"twitter:data1\" content=\"1 minute\" \/>\n<script type=\"application\/ld+json\" class=\"yoast-schema-graph\">{\"@context\":\"https:\/\/schema.org\",\"@graph\":[{\"@type\":\"WebPage\",\"@id\":\"https:\/\/www.sunset-sunside.com\/concert\/aulne-pollen-astral\/\",\"url\":\"https:\/\/www.sunset-sunside.com\/concert\/aulne-pollen-astral\/\",\"name\":\"\u00c4ulne &amp; Pollen Astral - Sunset Sunside\",\"isPartOf\":{\"@id\":\"https:\/\/www.sunset-sunside.com\/#website\"},\"primaryImageOfPage\":{\"@id\":\"https:\/\/www.sunset-sunside.com\/concert\/aulne-pollen-astral\/#primaryimage\"},\"image\":{\"@id\":\"https:\/\/www.sunset-sunside.com\/concert\/aulne-pollen-astral\/#primaryimage\"},\"thumbnailUrl\":\"https:\/\/www.sunset-sunside.com\/app\/uploads\/2025\/07\/AULNE.jpeg\",\"datePublished\":\"2025-07-29T10:20:34+00:00\",\"dateModified\":\"2025-10-14T10:09:10+00:00\",\"breadcrumb\":{\"@id\":\"https:\/\/www.sunset-sunside.com\/concert\/aulne-pollen-astral\/#breadcrumb\"},\"inLanguage\":\"fr-FR\",\"potentialAction\":[{\"@type\":\"ReadAction\",\"target\":[\"https:\/\/www.sunset-sunside.com\/concert\/aulne-pollen-astral\/\"]}]},{\"@type\":\"ImageObject\",\"inLanguage\":\"fr-FR\",\"@id\":\"https:\/\/www.sunset-sunside.com\/concert\/aulne-pollen-astral\/#primaryimage\",\"url\":\"https:\/\/www.sunset-sunside.com\/app\/uploads\/2025\/07\/AULNE.jpeg\",\"contentUrl\":\"https:\/\/www.sunset-sunside.com\/app\/uploads\/2025\/07\/AULNE.jpeg\",\"width\":480,\"height\":480,\"caption\":\"\u00a9 DR\"},{\"@type\":\"BreadcrumbList\",\"@id\":\"https:\/\/www.sunset-sunside.com\/concert\/aulne-pollen-astral\/#breadcrumb\",\"itemListElement\":[{\"@type\":\"ListItem\",\"position\":1,\"name\":\"Accueil\",\"item\":\"https:\/\/www.sunset-sunside.com\/\"},{\"@type\":\"ListItem\",\"position\":2,\"name\":\"\u00c9v\u00e8nements\",\"item\":\"https:\/\/www.sunset-sunside.com\/concerts\/\"},{\"@type\":\"ListItem\",\"position\":3,\"name\":\"\u00c4ulne &amp; Pollen Astral\"}]},{\"@type\":\"WebSite\",\"@id\":\"https:\/\/www.sunset-sunside.com\/#website\",\"url\":\"https:\/\/www.sunset-sunside.com\/\",\"name\":\"Sunset Sunside\",\"description\":\"\",\"potentialAction\":[{\"@type\":\"SearchAction\",\"target\":{\"@type\":\"EntryPoint\",\"urlTemplate\":\"https:\/\/www.sunset-sunside.com\/?s={search_term_string}\"},\"query-input\":{\"@type\":\"PropertyValueSpecification\",\"valueRequired\":true,\"valueName\":\"search_term_string\"}}],\"inLanguage\":\"fr-FR\"}]}<\/script>\n<!-- \/ Yoast SEO plugin. -->","yoast_head_json":{"title":"\u00c4ulne &amp; Pollen Astral - Sunset Sunside","robots":{"index":"index","follow":"follow","max-snippet":"max-snippet:-1","max-image-preview":"max-image-preview:large","max-video-preview":"max-video-preview:-1"},"canonical":"https:\/\/www.sunset-sunside.com\/concert\/aulne-pollen-astral\/","og_locale":"fr_FR","og_type":"article","og_title":"\u00c4ulne &amp; Pollen Astral - Sunset Sunside","og_description":"Emmen\u00e9 par la chanteuse et fl\u00fbtiste \u00c4ulne, Pollen Astral puise son \u00e9nergie profonde dans un monde de chaos et d&#8217;harmonie. Improvisatrice et compositrice, \u00c4ulne donne corps \u00e0 ses exp\u00e9rimentations vocales, [&hellip;]","og_url":"https:\/\/www.sunset-sunside.com\/concert\/aulne-pollen-astral\/","og_site_name":"Sunset Sunside","article_publisher":"https:\/\/www.facebook.com\/SunsetSunsideJazzClub\/","article_modified_time":"2025-10-14T10:09:10+00:00","og_image":[{"width":480,"height":480,"url":"https:\/\/www.sunset-sunside.com\/app\/uploads\/2025\/07\/AULNE.jpeg","type":"image\/jpeg"}],"twitter_card":"summary_large_image","twitter_site":"@SunsetSunside","twitter_misc":{"Dur\u00e9e de lecture estim\u00e9e":"1 minute"},"schema":{"@context":"https:\/\/schema.org","@graph":[{"@type":"WebPage","@id":"https:\/\/www.sunset-sunside.com\/concert\/aulne-pollen-astral\/","url":"https:\/\/www.sunset-sunside.com\/concert\/aulne-pollen-astral\/","name":"\u00c4ulne &amp; Pollen Astral - Sunset Sunside","isPartOf":{"@id":"https:\/\/www.sunset-sunside.com\/#website"},"primaryImageOfPage":{"@id":"https:\/\/www.sunset-sunside.com\/concert\/aulne-pollen-astral\/#primaryimage"},"image":{"@id":"https:\/\/www.sunset-sunside.com\/concert\/aulne-pollen-astral\/#primaryimage"},"thumbnailUrl":"https:\/\/www.sunset-sunside.com\/app\/uploads\/2025\/07\/AULNE.jpeg","datePublished":"2025-07-29T10:20:34+00:00","dateModified":"2025-10-14T10:09:10+00:00","breadcrumb":{"@id":"https:\/\/www.sunset-sunside.com\/concert\/aulne-pollen-astral\/#breadcrumb"},"inLanguage":"fr-FR","potentialAction":[{"@type":"ReadAction","target":["https:\/\/www.sunset-sunside.com\/concert\/aulne-pollen-astral\/"]}]},{"@type":"ImageObject","inLanguage":"fr-FR","@id":"https:\/\/www.sunset-sunside.com\/concert\/aulne-pollen-astral\/#primaryimage","url":"https:\/\/www.sunset-sunside.com\/app\/uploads\/2025\/07\/AULNE.jpeg","contentUrl":"https:\/\/www.sunset-sunside.com\/app\/uploads\/2025\/07\/AULNE.jpeg","width":480,"height":480,"caption":"\u00a9 DR"},{"@type":"BreadcrumbList","@id":"https:\/\/www.sunset-sunside.com\/concert\/aulne-pollen-astral\/#breadcrumb","itemListElement":[{"@type":"ListItem","position":1,"name":"Accueil","item":"https:\/\/www.sunset-sunside.com\/"},{"@type":"ListItem","position":2,"name":"\u00c9v\u00e8nements","item":"https:\/\/www.sunset-sunside.com\/concerts\/"},{"@type":"ListItem","position":3,"name":"\u00c4ulne &amp; Pollen Astral"}]},{"@type":"WebSite","@id":"https:\/\/www.sunset-sunside.com\/#website","url":"https:\/\/www.sunset-sunside.com\/","name":"Sunset Sunside","description":"","potentialAction":[{"@type":"SearchAction","target":{"@type":"EntryPoint","urlTemplate":"https:\/\/www.sunset-sunside.com\/?s={search_term_string}"},"query-input":{"@type":"PropertyValueSpecification","valueRequired":true,"valueName":"search_term_string"}}],"inLanguage":"fr-FR"}]}},"publishpress_future_action":{"enabled":false,"date":"2026-04-12 18:48:44","action":"change-status","newStatus":"draft","terms":[],"taxonomy":"post_tag","extraData":[]},"publishpress_future_workflow_manual_trigger":{"enabledWorkflows":[]},"ticketed":["woo"],"_links":{"self":[{"href":"https:\/\/www.sunset-sunside.com\/wp-json\/wp\/v2\/tribe_events\/89312","targetHints":{"allow":["GET"]}}],"collection":[{"href":"https:\/\/www.sunset-sunside.com\/wp-json\/wp\/v2\/tribe_events"}],"about":[{"href":"https:\/\/www.sunset-sunside.com\/wp-json\/wp\/v2\/types\/tribe_events"}],"author":[{"embeddable":true,"href":"https:\/\/www.sunset-sunside.com\/wp-json\/wp\/v2\/users\/2"}],"version-history":[{"count":2,"href":"https:\/\/www.sunset-sunside.com\/wp-json\/wp\/v2\/tribe_events\/89312\/revisions"}],"predecessor-version":[{"id":89322,"href":"https:\/\/www.sunset-sunside.com\/wp-json\/wp\/v2\/tribe_events\/89312\/revisions\/89322"}],"wp:featuredmedia":[{"embeddable":true,"href":"https:\/\/www.sunset-sunside.com\/wp-json\/wp\/v2\/media\/89320"}],"wp:attachment":[{"href":"https:\/\/www.sunset-sunside.com\/wp-json\/wp\/v2\/media?parent=89312"}],"wp:term":[{"taxonomy":"post_tag","embeddable":true,"href":"https:\/\/www.sunset-sunside.com\/wp-json\/wp\/v2\/tags?post=89312"},{"taxonomy":"genre","embeddable":true,"href":"https:\/\/www.sunset-sunside.com\/wp-json\/wp\/v2\/genre?post=89312"},{"taxonomy":"tribe_events_cat","embeddable":true,"href":"https:\/\/www.sunset-sunside.com\/wp-json\/wp\/v2\/tribe_events_cat?post=89312"}],"curies":[{"name":"wp","href":"https:\/\/api.w.org\/{rel}","templated":true}]}}

Äulne &amp; Pollen Astral

<p>Emmené par la chanteuse et flûtiste Äulne, Pollen Astral puise son énergie profonde dans un monde de chaos et d&#8217;harmonie. Improvisatrice et compositrice, Äulne donne corps à ses expérimentations vocales, poussée par une quête d&#8217;expression originale et le désir de faire de la voix un instrument à part entière et aux multiples facettes. Elle s&#8217;entoure de musiciens aussi talentueux que polyvalents, prêts à toutes les aventures sonores, du groove au free jazz en passant par les musiques orientales et leurs rythmiques impaires.</p>

<p>Emmené par la chanteuse et flûtiste Äulne, Pollen Astral puise son énergie profonde dans un monde de chaos et d&#8217;harmonie. Improvisatrice et compositrice, Äulne donne corps à ses expérimentations vocales, [&hellip;]</p>

<!-- This site is optimized with the Yoast SEO plugin v25.7 - https://yoast.com/wordpress/plugins/seo/ -->
<title>Äulne &amp; Pollen Astral - Sunset Sunside</title>
<meta name="robots" content="index, follow, max-snippet:-1, max-image-preview:large, max-video-preview:-1" />
<link rel="canonical" href="https://www.sunset-sunside.com/concert/aulne-pollen-astral/" />
<meta property="og:locale" content="fr_FR" />
<meta property="og:type" content="article" />
<meta property="og:title" content="Äulne &amp; Pollen Astral - Sunset Sunside" />
<meta property="og:description" content="Emmené par la chanteuse et flûtiste Äulne, Pollen Astral puise son énergie profonde dans un monde de chaos et d&#8217;harmonie. Improvisatrice et compositrice, Äulne donne corps à ses expérimentations vocales, [&hellip;]" />
<meta property="og:url" content="https://www.sunset-sunside.com/concert/aulne-pollen-astral/" />
<meta property="og:site_name" content="Sunset Sunside" />
<meta property="article:publisher" content="https://www.facebook.com/SunsetSunsideJazzClub/" />
<meta property="article:modified_time" content="2025-10-14T10:09:10+00:00" />
<meta property="og:image" content="https://www.sunset-sunside.com/app/uploads/2025/07/AULNE.jpeg" />
	<meta property="og:image:width" content="480" />
	<meta property="og:image:height" content="480" />
	<meta property="og:image:type" content="image/jpeg" />
<meta name="twitter:card" content="summary_large_image" />
<meta name="twitter:site" content="@SunsetSunside" />
<meta name="twitter:label1" content="Durée de lecture estimée" />
	<meta name="twitter:data1" content="1 minute" />
<script type="application/ld+json" class="yoast-schema-graph">{"@context":"https://schema.org","@graph":[{"@type":"WebPage","@id":"https://www.sunset-sunside.com/concert/aulne-pollen-astral/","url":"https://www.sunset-sunside.com/concert/aulne-pollen-astral/","name":"Äulne &amp; Pollen Astral - Sunset Sunside","isPartOf":{"@id":"https://www.sunset-sunside.com/#website"},"primaryImageOfPage":{"@id":"https://www.sunset-sunside.com/concert/aulne-pollen-astral/#primaryimage"},"image":{"@id":"https://www.sunset-sunside.com/concert/aulne-pollen-astral/#primaryimage"},"thumbnailUrl":"https://www.sunset-sunside.com/app/uploads/2025/07/AULNE.jpeg","datePublished":"2025-07-29T10:20:34+00:00","dateModified":"2025-10-14T10:09:10+00:00","breadcrumb":{"@id":"https://www.sunset-sunside.com/concert/aulne-pollen-astral/#breadcrumb"},"inLanguage":"fr-FR","potentialAction":[{"@type":"ReadAction","target":["https://www.sunset-sunside.com/concert/aulne-pollen-astral/"]}]},{"@type":"ImageObject","inLanguage":"fr-FR","@id":"https://www.sunset-sunside.com/concert/aulne-pollen-astral/#primaryimage","url":"https://www.sunset-sunside.com/app/uploads/2025/07/AULNE.jpeg","contentUrl":"https://www.sunset-sunside.com/app/uploads/2025/07/AULNE.jpeg","width":480,"height":480,"caption":"© DR"},{"@type":"BreadcrumbList","@id":"https://www.sunset-sunside.com/concert/aulne-pollen-astral/#breadcrumb","itemListElement":[{"@type":"ListItem","position":1,"name":"Accueil","item":"https://www.sunset-sunside.com/"},{"@type":"ListItem","position":2,"name":"Évènements","item":"https://www.sunset-sunside.com/concerts/"},{"@type":"ListItem","position":3,"name":"Äulne &amp; Pollen Astral"}]},{"@type":"WebSite","@id":"https://www.sunset-sunside.com/#website","url":"https://www.sunset-sunside.com/","name":"Sunset Sunside","description":"","potentialAction":[{"@type":"SearchAction","target":{"@type":"EntryPoint","urlTemplate":"https://www.sunset-sunside.com/?s={search_term_string}"},"query-input":{"@type":"PropertyValueSpecification","valueRequired":true,"valueName":"search_term_string"}}],"inLanguage":"fr-FR"}]}</script>
<!-- / Yoast SEO plugin. -->

Äulne &amp; Pollen Astral - Sunset Sunside

Emmené par la chanteuse et flûtiste Äulne, Pollen Astral puise son énergie profonde dans un monde de chaos et d&#8217;harmonie. Improvisatrice et compositrice, Äulne donne corps à ses expérimentations vocales, [&hellip;]

Évènements
