{"id":90030,"date":"2025-08-05T12:58:28","date_gmt":"2025-08-05T10:58:28","guid":{"rendered":"https:\/\/www.sunset-sunside.com\/?post_type=tribe_events&#038;p=90030"},"modified":"2025-11-24T14:32:44","modified_gmt":"2025-11-24T13:32:44","slug":"erik-deutsch-band","status":"publish","type":"tribe_events","link":"https:\/\/www.sunset-sunside.com\/concert\/erik-deutsch-band\/","title":{"rendered":"Erik Deutsch Band"},"content":{"rendered":"<p>Le pianiste Erik Deutsch, originaire de Brooklyn et r\u00e9sidant actuellement \u00e0 Mexico, est en tourn\u00e9e pour promouvoir son nouvel album This Was Then. R\u00e9put\u00e9 pour sa capacit\u00e9 \u00e0 passer d&#8217;un genre musical \u00e0 l&#8217;autre (il a notamment collabor\u00e9 avec The Black Crowes, Norah Jones, Charlie Hunter, The Chicks, Al Green, Ron Miles, Rosanne Cash, Steven Bernstein, etc.), Erik Deutsch est un musicien polyvalent. Le prochain album d&#8217;Erik c\u00e9l\u00e8bre sa polyvalence stylistique et sa vision compositionnelle, tout en restant fermement ancr\u00e9 dans la tradition jazz. This Was Then, le neuvi\u00e8me album d&#8217;Erik, met en vedette son sextuor new-yorkais de longue date, des invit\u00e9s sp\u00e9ciaux et son style unique, cin\u00e9matographique, psych\u00e9d\u00e9lique et soul-jazz. Il s&#8217;agit de la premi\u00e8re performance du pianiste au Sunside apr\u00e8s plusieurs ann\u00e9es de concerts parisiens couronn\u00e9s de succ\u00e8s avec la l\u00e9gende locale de la batterie Jeff Boudreaux.<\/p>\n<p>&nbsp;<\/p>\n","protected":false},"excerpt":{"rendered":"<p>Le pianiste Erik Deutsch, originaire de Brooklyn et r\u00e9sidant actuellement \u00e0 Mexico, est en tourn\u00e9e pour promouvoir son nouvel album This Was Then. R\u00e9put\u00e9 pour sa capacit\u00e9 \u00e0 passer d&#8217;un [&hellip;]<\/p>\n","protected":false},"author":2,"featured_media":90036,"template":"","meta":{"_acf_changed":false,"_price":"","_stock":"","_tribe_ticket_header":"","_tribe_default_ticket_provider":"Tribe__Tickets_Plus__Commerce__WooCommerce__Main","_tribe_ticket_capacity":"96","_ticket_start_date":"","_ticket_end_date":"","_tribe_ticket_show_description":"","_tribe_ticket_show_not_going":false,"_tribe_ticket_use_global_stock":"1","_tribe_ticket_global_stock_level":"75","_global_stock_mode":"","_global_stock_cap":"","_tribe_rsvp_for_event":"","_tribe_ticket_going_count":"","_tribe_ticket_not_going_count":"","_tribe_tickets_list":"[{\"id\":90031,\"type\":\"default\",\"title\":\"Tarif plein*\",\"description\":\"\",\"capacityType\":\"global\",\"price\":30,\"capacity\":96,\"available\":75,\"sharedCapacity\":96,\"sold\":11,\"shareSold\":11,\"isShared\":true,\"currencyDecimalPoint\":\",\",\"currencyNumberOfDecimals\":2,\"currencyPosition\":\"prefix\",\"currencySymbol\":\"$\",\"currencyThousandsSep\":\"\"},{\"id\":90032,\"type\":\"default\",\"title\":\"Tarif adh\\u00e9rent\",\"description\":\"\",\"capacityType\":\"global\",\"price\":25,\"capacity\":96,\"available\":75,\"sharedCapacity\":96,\"sold\":0,\"shareSold\":0,\"isShared\":true,\"currencyDecimalPoint\":\",\",\"currencyNumberOfDecimals\":2,\"currencyPosition\":\"prefix\",\"currencySymbol\":\"$\",\"currencyThousandsSep\":\"\"},{\"id\":90033,\"type\":\"default\",\"title\":\"Tarif r\\u00e9duit\",\"description\":\"Tarif r\\u00e9serv\\u00e9 aux \\u00e9tudiants de moins de 25 ans, ch\\u00f4meurs et intermittents du spectacle. Pr\\u00e9sentation obligatoire d\\u2019un justificatif \\u00e0 l\\u2019entr\\u00e9e. \\r\\nUn suppl\\u00e9ment vous sera demand\\u00e9 pour non pr\\u00e9sentation de justificatif. \",\"capacityType\":\"global\",\"price\":20,\"capacity\":96,\"available\":75,\"sharedCapacity\":96,\"sold\":8,\"shareSold\":8,\"isShared\":true,\"currencyDecimalPoint\":\",\",\"currencyNumberOfDecimals\":2,\"currencyPosition\":\"prefix\",\"currencySymbol\":\"$\",\"currencyThousandsSep\":\"\"}]","_tribe_ticket_has_attendee_info_fields":false,"_tribe_events_status":"","_tribe_events_status_reason":"","footnotes":"","_tec_slr_enabled":"","_tec_slr_layout":""},"tags":[],"genre":[258],"tribe_events_cat":[213,214,215,216],"class_list":["post-90030","tribe_events","type-tribe_events","status-publish","has-post-thumbnail","hentry","genre-jazz-actuel","tribe_events_cat-albums-du-mois","tribe_events_cat-coup-de-coeur","tribe_events_cat-decouvertes","tribe_events_cat-evenements","cat_albums-du-mois","cat_coup-de-coeur","cat_decouvertes","cat_evenements"],"acf":[],"yoast_head":"<!-- This site is optimized with the Yoast SEO plugin v25.7 - https:\/\/yoast.com\/wordpress\/plugins\/seo\/ -->\n<title>Erik Deutsch Band - Sunset Sunside<\/title>\n<meta name=\"robots\" content=\"index, follow, max-snippet:-1, max-image-preview:large, max-video-preview:-1\" \/>\n<link rel=\"canonical\" href=\"https:\/\/www.sunset-sunside.com\/concert\/erik-deutsch-band\/\" \/>\n<meta property=\"og:locale\" content=\"en_GB\" \/>\n<meta property=\"og:type\" content=\"article\" \/>\n<meta property=\"og:title\" content=\"Erik Deutsch Band - Sunset Sunside\" \/>\n<meta property=\"og:description\" content=\"Le pianiste Erik Deutsch, originaire de Brooklyn et r\u00e9sidant actuellement \u00e0 Mexico, est en tourn\u00e9e pour promouvoir son nouvel album This Was Then. R\u00e9put\u00e9 pour sa capacit\u00e9 \u00e0 passer d&#8217;un [&hellip;]\" \/>\n<meta property=\"og:url\" content=\"https:\/\/www.sunset-sunside.com\/concert\/erik-deutsch-band\/\" \/>\n<meta property=\"og:site_name\" content=\"Sunset Sunside\" \/>\n<meta property=\"article:publisher\" content=\"https:\/\/www.facebook.com\/SunsetSunsideJazzClub\/\" \/>\n<meta property=\"article:modified_time\" content=\"2025-11-24T13:32:44+00:00\" \/>\n<meta property=\"og:image\" content=\"https:\/\/www.sunset-sunside.com\/app\/uploads\/2025\/08\/Image-05-08-2025-a-12.53.jpg\" \/>\n\t<meta property=\"og:image:width\" content=\"1592\" \/>\n\t<meta property=\"og:image:height\" content=\"2422\" \/>\n\t<meta property=\"og:image:type\" content=\"image\/jpeg\" \/>\n<meta name=\"twitter:card\" content=\"summary_large_image\" \/>\n<meta name=\"twitter:site\" content=\"@SunsetSunside\" \/>\n<meta name=\"twitter:label1\" content=\"Est. reading time\" \/>\n\t<meta name=\"twitter:data1\" content=\"1 minute\" \/>\n<script type=\"application\/ld+json\" class=\"yoast-schema-graph\">{\"@context\":\"https:\/\/schema.org\",\"@graph\":[{\"@type\":\"WebPage\",\"@id\":\"https:\/\/www.sunset-sunside.com\/concert\/erik-deutsch-band\/\",\"url\":\"https:\/\/www.sunset-sunside.com\/concert\/erik-deutsch-band\/\",\"name\":\"Erik Deutsch Band - Sunset Sunside\",\"isPartOf\":{\"@id\":\"https:\/\/www.sunset-sunside.com\/#website\"},\"primaryImageOfPage\":{\"@id\":\"https:\/\/www.sunset-sunside.com\/concert\/erik-deutsch-band\/#primaryimage\"},\"image\":{\"@id\":\"https:\/\/www.sunset-sunside.com\/concert\/erik-deutsch-band\/#primaryimage\"},\"thumbnailUrl\":\"https:\/\/www.sunset-sunside.com\/app\/uploads\/2025\/08\/Image-05-08-2025-a-12.53.jpg\",\"datePublished\":\"2025-08-05T10:58:28+00:00\",\"dateModified\":\"2025-11-24T13:32:44+00:00\",\"breadcrumb\":{\"@id\":\"https:\/\/www.sunset-sunside.com\/concert\/erik-deutsch-band\/#breadcrumb\"},\"inLanguage\":\"en-GB\",\"potentialAction\":[{\"@type\":\"ReadAction\",\"target\":[\"https:\/\/www.sunset-sunside.com\/concert\/erik-deutsch-band\/\"]}]},{\"@type\":\"ImageObject\",\"inLanguage\":\"en-GB\",\"@id\":\"https:\/\/www.sunset-sunside.com\/concert\/erik-deutsch-band\/#primaryimage\",\"url\":\"https:\/\/www.sunset-sunside.com\/app\/uploads\/2025\/08\/Image-05-08-2025-a-12.53.jpg\",\"contentUrl\":\"https:\/\/www.sunset-sunside.com\/app\/uploads\/2025\/08\/Image-05-08-2025-a-12.53.jpg\",\"width\":1592,\"height\":2422,\"caption\":\"\u00a9 DR\"},{\"@type\":\"BreadcrumbList\",\"@id\":\"https:\/\/www.sunset-sunside.com\/concert\/erik-deutsch-band\/#breadcrumb\",\"itemListElement\":[{\"@type\":\"ListItem\",\"position\":1,\"name\":\"Accueil\",\"item\":\"https:\/\/www.sunset-sunside.com\/\"},{\"@type\":\"ListItem\",\"position\":2,\"name\":\"\u00c9v\u00e8nements\",\"item\":\"https:\/\/www.sunset-sunside.com\/concerts\/\"},{\"@type\":\"ListItem\",\"position\":3,\"name\":\"Erik Deutsch Band\"}]},{\"@type\":\"WebSite\",\"@id\":\"https:\/\/www.sunset-sunside.com\/#website\",\"url\":\"https:\/\/www.sunset-sunside.com\/\",\"name\":\"Sunset Sunside\",\"description\":\"\",\"potentialAction\":[{\"@type\":\"SearchAction\",\"target\":{\"@type\":\"EntryPoint\",\"urlTemplate\":\"https:\/\/www.sunset-sunside.com\/?s={search_term_string}\"},\"query-input\":{\"@type\":\"PropertyValueSpecification\",\"valueRequired\":true,\"valueName\":\"search_term_string\"}}],\"inLanguage\":\"en-GB\"}]}<\/script>\n<!-- \/ Yoast SEO plugin. -->","yoast_head_json":{"title":"Erik Deutsch Band - Sunset Sunside","robots":{"index":"index","follow":"follow","max-snippet":"max-snippet:-1","max-image-preview":"max-image-preview:large","max-video-preview":"max-video-preview:-1"},"canonical":"https:\/\/www.sunset-sunside.com\/concert\/erik-deutsch-band\/","og_locale":"en_GB","og_type":"article","og_title":"Erik Deutsch Band - Sunset Sunside","og_description":"Le pianiste Erik Deutsch, originaire de Brooklyn et r\u00e9sidant actuellement \u00e0 Mexico, est en tourn\u00e9e pour promouvoir son nouvel album This Was Then. R\u00e9put\u00e9 pour sa capacit\u00e9 \u00e0 passer d&#8217;un [&hellip;]","og_url":"https:\/\/www.sunset-sunside.com\/concert\/erik-deutsch-band\/","og_site_name":"Sunset Sunside","article_publisher":"https:\/\/www.facebook.com\/SunsetSunsideJazzClub\/","article_modified_time":"2025-11-24T13:32:44+00:00","og_image":[{"width":1592,"height":2422,"url":"https:\/\/www.sunset-sunside.com\/app\/uploads\/2025\/08\/Image-05-08-2025-a-12.53.jpg","type":"image\/jpeg"}],"twitter_card":"summary_large_image","twitter_site":"@SunsetSunside","twitter_misc":{"Est. reading time":"1 minute"},"schema":{"@context":"https:\/\/schema.org","@graph":[{"@type":"WebPage","@id":"https:\/\/www.sunset-sunside.com\/concert\/erik-deutsch-band\/","url":"https:\/\/www.sunset-sunside.com\/concert\/erik-deutsch-band\/","name":"Erik Deutsch Band - Sunset Sunside","isPartOf":{"@id":"https:\/\/www.sunset-sunside.com\/#website"},"primaryImageOfPage":{"@id":"https:\/\/www.sunset-sunside.com\/concert\/erik-deutsch-band\/#primaryimage"},"image":{"@id":"https:\/\/www.sunset-sunside.com\/concert\/erik-deutsch-band\/#primaryimage"},"thumbnailUrl":"https:\/\/www.sunset-sunside.com\/app\/uploads\/2025\/08\/Image-05-08-2025-a-12.53.jpg","datePublished":"2025-08-05T10:58:28+00:00","dateModified":"2025-11-24T13:32:44+00:00","breadcrumb":{"@id":"https:\/\/www.sunset-sunside.com\/concert\/erik-deutsch-band\/#breadcrumb"},"inLanguage":"en-GB","potentialAction":[{"@type":"ReadAction","target":["https:\/\/www.sunset-sunside.com\/concert\/erik-deutsch-band\/"]}]},{"@type":"ImageObject","inLanguage":"en-GB","@id":"https:\/\/www.sunset-sunside.com\/concert\/erik-deutsch-band\/#primaryimage","url":"https:\/\/www.sunset-sunside.com\/app\/uploads\/2025\/08\/Image-05-08-2025-a-12.53.jpg","contentUrl":"https:\/\/www.sunset-sunside.com\/app\/uploads\/2025\/08\/Image-05-08-2025-a-12.53.jpg","width":1592,"height":2422,"caption":"\u00a9 DR"},{"@type":"BreadcrumbList","@id":"https:\/\/www.sunset-sunside.com\/concert\/erik-deutsch-band\/#breadcrumb","itemListElement":[{"@type":"ListItem","position":1,"name":"Accueil","item":"https:\/\/www.sunset-sunside.com\/"},{"@type":"ListItem","position":2,"name":"\u00c9v\u00e8nements","item":"https:\/\/www.sunset-sunside.com\/concerts\/"},{"@type":"ListItem","position":3,"name":"Erik Deutsch Band"}]},{"@type":"WebSite","@id":"https:\/\/www.sunset-sunside.com\/#website","url":"https:\/\/www.sunset-sunside.com\/","name":"Sunset Sunside","description":"","potentialAction":[{"@type":"SearchAction","target":{"@type":"EntryPoint","urlTemplate":"https:\/\/www.sunset-sunside.com\/?s={search_term_string}"},"query-input":{"@type":"PropertyValueSpecification","valueRequired":true,"valueName":"search_term_string"}}],"inLanguage":"en-GB"}]}},"publishpress_future_action":{"enabled":false,"date":"2026-04-12 18:46:02","action":"change-status","newStatus":"draft","terms":[],"taxonomy":"post_tag","extraData":[]},"publishpress_future_workflow_manual_trigger":{"enabledWorkflows":[]},"ticketed":["woo"],"_links":{"self":[{"href":"https:\/\/www.sunset-sunside.com\/wp-json\/wp\/v2\/tribe_events\/90030","targetHints":{"allow":["GET"]}}],"collection":[{"href":"https:\/\/www.sunset-sunside.com\/wp-json\/wp\/v2\/tribe_events"}],"about":[{"href":"https:\/\/www.sunset-sunside.com\/wp-json\/wp\/v2\/types\/tribe_events"}],"author":[{"embeddable":true,"href":"https:\/\/www.sunset-sunside.com\/wp-json\/wp\/v2\/users\/2"}],"version-history":[{"count":3,"href":"https:\/\/www.sunset-sunside.com\/wp-json\/wp\/v2\/tribe_events\/90030\/revisions"}],"predecessor-version":[{"id":112740,"href":"https:\/\/www.sunset-sunside.com\/wp-json\/wp\/v2\/tribe_events\/90030\/revisions\/112740"}],"wp:featuredmedia":[{"embeddable":true,"href":"https:\/\/www.sunset-sunside.com\/wp-json\/wp\/v2\/media\/90036"}],"wp:attachment":[{"href":"https:\/\/www.sunset-sunside.com\/wp-json\/wp\/v2\/media?parent=90030"}],"wp:term":[{"taxonomy":"post_tag","embeddable":true,"href":"https:\/\/www.sunset-sunside.com\/wp-json\/wp\/v2\/tags?post=90030"},{"taxonomy":"genre","embeddable":true,"href":"https:\/\/www.sunset-sunside.com\/wp-json\/wp\/v2\/genre?post=90030"},{"taxonomy":"tribe_events_cat","embeddable":true,"href":"https:\/\/www.sunset-sunside.com\/wp-json\/wp\/v2\/tribe_events_cat?post=90030"}],"curies":[{"name":"wp","href":"https:\/\/api.w.org\/{rel}","templated":true}]}}

<p>Le pianiste Erik Deutsch, originaire de Brooklyn et résidant actuellement à Mexico, est en tournée pour promouvoir son nouvel album This Was Then. Réputé pour sa capacité à passer d&#8217;un genre musical à l&#8217;autre (il a notamment collaboré avec The Black Crowes, Norah Jones, Charlie Hunter, The Chicks, Al Green, Ron Miles, Rosanne Cash, Steven Bernstein, etc.), Erik Deutsch est un musicien polyvalent. Le prochain album d&#8217;Erik célèbre sa polyvalence stylistique et sa vision compositionnelle, tout en restant fermement ancré dans la tradition jazz. This Was Then, le neuvième album d&#8217;Erik, met en vedette son sextuor new-yorkais de longue date, des invités spéciaux et son style unique, cinématographique, psychédélique et soul-jazz. Il s&#8217;agit de la première performance du pianiste au Sunside après plusieurs années de concerts parisiens couronnés de succès avec la légende locale de la batterie Jeff Boudreaux.</p>
<p>&nbsp;</p>

<p>Le pianiste Erik Deutsch, originaire de Brooklyn et résidant actuellement à Mexico, est en tournée pour promouvoir son nouvel album This Was Then. Réputé pour sa capacité à passer d&#8217;un [&hellip;]</p>

<!-- This site is optimized with the Yoast SEO plugin v25.7 - https://yoast.com/wordpress/plugins/seo/ -->
<title>Erik Deutsch Band - Sunset Sunside</title>
<meta name="robots" content="index, follow, max-snippet:-1, max-image-preview:large, max-video-preview:-1" />
<link rel="canonical" href="https://www.sunset-sunside.com/concert/erik-deutsch-band/" />
<meta property="og:locale" content="en_GB" />
<meta property="og:type" content="article" />
<meta property="og:title" content="Erik Deutsch Band - Sunset Sunside" />
<meta property="og:description" content="Le pianiste Erik Deutsch, originaire de Brooklyn et résidant actuellement à Mexico, est en tournée pour promouvoir son nouvel album This Was Then. Réputé pour sa capacité à passer d&#8217;un [&hellip;]" />
<meta property="og:url" content="https://www.sunset-sunside.com/concert/erik-deutsch-band/" />
<meta property="og:site_name" content="Sunset Sunside" />
<meta property="article:publisher" content="https://www.facebook.com/SunsetSunsideJazzClub/" />
<meta property="article:modified_time" content="2025-11-24T13:32:44+00:00" />
<meta property="og:image" content="https://www.sunset-sunside.com/app/uploads/2025/08/Image-05-08-2025-a-12.53.jpg" />
	<meta property="og:image:width" content="1592" />
	<meta property="og:image:height" content="2422" />
	<meta property="og:image:type" content="image/jpeg" />
<meta name="twitter:card" content="summary_large_image" />
<meta name="twitter:site" content="@SunsetSunside" />
<meta name="twitter:label1" content="Est. reading time" />
	<meta name="twitter:data1" content="1 minute" />
<script type="application/ld+json" class="yoast-schema-graph">{"@context":"https://schema.org","@graph":[{"@type":"WebPage","@id":"https://www.sunset-sunside.com/concert/erik-deutsch-band/","url":"https://www.sunset-sunside.com/concert/erik-deutsch-band/","name":"Erik Deutsch Band - Sunset Sunside","isPartOf":{"@id":"https://www.sunset-sunside.com/#website"},"primaryImageOfPage":{"@id":"https://www.sunset-sunside.com/concert/erik-deutsch-band/#primaryimage"},"image":{"@id":"https://www.sunset-sunside.com/concert/erik-deutsch-band/#primaryimage"},"thumbnailUrl":"https://www.sunset-sunside.com/app/uploads/2025/08/Image-05-08-2025-a-12.53.jpg","datePublished":"2025-08-05T10:58:28+00:00","dateModified":"2025-11-24T13:32:44+00:00","breadcrumb":{"@id":"https://www.sunset-sunside.com/concert/erik-deutsch-band/#breadcrumb"},"inLanguage":"en-GB","potentialAction":[{"@type":"ReadAction","target":["https://www.sunset-sunside.com/concert/erik-deutsch-band/"]}]},{"@type":"ImageObject","inLanguage":"en-GB","@id":"https://www.sunset-sunside.com/concert/erik-deutsch-band/#primaryimage","url":"https://www.sunset-sunside.com/app/uploads/2025/08/Image-05-08-2025-a-12.53.jpg","contentUrl":"https://www.sunset-sunside.com/app/uploads/2025/08/Image-05-08-2025-a-12.53.jpg","width":1592,"height":2422,"caption":"© DR"},{"@type":"BreadcrumbList","@id":"https://www.sunset-sunside.com/concert/erik-deutsch-band/#breadcrumb","itemListElement":[{"@type":"ListItem","position":1,"name":"Accueil","item":"https://www.sunset-sunside.com/"},{"@type":"ListItem","position":2,"name":"Évènements","item":"https://www.sunset-sunside.com/concerts/"},{"@type":"ListItem","position":3,"name":"Erik Deutsch Band"}]},{"@type":"WebSite","@id":"https://www.sunset-sunside.com/#website","url":"https://www.sunset-sunside.com/","name":"Sunset Sunside","description":"","potentialAction":[{"@type":"SearchAction","target":{"@type":"EntryPoint","urlTemplate":"https://www.sunset-sunside.com/?s={search_term_string}"},"query-input":{"@type":"PropertyValueSpecification","valueRequired":true,"valueName":"search_term_string"}}],"inLanguage":"en-GB"}]}</script>
<!-- / Yoast SEO plugin. -->

Le pianiste Erik Deutsch, originaire de Brooklyn et résidant actuellement à Mexico, est en tournée pour promouvoir son nouvel album This Was Then. Réputé pour sa capacité à passer d&#8217;un [&hellip;]

Évènements
