{"id":94595,"date":"2025-09-09T14:44:29","date_gmt":"2025-09-09T12:44:29","guid":{"rendered":"https:\/\/www.sunset-sunside.com\/?post_type=tribe_events&#038;p=94595"},"modified":"2025-11-19T11:14:13","modified_gmt":"2025-11-19T10:14:13","slug":"maurizio-minardi-trio-2","status":"publish","type":"tribe_events","link":"https:\/\/www.sunset-sunside.com\/concert\/maurizio-minardi-trio-2\/","title":{"rendered":"Maurizio Minardi Trio"},"content":{"rendered":"<p>Le compositeur et pianiste italien Maurizio Minardi a publi\u00e9 14 albums et s\u2019est produit dans de nombreux festivals europ\u00e9ens. Sa musique tisse des liens entre le jazz et la musique classique ou impressionniste, entre le tango et la musique d\u2019images. Install\u00e9 \u00e0 Paris depuis huit ans, apr\u00e8s pr\u00e8s d\u2019une d\u00e9cennie pass\u00e9e \u00e0 Londres, il pr\u00e9sente aujourd\u2019hui les morceaux de son dernier album\u00a0INVISIBLE. : &#8220;Cet opus t\u00e9moigne de l\u2019ing\u00e9niosit\u00e9 d\u2019un trio de musiciens remarquables&#8230;&#8221;(Culture Jazz)<\/p>\n","protected":false},"excerpt":{"rendered":"<p>Le compositeur et pianiste italien Maurizio Minardi a publi\u00e9 14 albums et s\u2019est produit dans de nombreux festivals europ\u00e9ens. Sa musique tisse des liens entre le jazz et la musique [&hellip;]<\/p>\n","protected":false},"author":2,"featured_media":94598,"template":"","meta":{"_acf_changed":false,"_price":"","_stock":"","_tribe_ticket_header":"","_tribe_default_ticket_provider":"Tribe__Tickets_Plus__Commerce__WooCommerce__Main","_tribe_ticket_capacity":"96","_ticket_start_date":"","_ticket_end_date":"","_tribe_ticket_show_description":"","_tribe_ticket_show_not_going":false,"_tribe_ticket_use_global_stock":"1","_tribe_ticket_global_stock_level":"31","_global_stock_mode":"","_global_stock_cap":"","_tribe_rsvp_for_event":"","_tribe_ticket_going_count":"","_tribe_ticket_not_going_count":"","_tribe_tickets_list":"[{\"id\":94596,\"type\":\"default\",\"title\":\"Tarif adh\\u00e9rent\",\"description\":\"\",\"capacityType\":\"capped\",\"price\":20,\"capacity\":96,\"available\":31,\"sharedCapacity\":96,\"sold\":1,\"shareSold\":1,\"isShared\":true,\"currencyDecimalPoint\":\",\",\"currencyNumberOfDecimals\":2,\"currencyPosition\":\"prefix\",\"currencySymbol\":\"$\",\"currencyThousandsSep\":\"\"},{\"id\":94597,\"type\":\"default\",\"title\":\"Tarif plein*\",\"description\":\"\",\"capacityType\":\"capped\",\"price\":25,\"capacity\":96,\"available\":31,\"sharedCapacity\":96,\"sold\":62,\"shareSold\":62,\"isShared\":true,\"currencyDecimalPoint\":\",\",\"currencyNumberOfDecimals\":2,\"currencyPosition\":\"prefix\",\"currencySymbol\":\"$\",\"currencyThousandsSep\":\"\"}]","_tribe_ticket_has_attendee_info_fields":false,"_tribe_events_status":"","_tribe_events_status_reason":"","footnotes":"","_tec_slr_enabled":"","_tec_slr_layout":""},"tags":[],"genre":[258],"tribe_events_cat":[213,214,215,216],"class_list":["post-94595","tribe_events","type-tribe_events","status-publish","has-post-thumbnail","hentry","genre-jazz-actuel","tribe_events_cat-albums-du-mois","tribe_events_cat-coup-de-coeur","tribe_events_cat-decouvertes","tribe_events_cat-evenements","cat_albums-du-mois","cat_coup-de-coeur","cat_decouvertes","cat_evenements"],"acf":[],"yoast_head":"<!-- This site is optimized with the Yoast SEO plugin v25.7 - https:\/\/yoast.com\/wordpress\/plugins\/seo\/ -->\n<title>Maurizio Minardi Trio - Sunset Sunside<\/title>\n<meta name=\"robots\" content=\"index, follow, max-snippet:-1, max-image-preview:large, max-video-preview:-1\" \/>\n<link rel=\"canonical\" href=\"https:\/\/www.sunset-sunside.com\/concert\/maurizio-minardi-trio-2\/\" \/>\n<meta property=\"og:locale\" content=\"en_GB\" \/>\n<meta property=\"og:type\" content=\"article\" \/>\n<meta property=\"og:title\" content=\"Maurizio Minardi Trio - Sunset Sunside\" \/>\n<meta property=\"og:description\" content=\"Le compositeur et pianiste italien Maurizio Minardi a publi\u00e9 14 albums et s\u2019est produit dans de nombreux festivals europ\u00e9ens. Sa musique tisse des liens entre le jazz et la musique [&hellip;]\" \/>\n<meta property=\"og:url\" content=\"https:\/\/www.sunset-sunside.com\/concert\/maurizio-minardi-trio-2\/\" \/>\n<meta property=\"og:site_name\" content=\"Sunset Sunside\" \/>\n<meta property=\"article:publisher\" content=\"https:\/\/www.facebook.com\/SunsetSunsideJazzClub\/\" \/>\n<meta property=\"article:modified_time\" content=\"2025-11-19T10:14:13+00:00\" \/>\n<meta property=\"og:image\" content=\"https:\/\/www.sunset-sunside.com\/app\/uploads\/2025\/09\/Maurizio-minardi.jpeg\" \/>\n\t<meta property=\"og:image:width\" content=\"427\" \/>\n\t<meta property=\"og:image:height\" content=\"640\" \/>\n\t<meta property=\"og:image:type\" content=\"image\/jpeg\" \/>\n<meta name=\"twitter:card\" content=\"summary_large_image\" \/>\n<meta name=\"twitter:site\" content=\"@SunsetSunside\" \/>\n<meta name=\"twitter:label1\" content=\"Est. reading time\" \/>\n\t<meta name=\"twitter:data1\" content=\"1 minute\" \/>\n<script type=\"application\/ld+json\" class=\"yoast-schema-graph\">{\"@context\":\"https:\/\/schema.org\",\"@graph\":[{\"@type\":\"WebPage\",\"@id\":\"https:\/\/www.sunset-sunside.com\/concert\/maurizio-minardi-trio-2\/\",\"url\":\"https:\/\/www.sunset-sunside.com\/concert\/maurizio-minardi-trio-2\/\",\"name\":\"Maurizio Minardi Trio - Sunset Sunside\",\"isPartOf\":{\"@id\":\"https:\/\/www.sunset-sunside.com\/#website\"},\"primaryImageOfPage\":{\"@id\":\"https:\/\/www.sunset-sunside.com\/concert\/maurizio-minardi-trio-2\/#primaryimage\"},\"image\":{\"@id\":\"https:\/\/www.sunset-sunside.com\/concert\/maurizio-minardi-trio-2\/#primaryimage\"},\"thumbnailUrl\":\"https:\/\/www.sunset-sunside.com\/app\/uploads\/2025\/09\/Maurizio-minardi.jpeg\",\"datePublished\":\"2025-09-09T12:44:29+00:00\",\"dateModified\":\"2025-11-19T10:14:13+00:00\",\"breadcrumb\":{\"@id\":\"https:\/\/www.sunset-sunside.com\/concert\/maurizio-minardi-trio-2\/#breadcrumb\"},\"inLanguage\":\"en-GB\",\"potentialAction\":[{\"@type\":\"ReadAction\",\"target\":[\"https:\/\/www.sunset-sunside.com\/concert\/maurizio-minardi-trio-2\/\"]}]},{\"@type\":\"ImageObject\",\"inLanguage\":\"en-GB\",\"@id\":\"https:\/\/www.sunset-sunside.com\/concert\/maurizio-minardi-trio-2\/#primaryimage\",\"url\":\"https:\/\/www.sunset-sunside.com\/app\/uploads\/2025\/09\/Maurizio-minardi.jpeg\",\"contentUrl\":\"https:\/\/www.sunset-sunside.com\/app\/uploads\/2025\/09\/Maurizio-minardi.jpeg\",\"width\":427,\"height\":640,\"caption\":\"\u00a9DR\"},{\"@type\":\"BreadcrumbList\",\"@id\":\"https:\/\/www.sunset-sunside.com\/concert\/maurizio-minardi-trio-2\/#breadcrumb\",\"itemListElement\":[{\"@type\":\"ListItem\",\"position\":1,\"name\":\"Accueil\",\"item\":\"https:\/\/www.sunset-sunside.com\/\"},{\"@type\":\"ListItem\",\"position\":2,\"name\":\"\u00c9v\u00e8nements\",\"item\":\"https:\/\/www.sunset-sunside.com\/concerts\/\"},{\"@type\":\"ListItem\",\"position\":3,\"name\":\"Maurizio Minardi Trio\"}]},{\"@type\":\"WebSite\",\"@id\":\"https:\/\/www.sunset-sunside.com\/#website\",\"url\":\"https:\/\/www.sunset-sunside.com\/\",\"name\":\"Sunset Sunside\",\"description\":\"\",\"potentialAction\":[{\"@type\":\"SearchAction\",\"target\":{\"@type\":\"EntryPoint\",\"urlTemplate\":\"https:\/\/www.sunset-sunside.com\/?s={search_term_string}\"},\"query-input\":{\"@type\":\"PropertyValueSpecification\",\"valueRequired\":true,\"valueName\":\"search_term_string\"}}],\"inLanguage\":\"en-GB\"}]}<\/script>\n<!-- \/ Yoast SEO plugin. -->","yoast_head_json":{"title":"Maurizio Minardi Trio - Sunset Sunside","robots":{"index":"index","follow":"follow","max-snippet":"max-snippet:-1","max-image-preview":"max-image-preview:large","max-video-preview":"max-video-preview:-1"},"canonical":"https:\/\/www.sunset-sunside.com\/concert\/maurizio-minardi-trio-2\/","og_locale":"en_GB","og_type":"article","og_title":"Maurizio Minardi Trio - Sunset Sunside","og_description":"Le compositeur et pianiste italien Maurizio Minardi a publi\u00e9 14 albums et s\u2019est produit dans de nombreux festivals europ\u00e9ens. Sa musique tisse des liens entre le jazz et la musique [&hellip;]","og_url":"https:\/\/www.sunset-sunside.com\/concert\/maurizio-minardi-trio-2\/","og_site_name":"Sunset Sunside","article_publisher":"https:\/\/www.facebook.com\/SunsetSunsideJazzClub\/","article_modified_time":"2025-11-19T10:14:13+00:00","og_image":[{"width":427,"height":640,"url":"https:\/\/www.sunset-sunside.com\/app\/uploads\/2025\/09\/Maurizio-minardi.jpeg","type":"image\/jpeg"}],"twitter_card":"summary_large_image","twitter_site":"@SunsetSunside","twitter_misc":{"Est. reading time":"1 minute"},"schema":{"@context":"https:\/\/schema.org","@graph":[{"@type":"WebPage","@id":"https:\/\/www.sunset-sunside.com\/concert\/maurizio-minardi-trio-2\/","url":"https:\/\/www.sunset-sunside.com\/concert\/maurizio-minardi-trio-2\/","name":"Maurizio Minardi Trio - Sunset Sunside","isPartOf":{"@id":"https:\/\/www.sunset-sunside.com\/#website"},"primaryImageOfPage":{"@id":"https:\/\/www.sunset-sunside.com\/concert\/maurizio-minardi-trio-2\/#primaryimage"},"image":{"@id":"https:\/\/www.sunset-sunside.com\/concert\/maurizio-minardi-trio-2\/#primaryimage"},"thumbnailUrl":"https:\/\/www.sunset-sunside.com\/app\/uploads\/2025\/09\/Maurizio-minardi.jpeg","datePublished":"2025-09-09T12:44:29+00:00","dateModified":"2025-11-19T10:14:13+00:00","breadcrumb":{"@id":"https:\/\/www.sunset-sunside.com\/concert\/maurizio-minardi-trio-2\/#breadcrumb"},"inLanguage":"en-GB","potentialAction":[{"@type":"ReadAction","target":["https:\/\/www.sunset-sunside.com\/concert\/maurizio-minardi-trio-2\/"]}]},{"@type":"ImageObject","inLanguage":"en-GB","@id":"https:\/\/www.sunset-sunside.com\/concert\/maurizio-minardi-trio-2\/#primaryimage","url":"https:\/\/www.sunset-sunside.com\/app\/uploads\/2025\/09\/Maurizio-minardi.jpeg","contentUrl":"https:\/\/www.sunset-sunside.com\/app\/uploads\/2025\/09\/Maurizio-minardi.jpeg","width":427,"height":640,"caption":"\u00a9DR"},{"@type":"BreadcrumbList","@id":"https:\/\/www.sunset-sunside.com\/concert\/maurizio-minardi-trio-2\/#breadcrumb","itemListElement":[{"@type":"ListItem","position":1,"name":"Accueil","item":"https:\/\/www.sunset-sunside.com\/"},{"@type":"ListItem","position":2,"name":"\u00c9v\u00e8nements","item":"https:\/\/www.sunset-sunside.com\/concerts\/"},{"@type":"ListItem","position":3,"name":"Maurizio Minardi Trio"}]},{"@type":"WebSite","@id":"https:\/\/www.sunset-sunside.com\/#website","url":"https:\/\/www.sunset-sunside.com\/","name":"Sunset Sunside","description":"","potentialAction":[{"@type":"SearchAction","target":{"@type":"EntryPoint","urlTemplate":"https:\/\/www.sunset-sunside.com\/?s={search_term_string}"},"query-input":{"@type":"PropertyValueSpecification","valueRequired":true,"valueName":"search_term_string"}}],"inLanguage":"en-GB"}]}},"publishpress_future_action":{"enabled":false,"date":"2026-04-12 18:23:14","action":"change-status","newStatus":"draft","terms":[],"taxonomy":"post_tag","extraData":[]},"publishpress_future_workflow_manual_trigger":{"enabledWorkflows":[]},"ticketed":["woo"],"_links":{"self":[{"href":"https:\/\/www.sunset-sunside.com\/wp-json\/wp\/v2\/tribe_events\/94595","targetHints":{"allow":["GET"]}}],"collection":[{"href":"https:\/\/www.sunset-sunside.com\/wp-json\/wp\/v2\/tribe_events"}],"about":[{"href":"https:\/\/www.sunset-sunside.com\/wp-json\/wp\/v2\/types\/tribe_events"}],"author":[{"embeddable":true,"href":"https:\/\/www.sunset-sunside.com\/wp-json\/wp\/v2\/users\/2"}],"version-history":[{"count":2,"href":"https:\/\/www.sunset-sunside.com\/wp-json\/wp\/v2\/tribe_events\/94595\/revisions"}],"predecessor-version":[{"id":110299,"href":"https:\/\/www.sunset-sunside.com\/wp-json\/wp\/v2\/tribe_events\/94595\/revisions\/110299"}],"wp:featuredmedia":[{"embeddable":true,"href":"https:\/\/www.sunset-sunside.com\/wp-json\/wp\/v2\/media\/94598"}],"wp:attachment":[{"href":"https:\/\/www.sunset-sunside.com\/wp-json\/wp\/v2\/media?parent=94595"}],"wp:term":[{"taxonomy":"post_tag","embeddable":true,"href":"https:\/\/www.sunset-sunside.com\/wp-json\/wp\/v2\/tags?post=94595"},{"taxonomy":"genre","embeddable":true,"href":"https:\/\/www.sunset-sunside.com\/wp-json\/wp\/v2\/genre?post=94595"},{"taxonomy":"tribe_events_cat","embeddable":true,"href":"https:\/\/www.sunset-sunside.com\/wp-json\/wp\/v2\/tribe_events_cat?post=94595"}],"curies":[{"name":"wp","href":"https:\/\/api.w.org\/{rel}","templated":true}]}}

<p>Le compositeur et pianiste italien Maurizio Minardi a publié 14 albums et s’est produit dans de nombreux festivals européens. Sa musique tisse des liens entre le jazz et la musique classique ou impressionniste, entre le tango et la musique d’images. Installé à Paris depuis huit ans, après près d’une décennie passée à Londres, il présente aujourd’hui les morceaux de son dernier album INVISIBLE. : &#8220;Cet opus témoigne de l’ingéniosité d’un trio de musiciens remarquables&#8230;&#8221;(Culture Jazz)</p>

<p>Le compositeur et pianiste italien Maurizio Minardi a publié 14 albums et s’est produit dans de nombreux festivals européens. Sa musique tisse des liens entre le jazz et la musique [&hellip;]</p>

<!-- This site is optimized with the Yoast SEO plugin v25.7 - https://yoast.com/wordpress/plugins/seo/ -->
<title>Maurizio Minardi Trio - Sunset Sunside</title>
<meta name="robots" content="index, follow, max-snippet:-1, max-image-preview:large, max-video-preview:-1" />
<link rel="canonical" href="https://www.sunset-sunside.com/concert/maurizio-minardi-trio-2/" />
<meta property="og:locale" content="en_GB" />
<meta property="og:type" content="article" />
<meta property="og:title" content="Maurizio Minardi Trio - Sunset Sunside" />
<meta property="og:description" content="Le compositeur et pianiste italien Maurizio Minardi a publié 14 albums et s’est produit dans de nombreux festivals européens. Sa musique tisse des liens entre le jazz et la musique [&hellip;]" />
<meta property="og:url" content="https://www.sunset-sunside.com/concert/maurizio-minardi-trio-2/" />
<meta property="og:site_name" content="Sunset Sunside" />
<meta property="article:publisher" content="https://www.facebook.com/SunsetSunsideJazzClub/" />
<meta property="article:modified_time" content="2025-11-19T10:14:13+00:00" />
<meta property="og:image" content="https://www.sunset-sunside.com/app/uploads/2025/09/Maurizio-minardi.jpeg" />
	<meta property="og:image:width" content="427" />
	<meta property="og:image:height" content="640" />
	<meta property="og:image:type" content="image/jpeg" />
<meta name="twitter:card" content="summary_large_image" />
<meta name="twitter:site" content="@SunsetSunside" />
<meta name="twitter:label1" content="Est. reading time" />
	<meta name="twitter:data1" content="1 minute" />
<script type="application/ld+json" class="yoast-schema-graph">{"@context":"https://schema.org","@graph":[{"@type":"WebPage","@id":"https://www.sunset-sunside.com/concert/maurizio-minardi-trio-2/","url":"https://www.sunset-sunside.com/concert/maurizio-minardi-trio-2/","name":"Maurizio Minardi Trio - Sunset Sunside","isPartOf":{"@id":"https://www.sunset-sunside.com/#website"},"primaryImageOfPage":{"@id":"https://www.sunset-sunside.com/concert/maurizio-minardi-trio-2/#primaryimage"},"image":{"@id":"https://www.sunset-sunside.com/concert/maurizio-minardi-trio-2/#primaryimage"},"thumbnailUrl":"https://www.sunset-sunside.com/app/uploads/2025/09/Maurizio-minardi.jpeg","datePublished":"2025-09-09T12:44:29+00:00","dateModified":"2025-11-19T10:14:13+00:00","breadcrumb":{"@id":"https://www.sunset-sunside.com/concert/maurizio-minardi-trio-2/#breadcrumb"},"inLanguage":"en-GB","potentialAction":[{"@type":"ReadAction","target":["https://www.sunset-sunside.com/concert/maurizio-minardi-trio-2/"]}]},{"@type":"ImageObject","inLanguage":"en-GB","@id":"https://www.sunset-sunside.com/concert/maurizio-minardi-trio-2/#primaryimage","url":"https://www.sunset-sunside.com/app/uploads/2025/09/Maurizio-minardi.jpeg","contentUrl":"https://www.sunset-sunside.com/app/uploads/2025/09/Maurizio-minardi.jpeg","width":427,"height":640,"caption":"©DR"},{"@type":"BreadcrumbList","@id":"https://www.sunset-sunside.com/concert/maurizio-minardi-trio-2/#breadcrumb","itemListElement":[{"@type":"ListItem","position":1,"name":"Accueil","item":"https://www.sunset-sunside.com/"},{"@type":"ListItem","position":2,"name":"Évènements","item":"https://www.sunset-sunside.com/concerts/"},{"@type":"ListItem","position":3,"name":"Maurizio Minardi Trio"}]},{"@type":"WebSite","@id":"https://www.sunset-sunside.com/#website","url":"https://www.sunset-sunside.com/","name":"Sunset Sunside","description":"","potentialAction":[{"@type":"SearchAction","target":{"@type":"EntryPoint","urlTemplate":"https://www.sunset-sunside.com/?s={search_term_string}"},"query-input":{"@type":"PropertyValueSpecification","valueRequired":true,"valueName":"search_term_string"}}],"inLanguage":"en-GB"}]}</script>
<!-- / Yoast SEO plugin. -->

Le compositeur et pianiste italien Maurizio Minardi a publié 14 albums et s’est produit dans de nombreux festivals européens. Sa musique tisse des liens entre le jazz et la musique [&hellip;]

Évènements
