{"id":96304,"date":"2025-09-18T12:42:01","date_gmt":"2025-09-18T10:42:01","guid":{"rendered":"https:\/\/www.sunset-sunside.com\/?post_type=tribe_events&#038;p=96304"},"modified":"2025-11-28T10:43:41","modified_gmt":"2025-11-28T09:43:41","slug":"marcel-loeffler-trio","status":"publish","type":"tribe_events","link":"https:\/\/www.sunset-sunside.com\/concert\/marcel-loeffler-trio\/","title":{"rendered":"Marcel Loeffler Trio"},"content":{"rendered":"<p>Port\u00e9 par un sens du groove sans faille, le nouvel album de l\u2019accord\u00e9oniste Marcel Loeffler (\u00ab\u00a0Balade en \u00e9motions \u00bb, chez Label Ouest) fait entendre des tr\u00e9sors de musicalit\u00e9. Il faut dire qu\u2019avec Jean-Yves Jung (orgue), Jean-Marc Robin (batterie) et Franck Wolf (saxophone) en invit\u00e9, Marcel a r\u00e9uni un combo de haut vol, puisqu\u2019il s\u2019agit ni plus ni moins des partenaires r\u00e9guliers de Bir\u00e9li Lagr\u00e8ne\u00a0! Entre standards du jazz, compositions originales et coups de chapeau \u00e0 Stevie Wonder ou Joe Zawinul, la musique de l\u2019accord\u00e9oniste balaie large et fait mouche.<\/p>\n","protected":false},"excerpt":{"rendered":"<p>Port\u00e9 par un sens du groove sans faille, le nouvel album de l\u2019accord\u00e9oniste Marcel Loeffler (\u00ab\u00a0Balade en \u00e9motions \u00bb, chez Label Ouest) fait entendre des tr\u00e9sors de musicalit\u00e9. Il faut [&hellip;]<\/p>\n","protected":false},"author":2,"featured_media":96308,"template":"","meta":{"_acf_changed":false,"_price":"","_stock":"","_tribe_ticket_header":"","_tribe_default_ticket_provider":"Tribe__Tickets_Plus__Commerce__WooCommerce__Main","_tribe_ticket_capacity":"89","_ticket_start_date":"","_ticket_end_date":"","_tribe_ticket_show_description":"","_tribe_ticket_show_not_going":false,"_tribe_ticket_use_global_stock":"1","_tribe_ticket_global_stock_level":"60","_global_stock_mode":"","_global_stock_cap":"","_tribe_rsvp_for_event":"","_tribe_ticket_going_count":"","_tribe_ticket_not_going_count":"","_tribe_tickets_list":"[{\"id\":96305,\"type\":\"default\",\"title\":\"Tarif r\\u00e9duit\",\"description\":\"Tarif r\\u00e9serv\\u00e9 aux \\u00e9tudiants de moins de 25 ans, ch\\u00f4meurs et intermittents du spectacle. Pr\\u00e9sentation obligatoire d\\u2019un justificatif \\u00e0 l\\u2019entr\\u00e9e. \\r\\nUn suppl\\u00e9ment vous sera demand\\u00e9 pour non pr\\u00e9sentation de justificatif. \",\"capacityType\":\"global\",\"price\":20,\"capacity\":89,\"available\":60,\"sharedCapacity\":89,\"sold\":1,\"shareSold\":1,\"isShared\":true,\"currencyDecimalPoint\":\",\",\"currencyNumberOfDecimals\":2,\"currencyPosition\":\"prefix\",\"currencySymbol\":\"$\",\"currencyThousandsSep\":\"\"},{\"id\":96306,\"type\":\"default\",\"title\":\"Tarif adh\\u00e9rent\",\"description\":\"\",\"capacityType\":\"global\",\"price\":25,\"capacity\":89,\"available\":60,\"sharedCapacity\":89,\"sold\":1,\"shareSold\":1,\"isShared\":true,\"currencyDecimalPoint\":\",\",\"currencyNumberOfDecimals\":2,\"currencyPosition\":\"prefix\",\"currencySymbol\":\"$\",\"currencyThousandsSep\":\"\"},{\"id\":96307,\"type\":\"default\",\"title\":\"Tarif plein*\",\"description\":\"\",\"capacityType\":\"global\",\"price\":30,\"capacity\":89,\"available\":60,\"sharedCapacity\":89,\"sold\":25,\"shareSold\":25,\"isShared\":true,\"currencyDecimalPoint\":\",\",\"currencyNumberOfDecimals\":2,\"currencyPosition\":\"prefix\",\"currencySymbol\":\"$\",\"currencyThousandsSep\":\"\"}]","_tribe_ticket_has_attendee_info_fields":false,"_tribe_events_status":"","_tribe_events_status_reason":"","footnotes":"","_tec_slr_enabled":"","_tec_slr_layout":""},"tags":[],"genre":[258],"tribe_events_cat":[213,269,214,215,216],"class_list":["post-96304","tribe_events","type-tribe_events","status-publish","has-post-thumbnail","hentry","genre-jazz-actuel","tribe_events_cat-albums-du-mois","tribe_events_cat-coming-soon","tribe_events_cat-coup-de-coeur","tribe_events_cat-decouvertes","tribe_events_cat-evenements","cat_albums-du-mois","cat_coming-soon","cat_coup-de-coeur","cat_decouvertes","cat_evenements"],"acf":[],"yoast_head":"<!-- This site is optimized with the Yoast SEO plugin v25.7 - https:\/\/yoast.com\/wordpress\/plugins\/seo\/ -->\n<title>Marcel Loeffler Trio - Sunset Sunside<\/title>\n<meta name=\"robots\" content=\"index, follow, max-snippet:-1, max-image-preview:large, max-video-preview:-1\" \/>\n<link rel=\"canonical\" href=\"https:\/\/www.sunset-sunside.com\/concert\/marcel-loeffler-trio\/\" \/>\n<meta property=\"og:locale\" content=\"en_GB\" \/>\n<meta property=\"og:type\" content=\"article\" \/>\n<meta property=\"og:title\" content=\"Marcel Loeffler Trio - Sunset Sunside\" \/>\n<meta property=\"og:description\" content=\"Port\u00e9 par un sens du groove sans faille, le nouvel album de l\u2019accord\u00e9oniste Marcel Loeffler (\u00ab\u00a0Balade en \u00e9motions \u00bb, chez Label Ouest) fait entendre des tr\u00e9sors de musicalit\u00e9. Il faut [&hellip;]\" \/>\n<meta property=\"og:url\" content=\"https:\/\/www.sunset-sunside.com\/concert\/marcel-loeffler-trio\/\" \/>\n<meta property=\"og:site_name\" content=\"Sunset Sunside\" \/>\n<meta property=\"article:publisher\" content=\"https:\/\/www.facebook.com\/SunsetSunsideJazzClub\/\" \/>\n<meta property=\"article:modified_time\" content=\"2025-11-28T09:43:41+00:00\" \/>\n<meta property=\"og:image\" content=\"https:\/\/www.sunset-sunside.com\/app\/uploads\/2025\/09\/KSA9300-ok-1-HD-1024x789.jpg\" \/>\n\t<meta property=\"og:image:width\" content=\"1024\" \/>\n\t<meta property=\"og:image:height\" content=\"789\" \/>\n\t<meta property=\"og:image:type\" content=\"image\/jpeg\" \/>\n<meta name=\"twitter:card\" content=\"summary_large_image\" \/>\n<meta name=\"twitter:site\" content=\"@SunsetSunside\" \/>\n<meta name=\"twitter:label1\" content=\"Est. reading time\" \/>\n\t<meta name=\"twitter:data1\" content=\"1 minute\" \/>\n<script type=\"application\/ld+json\" class=\"yoast-schema-graph\">{\"@context\":\"https:\/\/schema.org\",\"@graph\":[{\"@type\":\"WebPage\",\"@id\":\"https:\/\/www.sunset-sunside.com\/concert\/marcel-loeffler-trio\/\",\"url\":\"https:\/\/www.sunset-sunside.com\/concert\/marcel-loeffler-trio\/\",\"name\":\"Marcel Loeffler Trio - Sunset Sunside\",\"isPartOf\":{\"@id\":\"https:\/\/www.sunset-sunside.com\/#website\"},\"primaryImageOfPage\":{\"@id\":\"https:\/\/www.sunset-sunside.com\/concert\/marcel-loeffler-trio\/#primaryimage\"},\"image\":{\"@id\":\"https:\/\/www.sunset-sunside.com\/concert\/marcel-loeffler-trio\/#primaryimage\"},\"thumbnailUrl\":\"https:\/\/www.sunset-sunside.com\/app\/uploads\/2025\/09\/KSA9300-ok-1-HD.jpg\",\"datePublished\":\"2025-09-18T10:42:01+00:00\",\"dateModified\":\"2025-11-28T09:43:41+00:00\",\"breadcrumb\":{\"@id\":\"https:\/\/www.sunset-sunside.com\/concert\/marcel-loeffler-trio\/#breadcrumb\"},\"inLanguage\":\"en-GB\",\"potentialAction\":[{\"@type\":\"ReadAction\",\"target\":[\"https:\/\/www.sunset-sunside.com\/concert\/marcel-loeffler-trio\/\"]}]},{\"@type\":\"ImageObject\",\"inLanguage\":\"en-GB\",\"@id\":\"https:\/\/www.sunset-sunside.com\/concert\/marcel-loeffler-trio\/#primaryimage\",\"url\":\"https:\/\/www.sunset-sunside.com\/app\/uploads\/2025\/09\/KSA9300-ok-1-HD.jpg\",\"contentUrl\":\"https:\/\/www.sunset-sunside.com\/app\/uploads\/2025\/09\/KSA9300-ok-1-HD.jpg\",\"width\":6745,\"height\":5194,\"caption\":\"\u00a9 Klaus Stoeber\"},{\"@type\":\"BreadcrumbList\",\"@id\":\"https:\/\/www.sunset-sunside.com\/concert\/marcel-loeffler-trio\/#breadcrumb\",\"itemListElement\":[{\"@type\":\"ListItem\",\"position\":1,\"name\":\"Accueil\",\"item\":\"https:\/\/www.sunset-sunside.com\/\"},{\"@type\":\"ListItem\",\"position\":2,\"name\":\"\u00c9v\u00e8nements\",\"item\":\"https:\/\/www.sunset-sunside.com\/concerts\/\"},{\"@type\":\"ListItem\",\"position\":3,\"name\":\"Marcel Loeffler Trio\"}]},{\"@type\":\"WebSite\",\"@id\":\"https:\/\/www.sunset-sunside.com\/#website\",\"url\":\"https:\/\/www.sunset-sunside.com\/\",\"name\":\"Sunset Sunside\",\"description\":\"\",\"potentialAction\":[{\"@type\":\"SearchAction\",\"target\":{\"@type\":\"EntryPoint\",\"urlTemplate\":\"https:\/\/www.sunset-sunside.com\/?s={search_term_string}\"},\"query-input\":{\"@type\":\"PropertyValueSpecification\",\"valueRequired\":true,\"valueName\":\"search_term_string\"}}],\"inLanguage\":\"en-GB\"}]}<\/script>\n<!-- \/ Yoast SEO plugin. -->","yoast_head_json":{"title":"Marcel Loeffler Trio - Sunset Sunside","robots":{"index":"index","follow":"follow","max-snippet":"max-snippet:-1","max-image-preview":"max-image-preview:large","max-video-preview":"max-video-preview:-1"},"canonical":"https:\/\/www.sunset-sunside.com\/concert\/marcel-loeffler-trio\/","og_locale":"en_GB","og_type":"article","og_title":"Marcel Loeffler Trio - Sunset Sunside","og_description":"Port\u00e9 par un sens du groove sans faille, le nouvel album de l\u2019accord\u00e9oniste Marcel Loeffler (\u00ab\u00a0Balade en \u00e9motions \u00bb, chez Label Ouest) fait entendre des tr\u00e9sors de musicalit\u00e9. Il faut [&hellip;]","og_url":"https:\/\/www.sunset-sunside.com\/concert\/marcel-loeffler-trio\/","og_site_name":"Sunset Sunside","article_publisher":"https:\/\/www.facebook.com\/SunsetSunsideJazzClub\/","article_modified_time":"2025-11-28T09:43:41+00:00","og_image":[{"width":1024,"height":789,"url":"https:\/\/www.sunset-sunside.com\/app\/uploads\/2025\/09\/KSA9300-ok-1-HD-1024x789.jpg","type":"image\/jpeg"}],"twitter_card":"summary_large_image","twitter_site":"@SunsetSunside","twitter_misc":{"Est. reading time":"1 minute"},"schema":{"@context":"https:\/\/schema.org","@graph":[{"@type":"WebPage","@id":"https:\/\/www.sunset-sunside.com\/concert\/marcel-loeffler-trio\/","url":"https:\/\/www.sunset-sunside.com\/concert\/marcel-loeffler-trio\/","name":"Marcel Loeffler Trio - Sunset Sunside","isPartOf":{"@id":"https:\/\/www.sunset-sunside.com\/#website"},"primaryImageOfPage":{"@id":"https:\/\/www.sunset-sunside.com\/concert\/marcel-loeffler-trio\/#primaryimage"},"image":{"@id":"https:\/\/www.sunset-sunside.com\/concert\/marcel-loeffler-trio\/#primaryimage"},"thumbnailUrl":"https:\/\/www.sunset-sunside.com\/app\/uploads\/2025\/09\/KSA9300-ok-1-HD.jpg","datePublished":"2025-09-18T10:42:01+00:00","dateModified":"2025-11-28T09:43:41+00:00","breadcrumb":{"@id":"https:\/\/www.sunset-sunside.com\/concert\/marcel-loeffler-trio\/#breadcrumb"},"inLanguage":"en-GB","potentialAction":[{"@type":"ReadAction","target":["https:\/\/www.sunset-sunside.com\/concert\/marcel-loeffler-trio\/"]}]},{"@type":"ImageObject","inLanguage":"en-GB","@id":"https:\/\/www.sunset-sunside.com\/concert\/marcel-loeffler-trio\/#primaryimage","url":"https:\/\/www.sunset-sunside.com\/app\/uploads\/2025\/09\/KSA9300-ok-1-HD.jpg","contentUrl":"https:\/\/www.sunset-sunside.com\/app\/uploads\/2025\/09\/KSA9300-ok-1-HD.jpg","width":6745,"height":5194,"caption":"\u00a9 Klaus Stoeber"},{"@type":"BreadcrumbList","@id":"https:\/\/www.sunset-sunside.com\/concert\/marcel-loeffler-trio\/#breadcrumb","itemListElement":[{"@type":"ListItem","position":1,"name":"Accueil","item":"https:\/\/www.sunset-sunside.com\/"},{"@type":"ListItem","position":2,"name":"\u00c9v\u00e8nements","item":"https:\/\/www.sunset-sunside.com\/concerts\/"},{"@type":"ListItem","position":3,"name":"Marcel Loeffler Trio"}]},{"@type":"WebSite","@id":"https:\/\/www.sunset-sunside.com\/#website","url":"https:\/\/www.sunset-sunside.com\/","name":"Sunset Sunside","description":"","potentialAction":[{"@type":"SearchAction","target":{"@type":"EntryPoint","urlTemplate":"https:\/\/www.sunset-sunside.com\/?s={search_term_string}"},"query-input":{"@type":"PropertyValueSpecification","valueRequired":true,"valueName":"search_term_string"}}],"inLanguage":"en-GB"}]}},"publishpress_future_action":{"enabled":false,"date":"2026-04-12 18:15:33","action":"change-status","newStatus":"draft","terms":[],"taxonomy":"post_tag","extraData":[]},"publishpress_future_workflow_manual_trigger":{"enabledWorkflows":[]},"ticketed":["woo"],"_links":{"self":[{"href":"https:\/\/www.sunset-sunside.com\/wp-json\/wp\/v2\/tribe_events\/96304","targetHints":{"allow":["GET"]}}],"collection":[{"href":"https:\/\/www.sunset-sunside.com\/wp-json\/wp\/v2\/tribe_events"}],"about":[{"href":"https:\/\/www.sunset-sunside.com\/wp-json\/wp\/v2\/types\/tribe_events"}],"author":[{"embeddable":true,"href":"https:\/\/www.sunset-sunside.com\/wp-json\/wp\/v2\/users\/2"}],"version-history":[{"count":1,"href":"https:\/\/www.sunset-sunside.com\/wp-json\/wp\/v2\/tribe_events\/96304\/revisions"}],"predecessor-version":[{"id":96309,"href":"https:\/\/www.sunset-sunside.com\/wp-json\/wp\/v2\/tribe_events\/96304\/revisions\/96309"}],"wp:featuredmedia":[{"embeddable":true,"href":"https:\/\/www.sunset-sunside.com\/wp-json\/wp\/v2\/media\/96308"}],"wp:attachment":[{"href":"https:\/\/www.sunset-sunside.com\/wp-json\/wp\/v2\/media?parent=96304"}],"wp:term":[{"taxonomy":"post_tag","embeddable":true,"href":"https:\/\/www.sunset-sunside.com\/wp-json\/wp\/v2\/tags?post=96304"},{"taxonomy":"genre","embeddable":true,"href":"https:\/\/www.sunset-sunside.com\/wp-json\/wp\/v2\/genre?post=96304"},{"taxonomy":"tribe_events_cat","embeddable":true,"href":"https:\/\/www.sunset-sunside.com\/wp-json\/wp\/v2\/tribe_events_cat?post=96304"}],"curies":[{"name":"wp","href":"https:\/\/api.w.org\/{rel}","templated":true}]}}

<p>Porté par un sens du groove sans faille, le nouvel album de l’accordéoniste Marcel Loeffler (« Balade en émotions », chez Label Ouest) fait entendre des trésors de musicalité. Il faut dire qu’avec Jean-Yves Jung (orgue), Jean-Marc Robin (batterie) et Franck Wolf (saxophone) en invité, Marcel a réuni un combo de haut vol, puisqu’il s’agit ni plus ni moins des partenaires réguliers de Biréli Lagrène ! Entre standards du jazz, compositions originales et coups de chapeau à Stevie Wonder ou Joe Zawinul, la musique de l’accordéoniste balaie large et fait mouche.</p>

<p>Porté par un sens du groove sans faille, le nouvel album de l’accordéoniste Marcel Loeffler (« Balade en émotions », chez Label Ouest) fait entendre des trésors de musicalité. Il faut [&hellip;]</p>

<!-- This site is optimized with the Yoast SEO plugin v25.7 - https://yoast.com/wordpress/plugins/seo/ -->
<title>Marcel Loeffler Trio - Sunset Sunside</title>
<meta name="robots" content="index, follow, max-snippet:-1, max-image-preview:large, max-video-preview:-1" />
<link rel="canonical" href="https://www.sunset-sunside.com/concert/marcel-loeffler-trio/" />
<meta property="og:locale" content="en_GB" />
<meta property="og:type" content="article" />
<meta property="og:title" content="Marcel Loeffler Trio - Sunset Sunside" />
<meta property="og:description" content="Porté par un sens du groove sans faille, le nouvel album de l’accordéoniste Marcel Loeffler (« Balade en émotions », chez Label Ouest) fait entendre des trésors de musicalité. Il faut [&hellip;]" />
<meta property="og:url" content="https://www.sunset-sunside.com/concert/marcel-loeffler-trio/" />
<meta property="og:site_name" content="Sunset Sunside" />
<meta property="article:publisher" content="https://www.facebook.com/SunsetSunsideJazzClub/" />
<meta property="article:modified_time" content="2025-11-28T09:43:41+00:00" />
<meta property="og:image" content="https://www.sunset-sunside.com/app/uploads/2025/09/KSA9300-ok-1-HD-1024x789.jpg" />
	<meta property="og:image:width" content="1024" />
	<meta property="og:image:height" content="789" />
	<meta property="og:image:type" content="image/jpeg" />
<meta name="twitter:card" content="summary_large_image" />
<meta name="twitter:site" content="@SunsetSunside" />
<meta name="twitter:label1" content="Est. reading time" />
	<meta name="twitter:data1" content="1 minute" />
<script type="application/ld+json" class="yoast-schema-graph">{"@context":"https://schema.org","@graph":[{"@type":"WebPage","@id":"https://www.sunset-sunside.com/concert/marcel-loeffler-trio/","url":"https://www.sunset-sunside.com/concert/marcel-loeffler-trio/","name":"Marcel Loeffler Trio - Sunset Sunside","isPartOf":{"@id":"https://www.sunset-sunside.com/#website"},"primaryImageOfPage":{"@id":"https://www.sunset-sunside.com/concert/marcel-loeffler-trio/#primaryimage"},"image":{"@id":"https://www.sunset-sunside.com/concert/marcel-loeffler-trio/#primaryimage"},"thumbnailUrl":"https://www.sunset-sunside.com/app/uploads/2025/09/KSA9300-ok-1-HD.jpg","datePublished":"2025-09-18T10:42:01+00:00","dateModified":"2025-11-28T09:43:41+00:00","breadcrumb":{"@id":"https://www.sunset-sunside.com/concert/marcel-loeffler-trio/#breadcrumb"},"inLanguage":"en-GB","potentialAction":[{"@type":"ReadAction","target":["https://www.sunset-sunside.com/concert/marcel-loeffler-trio/"]}]},{"@type":"ImageObject","inLanguage":"en-GB","@id":"https://www.sunset-sunside.com/concert/marcel-loeffler-trio/#primaryimage","url":"https://www.sunset-sunside.com/app/uploads/2025/09/KSA9300-ok-1-HD.jpg","contentUrl":"https://www.sunset-sunside.com/app/uploads/2025/09/KSA9300-ok-1-HD.jpg","width":6745,"height":5194,"caption":"© Klaus Stoeber"},{"@type":"BreadcrumbList","@id":"https://www.sunset-sunside.com/concert/marcel-loeffler-trio/#breadcrumb","itemListElement":[{"@type":"ListItem","position":1,"name":"Accueil","item":"https://www.sunset-sunside.com/"},{"@type":"ListItem","position":2,"name":"Évènements","item":"https://www.sunset-sunside.com/concerts/"},{"@type":"ListItem","position":3,"name":"Marcel Loeffler Trio"}]},{"@type":"WebSite","@id":"https://www.sunset-sunside.com/#website","url":"https://www.sunset-sunside.com/","name":"Sunset Sunside","description":"","potentialAction":[{"@type":"SearchAction","target":{"@type":"EntryPoint","urlTemplate":"https://www.sunset-sunside.com/?s={search_term_string}"},"query-input":{"@type":"PropertyValueSpecification","valueRequired":true,"valueName":"search_term_string"}}],"inLanguage":"en-GB"}]}</script>
<!-- / Yoast SEO plugin. -->

Porté par un sens du groove sans faille, le nouvel album de l’accordéoniste Marcel Loeffler (« Balade en émotions », chez Label Ouest) fait entendre des trésors de musicalité. Il faut [&hellip;]

Évènements
