{"id":99281,"date":"2025-10-01T16:55:21","date_gmt":"2025-10-01T14:55:21","guid":{"rendered":"https:\/\/www.sunset-sunside.com\/?post_type=tribe_events&#038;p=99281"},"modified":"2025-12-03T11:02:50","modified_gmt":"2025-12-03T10:02:50","slug":"florian-favre-trio","status":"publish","type":"tribe_events","link":"https:\/\/www.sunset-sunside.com\/concert\/florian-favre-trio\/","title":{"rendered":"Florian Favre Trio"},"content":{"rendered":"<p>A travers une \u00e9criture limpide et originale, le pianiste Florian Favre propose un jazz d\u00e9sacralis\u00e9, pop, sensible et \u00e9ruptif, une musique qui aime raconter des histoires. Dans ce quatri\u00e8me album du trio enregistr\u00e9 en live, il int\u00e8gre des sonorit\u00e9s \u00e9lectroniques qui ouvrent un nouvel univers narratif. Ses complices, Manu Hagmann \u00e0 la contrebasse et Arthur Alard \u00e0 batterie, sont deux musiciens hors pairs dont l\u2019agilit\u00e9 et la musicalit\u00e9 permettent au trio de danser avec joie sur un fil et d\u2019exploiter une palette de nuances infinies.\u00a0\u00a0<\/p>\n","protected":false},"excerpt":{"rendered":"<p>A travers une \u00e9criture limpide et originale, le pianiste Florian Favre propose un jazz d\u00e9sacralis\u00e9, pop, sensible et \u00e9ruptif, une musique qui aime raconter des histoires. Dans ce quatri\u00e8me album [&hellip;]<\/p>\n","protected":false},"author":2,"featured_media":99285,"template":"","meta":{"_acf_changed":false,"_price":"","_stock":"","_tribe_ticket_header":"","_tribe_default_ticket_provider":"Tribe__Tickets_Plus__Commerce__WooCommerce__Main","_tribe_ticket_capacity":"94","_ticket_start_date":"","_ticket_end_date":"","_tribe_ticket_show_description":"","_tribe_ticket_show_not_going":false,"_tribe_ticket_use_global_stock":"1","_tribe_ticket_global_stock_level":"68","_global_stock_mode":"","_global_stock_cap":"","_tribe_rsvp_for_event":"","_tribe_ticket_going_count":"","_tribe_ticket_not_going_count":"","_tribe_tickets_list":"[{\"id\":99282,\"type\":\"default\",\"title\":\"Tarif adh\\u00e9rent\",\"description\":\"\",\"capacityType\":\"global\",\"price\":20,\"capacity\":94,\"available\":68,\"sharedCapacity\":94,\"sold\":1,\"shareSold\":1,\"isShared\":true,\"currencyDecimalPoint\":\",\",\"currencyNumberOfDecimals\":2,\"currencyPosition\":\"prefix\",\"currencySymbol\":\"$\",\"currencyThousandsSep\":\"\"},{\"id\":99283,\"type\":\"default\",\"title\":\"Tarif plein*\",\"description\":\"\",\"capacityType\":\"global\",\"price\":25,\"capacity\":94,\"available\":68,\"sharedCapacity\":94,\"sold\":21,\"shareSold\":21,\"isShared\":true,\"currencyDecimalPoint\":\",\",\"currencyNumberOfDecimals\":2,\"currencyPosition\":\"prefix\",\"currencySymbol\":\"$\",\"currencyThousandsSep\":\"\"},{\"id\":99284,\"type\":\"default\",\"title\":\"Tarif r\\u00e9duit\",\"description\":\"Tarif r\\u00e9serv\\u00e9 aux \\u00e9tudiants de moins de 25 ans, ch\\u00f4meurs et intermittents du spectacle. Pr\\u00e9sentation obligatoire d\\u2019un justificatif \\u00e0 l\\u2019entr\\u00e9e. \\r\\nUn suppl\\u00e9ment vous sera demand\\u00e9 pour non pr\\u00e9sentation de justificatif. \",\"capacityType\":\"global\",\"price\":15,\"capacity\":94,\"available\":68,\"sharedCapacity\":94,\"sold\":4,\"shareSold\":4,\"isShared\":true,\"currencyDecimalPoint\":\",\",\"currencyNumberOfDecimals\":2,\"currencyPosition\":\"prefix\",\"currencySymbol\":\"$\",\"currencyThousandsSep\":\"\"}]","_tribe_ticket_has_attendee_info_fields":false,"_tribe_events_status":"","_tribe_events_status_reason":"","footnotes":"","_tec_slr_enabled":"","_tec_slr_layout":""},"tags":[],"genre":[258],"tribe_events_cat":[213,214,215,216],"class_list":["post-99281","tribe_events","type-tribe_events","status-publish","has-post-thumbnail","hentry","genre-jazz-actuel","tribe_events_cat-albums-du-mois","tribe_events_cat-coup-de-coeur","tribe_events_cat-decouvertes","tribe_events_cat-evenements","cat_albums-du-mois","cat_coup-de-coeur","cat_decouvertes","cat_evenements"],"acf":[],"yoast_head":"<!-- This site is optimized with the Yoast SEO plugin v25.7 - https:\/\/yoast.com\/wordpress\/plugins\/seo\/ -->\n<title>Florian Favre Trio - Sunset Sunside<\/title>\n<meta name=\"robots\" content=\"index, follow, max-snippet:-1, max-image-preview:large, max-video-preview:-1\" \/>\n<link rel=\"canonical\" href=\"https:\/\/www.sunset-sunside.com\/concert\/florian-favre-trio\/\" \/>\n<meta property=\"og:locale\" content=\"en_GB\" \/>\n<meta property=\"og:type\" content=\"article\" \/>\n<meta property=\"og:title\" content=\"Florian Favre Trio - Sunset Sunside\" \/>\n<meta property=\"og:description\" content=\"A travers une \u00e9criture limpide et originale, le pianiste Florian Favre propose un jazz d\u00e9sacralis\u00e9, pop, sensible et \u00e9ruptif, une musique qui aime raconter des histoires. Dans ce quatri\u00e8me album [&hellip;]\" \/>\n<meta property=\"og:url\" content=\"https:\/\/www.sunset-sunside.com\/concert\/florian-favre-trio\/\" \/>\n<meta property=\"og:site_name\" content=\"Sunset Sunside\" \/>\n<meta property=\"article:publisher\" content=\"https:\/\/www.facebook.com\/SunsetSunsideJazzClub\/\" \/>\n<meta property=\"article:modified_time\" content=\"2025-12-03T10:02:50+00:00\" \/>\n<meta property=\"og:image\" content=\"https:\/\/www.sunset-sunside.com\/app\/uploads\/2025\/10\/FFTRIO_official-alternative-@Dominic-Buttner-1024x731.jpg\" \/>\n\t<meta property=\"og:image:width\" content=\"1024\" \/>\n\t<meta property=\"og:image:height\" content=\"731\" \/>\n\t<meta property=\"og:image:type\" content=\"image\/jpeg\" \/>\n<meta name=\"twitter:card\" content=\"summary_large_image\" \/>\n<meta name=\"twitter:site\" content=\"@SunsetSunside\" \/>\n<meta name=\"twitter:label1\" content=\"Est. reading time\" \/>\n\t<meta name=\"twitter:data1\" content=\"1 minute\" \/>\n<script type=\"application\/ld+json\" class=\"yoast-schema-graph\">{\"@context\":\"https:\/\/schema.org\",\"@graph\":[{\"@type\":\"WebPage\",\"@id\":\"https:\/\/www.sunset-sunside.com\/concert\/florian-favre-trio\/\",\"url\":\"https:\/\/www.sunset-sunside.com\/concert\/florian-favre-trio\/\",\"name\":\"Florian Favre Trio - Sunset Sunside\",\"isPartOf\":{\"@id\":\"https:\/\/www.sunset-sunside.com\/#website\"},\"primaryImageOfPage\":{\"@id\":\"https:\/\/www.sunset-sunside.com\/concert\/florian-favre-trio\/#primaryimage\"},\"image\":{\"@id\":\"https:\/\/www.sunset-sunside.com\/concert\/florian-favre-trio\/#primaryimage\"},\"thumbnailUrl\":\"https:\/\/www.sunset-sunside.com\/app\/uploads\/2025\/10\/FFTRIO_official-alternative-@Dominic-Buttner.jpg\",\"datePublished\":\"2025-10-01T14:55:21+00:00\",\"dateModified\":\"2025-12-03T10:02:50+00:00\",\"breadcrumb\":{\"@id\":\"https:\/\/www.sunset-sunside.com\/concert\/florian-favre-trio\/#breadcrumb\"},\"inLanguage\":\"en-GB\",\"potentialAction\":[{\"@type\":\"ReadAction\",\"target\":[\"https:\/\/www.sunset-sunside.com\/concert\/florian-favre-trio\/\"]}]},{\"@type\":\"ImageObject\",\"inLanguage\":\"en-GB\",\"@id\":\"https:\/\/www.sunset-sunside.com\/concert\/florian-favre-trio\/#primaryimage\",\"url\":\"https:\/\/www.sunset-sunside.com\/app\/uploads\/2025\/10\/FFTRIO_official-alternative-@Dominic-Buttner.jpg\",\"contentUrl\":\"https:\/\/www.sunset-sunside.com\/app\/uploads\/2025\/10\/FFTRIO_official-alternative-@Dominic-Buttner.jpg\",\"width\":6414,\"height\":4581,\"caption\":\"\u00a9 Dominic B\u00fcttner\"},{\"@type\":\"BreadcrumbList\",\"@id\":\"https:\/\/www.sunset-sunside.com\/concert\/florian-favre-trio\/#breadcrumb\",\"itemListElement\":[{\"@type\":\"ListItem\",\"position\":1,\"name\":\"Accueil\",\"item\":\"https:\/\/www.sunset-sunside.com\/\"},{\"@type\":\"ListItem\",\"position\":2,\"name\":\"\u00c9v\u00e8nements\",\"item\":\"https:\/\/www.sunset-sunside.com\/concerts\/\"},{\"@type\":\"ListItem\",\"position\":3,\"name\":\"Florian Favre Trio\"}]},{\"@type\":\"WebSite\",\"@id\":\"https:\/\/www.sunset-sunside.com\/#website\",\"url\":\"https:\/\/www.sunset-sunside.com\/\",\"name\":\"Sunset Sunside\",\"description\":\"\",\"potentialAction\":[{\"@type\":\"SearchAction\",\"target\":{\"@type\":\"EntryPoint\",\"urlTemplate\":\"https:\/\/www.sunset-sunside.com\/?s={search_term_string}\"},\"query-input\":{\"@type\":\"PropertyValueSpecification\",\"valueRequired\":true,\"valueName\":\"search_term_string\"}}],\"inLanguage\":\"en-GB\"}]}<\/script>\n<!-- \/ Yoast SEO plugin. -->","yoast_head_json":{"title":"Florian Favre Trio - Sunset Sunside","robots":{"index":"index","follow":"follow","max-snippet":"max-snippet:-1","max-image-preview":"max-image-preview:large","max-video-preview":"max-video-preview:-1"},"canonical":"https:\/\/www.sunset-sunside.com\/concert\/florian-favre-trio\/","og_locale":"en_GB","og_type":"article","og_title":"Florian Favre Trio - Sunset Sunside","og_description":"A travers une \u00e9criture limpide et originale, le pianiste Florian Favre propose un jazz d\u00e9sacralis\u00e9, pop, sensible et \u00e9ruptif, une musique qui aime raconter des histoires. Dans ce quatri\u00e8me album [&hellip;]","og_url":"https:\/\/www.sunset-sunside.com\/concert\/florian-favre-trio\/","og_site_name":"Sunset Sunside","article_publisher":"https:\/\/www.facebook.com\/SunsetSunsideJazzClub\/","article_modified_time":"2025-12-03T10:02:50+00:00","og_image":[{"width":1024,"height":731,"url":"https:\/\/www.sunset-sunside.com\/app\/uploads\/2025\/10\/FFTRIO_official-alternative-@Dominic-Buttner-1024x731.jpg","type":"image\/jpeg"}],"twitter_card":"summary_large_image","twitter_site":"@SunsetSunside","twitter_misc":{"Est. reading time":"1 minute"},"schema":{"@context":"https:\/\/schema.org","@graph":[{"@type":"WebPage","@id":"https:\/\/www.sunset-sunside.com\/concert\/florian-favre-trio\/","url":"https:\/\/www.sunset-sunside.com\/concert\/florian-favre-trio\/","name":"Florian Favre Trio - Sunset Sunside","isPartOf":{"@id":"https:\/\/www.sunset-sunside.com\/#website"},"primaryImageOfPage":{"@id":"https:\/\/www.sunset-sunside.com\/concert\/florian-favre-trio\/#primaryimage"},"image":{"@id":"https:\/\/www.sunset-sunside.com\/concert\/florian-favre-trio\/#primaryimage"},"thumbnailUrl":"https:\/\/www.sunset-sunside.com\/app\/uploads\/2025\/10\/FFTRIO_official-alternative-@Dominic-Buttner.jpg","datePublished":"2025-10-01T14:55:21+00:00","dateModified":"2025-12-03T10:02:50+00:00","breadcrumb":{"@id":"https:\/\/www.sunset-sunside.com\/concert\/florian-favre-trio\/#breadcrumb"},"inLanguage":"en-GB","potentialAction":[{"@type":"ReadAction","target":["https:\/\/www.sunset-sunside.com\/concert\/florian-favre-trio\/"]}]},{"@type":"ImageObject","inLanguage":"en-GB","@id":"https:\/\/www.sunset-sunside.com\/concert\/florian-favre-trio\/#primaryimage","url":"https:\/\/www.sunset-sunside.com\/app\/uploads\/2025\/10\/FFTRIO_official-alternative-@Dominic-Buttner.jpg","contentUrl":"https:\/\/www.sunset-sunside.com\/app\/uploads\/2025\/10\/FFTRIO_official-alternative-@Dominic-Buttner.jpg","width":6414,"height":4581,"caption":"\u00a9 Dominic B\u00fcttner"},{"@type":"BreadcrumbList","@id":"https:\/\/www.sunset-sunside.com\/concert\/florian-favre-trio\/#breadcrumb","itemListElement":[{"@type":"ListItem","position":1,"name":"Accueil","item":"https:\/\/www.sunset-sunside.com\/"},{"@type":"ListItem","position":2,"name":"\u00c9v\u00e8nements","item":"https:\/\/www.sunset-sunside.com\/concerts\/"},{"@type":"ListItem","position":3,"name":"Florian Favre Trio"}]},{"@type":"WebSite","@id":"https:\/\/www.sunset-sunside.com\/#website","url":"https:\/\/www.sunset-sunside.com\/","name":"Sunset Sunside","description":"","potentialAction":[{"@type":"SearchAction","target":{"@type":"EntryPoint","urlTemplate":"https:\/\/www.sunset-sunside.com\/?s={search_term_string}"},"query-input":{"@type":"PropertyValueSpecification","valueRequired":true,"valueName":"search_term_string"}}],"inLanguage":"en-GB"}]}},"publishpress_future_action":{"enabled":false,"date":"2026-04-12 17:29:54","action":"change-status","newStatus":"draft","terms":[],"taxonomy":"post_tag","extraData":[]},"publishpress_future_workflow_manual_trigger":{"enabledWorkflows":[]},"ticketed":["woo"],"_links":{"self":[{"href":"https:\/\/www.sunset-sunside.com\/wp-json\/wp\/v2\/tribe_events\/99281","targetHints":{"allow":["GET"]}}],"collection":[{"href":"https:\/\/www.sunset-sunside.com\/wp-json\/wp\/v2\/tribe_events"}],"about":[{"href":"https:\/\/www.sunset-sunside.com\/wp-json\/wp\/v2\/types\/tribe_events"}],"author":[{"embeddable":true,"href":"https:\/\/www.sunset-sunside.com\/wp-json\/wp\/v2\/users\/2"}],"version-history":[{"count":1,"href":"https:\/\/www.sunset-sunside.com\/wp-json\/wp\/v2\/tribe_events\/99281\/revisions"}],"predecessor-version":[{"id":99288,"href":"https:\/\/www.sunset-sunside.com\/wp-json\/wp\/v2\/tribe_events\/99281\/revisions\/99288"}],"wp:featuredmedia":[{"embeddable":true,"href":"https:\/\/www.sunset-sunside.com\/wp-json\/wp\/v2\/media\/99285"}],"wp:attachment":[{"href":"https:\/\/www.sunset-sunside.com\/wp-json\/wp\/v2\/media?parent=99281"}],"wp:term":[{"taxonomy":"post_tag","embeddable":true,"href":"https:\/\/www.sunset-sunside.com\/wp-json\/wp\/v2\/tags?post=99281"},{"taxonomy":"genre","embeddable":true,"href":"https:\/\/www.sunset-sunside.com\/wp-json\/wp\/v2\/genre?post=99281"},{"taxonomy":"tribe_events_cat","embeddable":true,"href":"https:\/\/www.sunset-sunside.com\/wp-json\/wp\/v2\/tribe_events_cat?post=99281"}],"curies":[{"name":"wp","href":"https:\/\/api.w.org\/{rel}","templated":true}]}}

<p>A travers une écriture limpide et originale, le pianiste Florian Favre propose un jazz désacralisé, pop, sensible et éruptif, une musique qui aime raconter des histoires. Dans ce quatrième album du trio enregistré en live, il intègre des sonorités électroniques qui ouvrent un nouvel univers narratif. Ses complices, Manu Hagmann à la contrebasse et Arthur Alard à batterie, sont deux musiciens hors pairs dont l’agilité et la musicalité permettent au trio de danser avec joie sur un fil et d’exploiter une palette de nuances infinies.  </p>

<p>A travers une écriture limpide et originale, le pianiste Florian Favre propose un jazz désacralisé, pop, sensible et éruptif, une musique qui aime raconter des histoires. Dans ce quatrième album [&hellip;]</p>

<!-- This site is optimized with the Yoast SEO plugin v25.7 - https://yoast.com/wordpress/plugins/seo/ -->
<title>Florian Favre Trio - Sunset Sunside</title>
<meta name="robots" content="index, follow, max-snippet:-1, max-image-preview:large, max-video-preview:-1" />
<link rel="canonical" href="https://www.sunset-sunside.com/concert/florian-favre-trio/" />
<meta property="og:locale" content="en_GB" />
<meta property="og:type" content="article" />
<meta property="og:title" content="Florian Favre Trio - Sunset Sunside" />
<meta property="og:description" content="A travers une écriture limpide et originale, le pianiste Florian Favre propose un jazz désacralisé, pop, sensible et éruptif, une musique qui aime raconter des histoires. Dans ce quatrième album [&hellip;]" />
<meta property="og:url" content="https://www.sunset-sunside.com/concert/florian-favre-trio/" />
<meta property="og:site_name" content="Sunset Sunside" />
<meta property="article:publisher" content="https://www.facebook.com/SunsetSunsideJazzClub/" />
<meta property="article:modified_time" content="2025-12-03T10:02:50+00:00" />
<meta property="og:image" content="https://www.sunset-sunside.com/app/uploads/2025/10/FFTRIO_official-alternative-@Dominic-Buttner-1024x731.jpg" />
	<meta property="og:image:width" content="1024" />
	<meta property="og:image:height" content="731" />
	<meta property="og:image:type" content="image/jpeg" />
<meta name="twitter:card" content="summary_large_image" />
<meta name="twitter:site" content="@SunsetSunside" />
<meta name="twitter:label1" content="Est. reading time" />
	<meta name="twitter:data1" content="1 minute" />
<script type="application/ld+json" class="yoast-schema-graph">{"@context":"https://schema.org","@graph":[{"@type":"WebPage","@id":"https://www.sunset-sunside.com/concert/florian-favre-trio/","url":"https://www.sunset-sunside.com/concert/florian-favre-trio/","name":"Florian Favre Trio - Sunset Sunside","isPartOf":{"@id":"https://www.sunset-sunside.com/#website"},"primaryImageOfPage":{"@id":"https://www.sunset-sunside.com/concert/florian-favre-trio/#primaryimage"},"image":{"@id":"https://www.sunset-sunside.com/concert/florian-favre-trio/#primaryimage"},"thumbnailUrl":"https://www.sunset-sunside.com/app/uploads/2025/10/FFTRIO_official-alternative-@Dominic-Buttner.jpg","datePublished":"2025-10-01T14:55:21+00:00","dateModified":"2025-12-03T10:02:50+00:00","breadcrumb":{"@id":"https://www.sunset-sunside.com/concert/florian-favre-trio/#breadcrumb"},"inLanguage":"en-GB","potentialAction":[{"@type":"ReadAction","target":["https://www.sunset-sunside.com/concert/florian-favre-trio/"]}]},{"@type":"ImageObject","inLanguage":"en-GB","@id":"https://www.sunset-sunside.com/concert/florian-favre-trio/#primaryimage","url":"https://www.sunset-sunside.com/app/uploads/2025/10/FFTRIO_official-alternative-@Dominic-Buttner.jpg","contentUrl":"https://www.sunset-sunside.com/app/uploads/2025/10/FFTRIO_official-alternative-@Dominic-Buttner.jpg","width":6414,"height":4581,"caption":"© Dominic Büttner"},{"@type":"BreadcrumbList","@id":"https://www.sunset-sunside.com/concert/florian-favre-trio/#breadcrumb","itemListElement":[{"@type":"ListItem","position":1,"name":"Accueil","item":"https://www.sunset-sunside.com/"},{"@type":"ListItem","position":2,"name":"Évènements","item":"https://www.sunset-sunside.com/concerts/"},{"@type":"ListItem","position":3,"name":"Florian Favre Trio"}]},{"@type":"WebSite","@id":"https://www.sunset-sunside.com/#website","url":"https://www.sunset-sunside.com/","name":"Sunset Sunside","description":"","potentialAction":[{"@type":"SearchAction","target":{"@type":"EntryPoint","urlTemplate":"https://www.sunset-sunside.com/?s={search_term_string}"},"query-input":{"@type":"PropertyValueSpecification","valueRequired":true,"valueName":"search_term_string"}}],"inLanguage":"en-GB"}]}</script>
<!-- / Yoast SEO plugin. -->

A travers une écriture limpide et originale, le pianiste Florian Favre propose un jazz désacralisé, pop, sensible et éruptif, une musique qui aime raconter des histoires. Dans ce quatrième album [&hellip;]

© Dominic Büttner

Évènements
