{"id":99293,"date":"2025-10-01T17:09:50","date_gmt":"2025-10-01T15:09:50","guid":{"rendered":"https:\/\/www.sunset-sunside.com\/?post_type=tribe_events&#038;p=99293"},"modified":"2025-11-07T16:16:40","modified_gmt":"2025-11-07T15:16:40","slug":"thomas-naim-trio","status":"publish","type":"tribe_events","link":"https:\/\/www.sunset-sunside.com\/concert\/thomas-naim-trio\/","title":{"rendered":"Thomas Na\u00efm Trio"},"content":{"rendered":"<p>Accompagn\u00e9 de ses fid\u00e8les complices Marcello Giuliani \u00e0 la basse et Rapha\u00ebl Chassin \u00e0 la batterie, Thomas Na\u00efm, guitariste reconnu pour son jeu expressif et \u00e9clectique,\u00a0<br \/>\nproposera un voyage musical entre compositions originales \u2014 tir\u00e9es de ses albums Desert Highway et On The Far Side \u2014 et r\u00e9interpr\u00e9tations de classiques de Jimi Hendrix.\u00a0<br \/>\nCe dernier occupe une place centrale dans son univers, avec deux albums qui lui sont d\u00e9di\u00e9s : Sounds of Jimi (2020) en formation \u00e9lectrique, et May This Be Love (2025) en solo acoustique.<br \/>\n\u00a0<\/p>\n","protected":false},"excerpt":{"rendered":"<p>Accompagn\u00e9 de ses fid\u00e8les complices Marcello Giuliani \u00e0 la basse et Rapha\u00ebl Chassin \u00e0 la batterie, Thomas Na\u00efm, guitariste reconnu pour son jeu expressif et \u00e9clectique,\u00a0 proposera un voyage musical [&hellip;]<\/p>\n","protected":false},"author":2,"featured_media":99297,"template":"","meta":{"_acf_changed":false,"_price":"","_stock":"","_tribe_ticket_header":"","_tribe_default_ticket_provider":"Tribe__Tickets_Plus__Commerce__WooCommerce__Main","_tribe_ticket_capacity":"84","_ticket_start_date":"","_ticket_end_date":"","_tribe_ticket_show_description":"","_tribe_ticket_show_not_going":false,"_tribe_ticket_use_global_stock":"1","_tribe_ticket_global_stock_level":"42","_global_stock_mode":"","_global_stock_cap":"","_tribe_rsvp_for_event":"","_tribe_ticket_going_count":"","_tribe_ticket_not_going_count":"","_tribe_tickets_list":"[{\"id\":99294,\"type\":\"default\",\"title\":\"Tarif r\\u00e9duit\",\"description\":\"Tarif r\\u00e9serv\\u00e9 aux \\u00e9tudiants de moins de 25 ans, ch\\u00f4meurs et intermittents du spectacle. Pr\\u00e9sentation obligatoire d\\u2019un justificatif \\u00e0 l\\u2019entr\\u00e9e. \\r\\nUn suppl\\u00e9ment vous sera demand\\u00e9 pour non pr\\u00e9sentation de justificatif. \",\"capacityType\":\"global\",\"price\":20,\"capacity\":84,\"available\":42,\"sharedCapacity\":84,\"sold\":6,\"shareSold\":6,\"isShared\":true,\"currencyDecimalPoint\":\",\",\"currencyNumberOfDecimals\":2,\"currencyPosition\":\"prefix\",\"currencySymbol\":\"$\",\"currencyThousandsSep\":\"\"},{\"id\":99295,\"type\":\"default\",\"title\":\"Tarif adh\\u00e9rent\",\"description\":\"\",\"capacityType\":\"global\",\"price\":25,\"capacity\":84,\"available\":42,\"sharedCapacity\":84,\"sold\":1,\"shareSold\":1,\"isShared\":true,\"currencyDecimalPoint\":\",\",\"currencyNumberOfDecimals\":2,\"currencyPosition\":\"prefix\",\"currencySymbol\":\"$\",\"currencyThousandsSep\":\"\"},{\"id\":99296,\"type\":\"default\",\"title\":\"Tarif plein*\",\"description\":\"\",\"capacityType\":\"global\",\"price\":30,\"capacity\":84,\"available\":42,\"sharedCapacity\":84,\"sold\":33,\"shareSold\":33,\"isShared\":true,\"currencyDecimalPoint\":\",\",\"currencyNumberOfDecimals\":2,\"currencyPosition\":\"prefix\",\"currencySymbol\":\"$\",\"currencyThousandsSep\":\"\"}]","_tribe_ticket_has_attendee_info_fields":false,"_tribe_events_status":"","_tribe_events_status_reason":"","footnotes":"","_tec_slr_enabled":"","_tec_slr_layout":""},"tags":[],"genre":[74],"tribe_events_cat":[213,214,215,216],"class_list":["post-99293","tribe_events","type-tribe_events","status-publish","has-post-thumbnail","hentry","genre-jazz-blues","tribe_events_cat-albums-du-mois","tribe_events_cat-coup-de-coeur","tribe_events_cat-decouvertes","tribe_events_cat-evenements","cat_albums-du-mois","cat_coup-de-coeur","cat_decouvertes","cat_evenements"],"acf":[],"yoast_head":"<!-- This site is optimized with the Yoast SEO plugin v25.7 - https:\/\/yoast.com\/wordpress\/plugins\/seo\/ -->\n<title>Thomas Na\u00efm Trio - Sunset Sunside<\/title>\n<meta name=\"robots\" content=\"index, follow, max-snippet:-1, max-image-preview:large, max-video-preview:-1\" \/>\n<link rel=\"canonical\" href=\"https:\/\/www.sunset-sunside.com\/concert\/thomas-naim-trio\/\" \/>\n<meta property=\"og:locale\" content=\"fr_FR\" \/>\n<meta property=\"og:type\" content=\"article\" \/>\n<meta property=\"og:title\" content=\"Thomas Na\u00efm Trio - Sunset Sunside\" \/>\n<meta property=\"og:description\" content=\"Accompagn\u00e9 de ses fid\u00e8les complices Marcello Giuliani \u00e0 la basse et Rapha\u00ebl Chassin \u00e0 la batterie, Thomas Na\u00efm, guitariste reconnu pour son jeu expressif et \u00e9clectique,\u00a0 proposera un voyage musical [&hellip;]\" \/>\n<meta property=\"og:url\" content=\"https:\/\/www.sunset-sunside.com\/concert\/thomas-naim-trio\/\" \/>\n<meta property=\"og:site_name\" content=\"Sunset Sunside\" \/>\n<meta property=\"article:publisher\" content=\"https:\/\/www.facebook.com\/SunsetSunsideJazzClub\/\" \/>\n<meta property=\"article:modified_time\" content=\"2025-11-07T15:16:40+00:00\" \/>\n<meta property=\"og:image\" content=\"https:\/\/www.sunset-sunside.com\/app\/uploads\/2025\/10\/CX3B4729-683x1024.jpg\" \/>\n\t<meta property=\"og:image:width\" content=\"683\" \/>\n\t<meta property=\"og:image:height\" content=\"1024\" \/>\n\t<meta property=\"og:image:type\" content=\"image\/jpeg\" \/>\n<meta name=\"twitter:card\" content=\"summary_large_image\" \/>\n<meta name=\"twitter:site\" content=\"@SunsetSunside\" \/>\n<meta name=\"twitter:label1\" content=\"Dur\u00e9e de lecture estim\u00e9e\" \/>\n\t<meta name=\"twitter:data1\" content=\"1 minute\" \/>\n<script type=\"application\/ld+json\" class=\"yoast-schema-graph\">{\"@context\":\"https:\/\/schema.org\",\"@graph\":[{\"@type\":\"WebPage\",\"@id\":\"https:\/\/www.sunset-sunside.com\/concert\/thomas-naim-trio\/\",\"url\":\"https:\/\/www.sunset-sunside.com\/concert\/thomas-naim-trio\/\",\"name\":\"Thomas Na\u00efm Trio - Sunset Sunside\",\"isPartOf\":{\"@id\":\"https:\/\/www.sunset-sunside.com\/#website\"},\"primaryImageOfPage\":{\"@id\":\"https:\/\/www.sunset-sunside.com\/concert\/thomas-naim-trio\/#primaryimage\"},\"image\":{\"@id\":\"https:\/\/www.sunset-sunside.com\/concert\/thomas-naim-trio\/#primaryimage\"},\"thumbnailUrl\":\"https:\/\/www.sunset-sunside.com\/app\/uploads\/2025\/10\/CX3B4729.jpg\",\"datePublished\":\"2025-10-01T15:09:50+00:00\",\"dateModified\":\"2025-11-07T15:16:40+00:00\",\"breadcrumb\":{\"@id\":\"https:\/\/www.sunset-sunside.com\/concert\/thomas-naim-trio\/#breadcrumb\"},\"inLanguage\":\"fr-FR\",\"potentialAction\":[{\"@type\":\"ReadAction\",\"target\":[\"https:\/\/www.sunset-sunside.com\/concert\/thomas-naim-trio\/\"]}]},{\"@type\":\"ImageObject\",\"inLanguage\":\"fr-FR\",\"@id\":\"https:\/\/www.sunset-sunside.com\/concert\/thomas-naim-trio\/#primaryimage\",\"url\":\"https:\/\/www.sunset-sunside.com\/app\/uploads\/2025\/10\/CX3B4729.jpg\",\"contentUrl\":\"https:\/\/www.sunset-sunside.com\/app\/uploads\/2025\/10\/CX3B4729.jpg\",\"width\":3351,\"height\":5026,\"caption\":\"\u00a9 Karen Assayag\"},{\"@type\":\"BreadcrumbList\",\"@id\":\"https:\/\/www.sunset-sunside.com\/concert\/thomas-naim-trio\/#breadcrumb\",\"itemListElement\":[{\"@type\":\"ListItem\",\"position\":1,\"name\":\"Accueil\",\"item\":\"https:\/\/www.sunset-sunside.com\/\"},{\"@type\":\"ListItem\",\"position\":2,\"name\":\"\u00c9v\u00e8nements\",\"item\":\"https:\/\/www.sunset-sunside.com\/concerts\/\"},{\"@type\":\"ListItem\",\"position\":3,\"name\":\"Thomas Na\u00efm Trio\"}]},{\"@type\":\"WebSite\",\"@id\":\"https:\/\/www.sunset-sunside.com\/#website\",\"url\":\"https:\/\/www.sunset-sunside.com\/\",\"name\":\"Sunset Sunside\",\"description\":\"\",\"potentialAction\":[{\"@type\":\"SearchAction\",\"target\":{\"@type\":\"EntryPoint\",\"urlTemplate\":\"https:\/\/www.sunset-sunside.com\/?s={search_term_string}\"},\"query-input\":{\"@type\":\"PropertyValueSpecification\",\"valueRequired\":true,\"valueName\":\"search_term_string\"}}],\"inLanguage\":\"fr-FR\"}]}<\/script>\n<!-- \/ Yoast SEO plugin. -->","yoast_head_json":{"title":"Thomas Na\u00efm Trio - Sunset Sunside","robots":{"index":"index","follow":"follow","max-snippet":"max-snippet:-1","max-image-preview":"max-image-preview:large","max-video-preview":"max-video-preview:-1"},"canonical":"https:\/\/www.sunset-sunside.com\/concert\/thomas-naim-trio\/","og_locale":"fr_FR","og_type":"article","og_title":"Thomas Na\u00efm Trio - Sunset Sunside","og_description":"Accompagn\u00e9 de ses fid\u00e8les complices Marcello Giuliani \u00e0 la basse et Rapha\u00ebl Chassin \u00e0 la batterie, Thomas Na\u00efm, guitariste reconnu pour son jeu expressif et \u00e9clectique,\u00a0 proposera un voyage musical [&hellip;]","og_url":"https:\/\/www.sunset-sunside.com\/concert\/thomas-naim-trio\/","og_site_name":"Sunset Sunside","article_publisher":"https:\/\/www.facebook.com\/SunsetSunsideJazzClub\/","article_modified_time":"2025-11-07T15:16:40+00:00","og_image":[{"width":683,"height":1024,"url":"https:\/\/www.sunset-sunside.com\/app\/uploads\/2025\/10\/CX3B4729-683x1024.jpg","type":"image\/jpeg"}],"twitter_card":"summary_large_image","twitter_site":"@SunsetSunside","twitter_misc":{"Dur\u00e9e de lecture estim\u00e9e":"1 minute"},"schema":{"@context":"https:\/\/schema.org","@graph":[{"@type":"WebPage","@id":"https:\/\/www.sunset-sunside.com\/concert\/thomas-naim-trio\/","url":"https:\/\/www.sunset-sunside.com\/concert\/thomas-naim-trio\/","name":"Thomas Na\u00efm Trio - Sunset Sunside","isPartOf":{"@id":"https:\/\/www.sunset-sunside.com\/#website"},"primaryImageOfPage":{"@id":"https:\/\/www.sunset-sunside.com\/concert\/thomas-naim-trio\/#primaryimage"},"image":{"@id":"https:\/\/www.sunset-sunside.com\/concert\/thomas-naim-trio\/#primaryimage"},"thumbnailUrl":"https:\/\/www.sunset-sunside.com\/app\/uploads\/2025\/10\/CX3B4729.jpg","datePublished":"2025-10-01T15:09:50+00:00","dateModified":"2025-11-07T15:16:40+00:00","breadcrumb":{"@id":"https:\/\/www.sunset-sunside.com\/concert\/thomas-naim-trio\/#breadcrumb"},"inLanguage":"fr-FR","potentialAction":[{"@type":"ReadAction","target":["https:\/\/www.sunset-sunside.com\/concert\/thomas-naim-trio\/"]}]},{"@type":"ImageObject","inLanguage":"fr-FR","@id":"https:\/\/www.sunset-sunside.com\/concert\/thomas-naim-trio\/#primaryimage","url":"https:\/\/www.sunset-sunside.com\/app\/uploads\/2025\/10\/CX3B4729.jpg","contentUrl":"https:\/\/www.sunset-sunside.com\/app\/uploads\/2025\/10\/CX3B4729.jpg","width":3351,"height":5026,"caption":"\u00a9 Karen Assayag"},{"@type":"BreadcrumbList","@id":"https:\/\/www.sunset-sunside.com\/concert\/thomas-naim-trio\/#breadcrumb","itemListElement":[{"@type":"ListItem","position":1,"name":"Accueil","item":"https:\/\/www.sunset-sunside.com\/"},{"@type":"ListItem","position":2,"name":"\u00c9v\u00e8nements","item":"https:\/\/www.sunset-sunside.com\/concerts\/"},{"@type":"ListItem","position":3,"name":"Thomas Na\u00efm Trio"}]},{"@type":"WebSite","@id":"https:\/\/www.sunset-sunside.com\/#website","url":"https:\/\/www.sunset-sunside.com\/","name":"Sunset Sunside","description":"","potentialAction":[{"@type":"SearchAction","target":{"@type":"EntryPoint","urlTemplate":"https:\/\/www.sunset-sunside.com\/?s={search_term_string}"},"query-input":{"@type":"PropertyValueSpecification","valueRequired":true,"valueName":"search_term_string"}}],"inLanguage":"fr-FR"}]}},"publishpress_future_action":{"enabled":false,"date":"2026-04-12 17:29:37","action":"change-status","newStatus":"draft","terms":[],"taxonomy":"post_tag","extraData":[]},"publishpress_future_workflow_manual_trigger":{"enabledWorkflows":[]},"ticketed":["woo"],"_links":{"self":[{"href":"https:\/\/www.sunset-sunside.com\/wp-json\/wp\/v2\/tribe_events\/99293","targetHints":{"allow":["GET"]}}],"collection":[{"href":"https:\/\/www.sunset-sunside.com\/wp-json\/wp\/v2\/tribe_events"}],"about":[{"href":"https:\/\/www.sunset-sunside.com\/wp-json\/wp\/v2\/types\/tribe_events"}],"author":[{"embeddable":true,"href":"https:\/\/www.sunset-sunside.com\/wp-json\/wp\/v2\/users\/2"}],"version-history":[{"count":4,"href":"https:\/\/www.sunset-sunside.com\/wp-json\/wp\/v2\/tribe_events\/99293\/revisions"}],"predecessor-version":[{"id":108931,"href":"https:\/\/www.sunset-sunside.com\/wp-json\/wp\/v2\/tribe_events\/99293\/revisions\/108931"}],"wp:featuredmedia":[{"embeddable":true,"href":"https:\/\/www.sunset-sunside.com\/wp-json\/wp\/v2\/media\/99297"}],"wp:attachment":[{"href":"https:\/\/www.sunset-sunside.com\/wp-json\/wp\/v2\/media?parent=99293"}],"wp:term":[{"taxonomy":"post_tag","embeddable":true,"href":"https:\/\/www.sunset-sunside.com\/wp-json\/wp\/v2\/tags?post=99293"},{"taxonomy":"genre","embeddable":true,"href":"https:\/\/www.sunset-sunside.com\/wp-json\/wp\/v2\/genre?post=99293"},{"taxonomy":"tribe_events_cat","embeddable":true,"href":"https:\/\/www.sunset-sunside.com\/wp-json\/wp\/v2\/tribe_events_cat?post=99293"}],"curies":[{"name":"wp","href":"https:\/\/api.w.org\/{rel}","templated":true}]}}

Thomas Naïm Trio

<p>Accompagné de ses fidèles complices Marcello Giuliani à la basse et Raphaël Chassin à la batterie, Thomas Naïm, guitariste reconnu pour son jeu expressif et éclectique, <br />
proposera un voyage musical entre compositions originales — tirées de ses albums Desert Highway et On The Far Side — et réinterprétations de classiques de Jimi Hendrix. <br />
Ce dernier occupe une place centrale dans son univers, avec deux albums qui lui sont dédiés : Sounds of Jimi (2020) en formation électrique, et May This Be Love (2025) en solo acoustique.<br />
 </p>

<p>Accompagné de ses fidèles complices Marcello Giuliani à la basse et Raphaël Chassin à la batterie, Thomas Naïm, guitariste reconnu pour son jeu expressif et éclectique,  proposera un voyage musical [&hellip;]</p>

<!-- This site is optimized with the Yoast SEO plugin v25.7 - https://yoast.com/wordpress/plugins/seo/ -->
<title>Thomas Naïm Trio - Sunset Sunside</title>
<meta name="robots" content="index, follow, max-snippet:-1, max-image-preview:large, max-video-preview:-1" />
<link rel="canonical" href="https://www.sunset-sunside.com/concert/thomas-naim-trio/" />
<meta property="og:locale" content="fr_FR" />
<meta property="og:type" content="article" />
<meta property="og:title" content="Thomas Naïm Trio - Sunset Sunside" />
<meta property="og:description" content="Accompagné de ses fidèles complices Marcello Giuliani à la basse et Raphaël Chassin à la batterie, Thomas Naïm, guitariste reconnu pour son jeu expressif et éclectique,  proposera un voyage musical [&hellip;]" />
<meta property="og:url" content="https://www.sunset-sunside.com/concert/thomas-naim-trio/" />
<meta property="og:site_name" content="Sunset Sunside" />
<meta property="article:publisher" content="https://www.facebook.com/SunsetSunsideJazzClub/" />
<meta property="article:modified_time" content="2025-11-07T15:16:40+00:00" />
<meta property="og:image" content="https://www.sunset-sunside.com/app/uploads/2025/10/CX3B4729-683x1024.jpg" />
	<meta property="og:image:width" content="683" />
	<meta property="og:image:height" content="1024" />
	<meta property="og:image:type" content="image/jpeg" />
<meta name="twitter:card" content="summary_large_image" />
<meta name="twitter:site" content="@SunsetSunside" />
<meta name="twitter:label1" content="Durée de lecture estimée" />
	<meta name="twitter:data1" content="1 minute" />
<script type="application/ld+json" class="yoast-schema-graph">{"@context":"https://schema.org","@graph":[{"@type":"WebPage","@id":"https://www.sunset-sunside.com/concert/thomas-naim-trio/","url":"https://www.sunset-sunside.com/concert/thomas-naim-trio/","name":"Thomas Naïm Trio - Sunset Sunside","isPartOf":{"@id":"https://www.sunset-sunside.com/#website"},"primaryImageOfPage":{"@id":"https://www.sunset-sunside.com/concert/thomas-naim-trio/#primaryimage"},"image":{"@id":"https://www.sunset-sunside.com/concert/thomas-naim-trio/#primaryimage"},"thumbnailUrl":"https://www.sunset-sunside.com/app/uploads/2025/10/CX3B4729.jpg","datePublished":"2025-10-01T15:09:50+00:00","dateModified":"2025-11-07T15:16:40+00:00","breadcrumb":{"@id":"https://www.sunset-sunside.com/concert/thomas-naim-trio/#breadcrumb"},"inLanguage":"fr-FR","potentialAction":[{"@type":"ReadAction","target":["https://www.sunset-sunside.com/concert/thomas-naim-trio/"]}]},{"@type":"ImageObject","inLanguage":"fr-FR","@id":"https://www.sunset-sunside.com/concert/thomas-naim-trio/#primaryimage","url":"https://www.sunset-sunside.com/app/uploads/2025/10/CX3B4729.jpg","contentUrl":"https://www.sunset-sunside.com/app/uploads/2025/10/CX3B4729.jpg","width":3351,"height":5026,"caption":"© Karen Assayag"},{"@type":"BreadcrumbList","@id":"https://www.sunset-sunside.com/concert/thomas-naim-trio/#breadcrumb","itemListElement":[{"@type":"ListItem","position":1,"name":"Accueil","item":"https://www.sunset-sunside.com/"},{"@type":"ListItem","position":2,"name":"Évènements","item":"https://www.sunset-sunside.com/concerts/"},{"@type":"ListItem","position":3,"name":"Thomas Naïm Trio"}]},{"@type":"WebSite","@id":"https://www.sunset-sunside.com/#website","url":"https://www.sunset-sunside.com/","name":"Sunset Sunside","description":"","potentialAction":[{"@type":"SearchAction","target":{"@type":"EntryPoint","urlTemplate":"https://www.sunset-sunside.com/?s={search_term_string}"},"query-input":{"@type":"PropertyValueSpecification","valueRequired":true,"valueName":"search_term_string"}}],"inLanguage":"fr-FR"}]}</script>
<!-- / Yoast SEO plugin. -->

Thomas Naïm Trio - Sunset Sunside

Accompagné de ses fidèles complices Marcello Giuliani à la basse et Raphaël Chassin à la batterie, Thomas Naïm, guitariste reconnu pour son jeu expressif et éclectique,  proposera un voyage musical [&hellip;]

Évènements
